{"id":14865,"date":"2015-01-16T11:19:51","date_gmt":"2015-01-16T11:19:51","guid":{"rendered":"http:\/\/dev3.musique-cordiale.com\/festival-international-musique-cordiale\/"},"modified":"2026-04-05T08:41:11","modified_gmt":"2026-04-05T08:41:11","slug":"festival-international-musique-cordiale","status":"publish","type":"page","link":"https:\/\/www.musique-cordiale.com\/fr\/festival-international-musique-cordiale\/","title":{"rendered":"Musique Cordiale Festival International et Acad\u00e9mie"},"content":{"rendered":"","protected":false},"excerpt":{"rendered":"","protected":false},"author":4,"featured_media":37832,"parent":0,"menu_order":0,"comment_status":"closed","ping_status":"open","template":"page-templates\/page-full-width-image.php","meta":{"_acf_changed":false,"_monsterinsights_skip_tracking":false,"_monsterinsights_sitenote_active":false,"_monsterinsights_sitenote_note":"","_monsterinsights_sitenote_category":0,"_uf_show_specific_survey":0,"_uf_disable_surveys":false,"advanced_seo_description":"","jetpack_seo_html_title":"","jetpack_seo_noindex":false,"footnotes":""},"class_list":["post-14865","page","type-page","status-publish","has-post-thumbnail","hentry"],"acf":[],"jetpack_sharing_enabled":true,"jetpack-related-posts":[{"id":14859,"url":"https:\/\/www.musique-cordiale.com\/fr\/a-propos\/musique-cordiale-trust\/","url_meta":{"origin":14865,"position":0},"title":"The Musique Cordiale Trust","author":"Jonathan Barker","date":"22\/10\/2014","format":false,"excerpt":"The Musique-Cordiale Trust Le Trust a \u00e9t\u00e9 lanc\u00e9 en Angleterre en 2016. Il est enregistr\u00e9 comme organisme de bienfaisance anglais (num\u00e9ro d'enregistrement 1167732). Il est totalement ind\u00e9pendant de l\u2019association qui g\u00e8re le festival et a ses propres administrateurs, bien qu\u2019il partage de nombreux objectifs communs et qu\u2019il fournisse un soutien\u2026","rel":"","context":"Article similaire","block_context":{"text":"Article similaire","link":""},"img":{"alt_text":"gift-aid-logo","src":"https:\/\/i0.wp.com\/www.musique-cordiale.com\/wp-content\/uploads\/2016\/11\/Gift-Aid-Logo.jpg?resize=350%2C200&ssl=1","width":350,"height":200},"classes":[]},{"id":4308,"url":"https:\/\/www.musique-cordiale.com\/about\/musique-cordiale-trust\/","url_meta":{"origin":14865,"position":1},"title":"The Musique Cordiale Trust (UK charity)","author":"Jonathan Barker","date":"22\/10\/2014","format":false,"excerpt":"The Musique-Cordiale Trust was launched in England in 2016. It is registered as an English charity (registered charity number 1167732). It is independent from the association which runs the festival and has its own separate trustees although it shares many common goals and is expected to provide support to the\u2026","rel":"","context":"Article similaire","block_context":{"text":"Article similaire","link":""},"img":{"alt_text":"","src":"https:\/\/i0.wp.com\/www.musique-cordiale.com\/wp-content\/uploads\/2018\/09\/CQ4A4120-254x300.jpg?resize=350%2C200&ssl=1","width":350,"height":200},"classes":[]},{"id":37943,"url":"https:\/\/www.musique-cordiale.com\/fr\/payer-musique-cordiale\/","url_meta":{"origin":14865,"position":2},"title":"PAYER nous","author":"Jonathan Barker","date":"26\/01\/2023","format":false,"excerpt":"COMMENT PAYER MUSIQUE-CORDIALE Veuillez payer de l'une des mani\u00e8res suivantes. (Nous pr\u00e9f\u00e9rons les paiements bancaires en ligne\/ virements directement sur notre compte si possible).Si vous r\u00e9servez des billets sur notre site, les prix sont indiqu\u00e9s en \u20ac Euros ou \u00e9quivalent \u00a3 GBP livres, selon l'endroit o\u00f9 vous vous trouvez. Musique-Cordiale\u2026","rel":"","context":"Article similaire","block_context":{"text":"Article similaire","link":""},"img":{"alt_text":"","src":"https:\/\/i0.wp.com\/www.musique-cordiale.com\/wp-content\/uploads\/2023\/03\/cropped-MCLogoR-square-300x300-5.jpg?fit=300%2C300&ssl=1&resize=350%2C200","width":350,"height":200},"classes":[]},{"id":671,"url":"https:\/\/www.musique-cordiale.com\/home\/","url_meta":{"origin":14865,"position":3},"title":"MUSIQUE CORDIALE International Festival &#038; Academy","author":"Webmaster","date":"16\/01\/2015","format":false,"excerpt":"We hope to be back in Seillans & the Pays de Fayence, France in 2026 The Box Office is closed until Easter 12-day annual festival of opera and classical, choral, orchestral & chamber music and a little jazz.Lunch-time & evening concerts in summer and, occasionally, at other times of year\u2026","rel":"","context":"Article similaire","block_context":{"text":"Article similaire","link":""},"img":{"alt_text":"","src":"https:\/\/i0.wp.com\/www.musique-cordiale.com\/wp-content\/uploads\/2023\/01\/49516009783_28e26a00da_o-1-scaled.jpg?fit=1200%2C900&ssl=1&resize=350%2C200","width":350,"height":200,"srcset":"https:\/\/i0.wp.com\/www.musique-cordiale.com\/wp-content\/uploads\/2023\/01\/49516009783_28e26a00da_o-1-scaled.jpg?fit=1200%2C900&ssl=1&resize=350%2C200 1x, https:\/\/i0.wp.com\/www.musique-cordiale.com\/wp-content\/uploads\/2023\/01\/49516009783_28e26a00da_o-1-scaled.jpg?fit=1200%2C900&ssl=1&resize=525%2C300 1.5x, https:\/\/i0.wp.com\/www.musique-cordiale.com\/wp-content\/uploads\/2023\/01\/49516009783_28e26a00da_o-1-scaled.jpg?fit=1200%2C900&ssl=1&resize=700%2C400 2x, https:\/\/i0.wp.com\/www.musique-cordiale.com\/wp-content\/uploads\/2023\/01\/49516009783_28e26a00da_o-1-scaled.jpg?fit=1200%2C900&ssl=1&resize=1050%2C600 3x"},"classes":[]},{"id":36220,"url":"https:\/\/www.musique-cordiale.com\/fr\/programme-box-office-summer-2022\/","url_meta":{"origin":14865,"position":4},"title":"Programmes 2023 &#8211; 2025","author":"Jonathan Barker","date":"13\/05\/2022","format":false,"excerpt":"The Programme for the 2025 International Festival (29 July - 10 August 2025)will be published in the Springand the BOX OFFICE OPENS at EASTER (21 APRIL 2025) For more information about Musique Cordiale, see our Home pagePour plus d'informations sur Musique Cordiale, consultez notre page d'accueil ICI en fran\u00e7ais *********************************\u2026","rel":"","context":"Article similaire","block_context":{"text":"Article similaire","link":""},"img":{"alt_text":"","src":"https:\/\/i0.wp.com\/www.musique-cordiale.com\/wp-content\/uploads\/2022\/06\/MC-concert-2022-06-04.jpeg?fit=1200%2C554&ssl=1&resize=350%2C200","width":350,"height":200,"srcset":"https:\/\/i0.wp.com\/www.musique-cordiale.com\/wp-content\/uploads\/2022\/06\/MC-concert-2022-06-04.jpeg?fit=1200%2C554&ssl=1&resize=350%2C200 1x, https:\/\/i0.wp.com\/www.musique-cordiale.com\/wp-content\/uploads\/2022\/06\/MC-concert-2022-06-04.jpeg?fit=1200%2C554&ssl=1&resize=525%2C300 1.5x, https:\/\/i0.wp.com\/www.musique-cordiale.com\/wp-content\/uploads\/2022\/06\/MC-concert-2022-06-04.jpeg?fit=1200%2C554&ssl=1&resize=700%2C400 2x, https:\/\/i0.wp.com\/www.musique-cordiale.com\/wp-content\/uploads\/2022\/06\/MC-concert-2022-06-04.jpeg?fit=1200%2C554&ssl=1&resize=1050%2C600 3x"},"classes":[]},{"id":2967,"url":"https:\/\/www.musique-cordiale.com\/support-us\/agm-annual-report-accounts\/","url_meta":{"origin":14865,"position":5},"title":"AGM, Annual Reports &#038; Accounts &#038; Management","author":"Jonathan Barker","date":"08\/09\/2013","format":false,"excerpt":"THE FESTIVAL & THE ASSOCIATION Each year, the association Musique Cordiale organises (or delegates the organisation of) the International Festival featuring choral and orchestral music, some chamber music and jazz together with an academy for talented young string players. The (COVID-19-CANCELLED) 2020 festival WAS TO BE its 16th annual edition.\u2026","rel":"","context":"Article similaire","block_context":{"text":"Article similaire","link":""},"img":{"alt_text":"","src":"","width":0,"height":0},"classes":[]}],"jetpack_shortlink":"https:\/\/wp.me\/PaEPkm-3RL","_links":{"self":[{"href":"https:\/\/www.musique-cordiale.com\/fr\/wp-json\/wp\/v2\/pages\/14865","targetHints":{"allow":["GET"]}}],"collection":[{"href":"https:\/\/www.musique-cordiale.com\/fr\/wp-json\/wp\/v2\/pages"}],"about":[{"href":"https:\/\/www.musique-cordiale.com\/fr\/wp-json\/wp\/v2\/types\/page"}],"author":[{"embeddable":true,"href":"https:\/\/www.musique-cordiale.com\/fr\/wp-json\/wp\/v2\/users\/4"}],"replies":[{"embeddable":true,"href":"https:\/\/www.musique-cordiale.com\/fr\/wp-json\/wp\/v2\/comments?post=14865"}],"version-history":[{"count":27,"href":"https:\/\/www.musique-cordiale.com\/fr\/wp-json\/wp\/v2\/pages\/14865\/revisions"}],"predecessor-version":[{"id":51243,"href":"https:\/\/www.musique-cordiale.com\/fr\/wp-json\/wp\/v2\/pages\/14865\/revisions\/51243"}],"wp:featuredmedia":[{"embeddable":true,"href":"https:\/\/www.musique-cordiale.com\/fr\/wp-json\/wp\/v2\/media\/37832"}],"wp:attachment":[{"href":"https:\/\/www.musique-cordiale.com\/fr\/wp-json\/wp\/v2\/media?parent=14865"}],"curies":[{"name":"wp","href":"https:\/\/api.w.org\/{rel}","templated":true}]}}

Musique Cordiale Festival International et Académie

The Musique-Cordiale Trust Le Trust a été lancé en Angleterre en 2016. Il est enregistré comme organisme de bienfaisance anglais (numéro d'enregistrement 1167732). Il est totalement indépendant de l’association qui gère le festival et a ses propres administrateurs, bien qu’il partage de nombreux objectifs communs et qu’il fournisse un soutien…

COMMENT PAYER MUSIQUE-CORDIALE Veuillez payer de l'une des manières suivantes. (Nous préférons les paiements bancaires en ligne/ virements directement sur notre compte si possible).Si vous réservez des billets sur notre site, les prix sont indiqués en € Euros ou équivalent £ GBP livres, selon l'endroit où vous vous trouvez. Musique-Cordiale…

The Programme for the 2025 International Festival (29 July - 10 August 2025)will be published in the Springand the BOX OFFICE OPENS at EASTER (21 APRIL 2025) For more information about Musique Cordiale, see our Home pagePour plus d'informations sur Musique Cordiale, consultez notre page d'accueil ICI en français *********************************…
