{"id":16684,"date":"2015-04-07T07:44:36","date_gmt":"2015-04-07T07:44:36","guid":{"rendered":"https:\/\/www.musique-cordiale.com\/shopping-cart-panier\/"},"modified":"2023-06-09T18:12:07","modified_gmt":"2023-06-09T18:12:07","slug":"shopping-cart-panier","status":"publish","type":"page","link":"https:\/\/www.musique-cordiale.com\/fr\/shopping-cart-panier\/","title":{"rendered":"Panier"},"content":{"rendered":"<h6 style=\"text-align: left;\"><em>Le panier appara\u00eet \u00e9galement dans le menu ci-dessus. Veuillez compl\u00e9ter (ou modifier et mettre \u00e0 jour) votre achat ici\u00a0 (ou revenir en arri\u00e8re et ajouter des articles \u00e0 votre panier).<\/em><\/h6>\n<figure id=\"attachment_15610\" aria-describedby=\"caption-attachment-15610\" style=\"width: 112px\" class=\"wp-caption alignleft\"><img data-recalc-dims=\"1\" loading=\"lazy\" decoding=\"async\" data-attachment-id=\"15610\" data-permalink=\"https:\/\/www.musique-cordiale.com\/fr\/festival-international-musique-cordiale\/music-cart-small-dreamstime_s_13291153-2-2\/\" data-orig-file=\"https:\/\/i0.wp.com\/www.musique-cordiale.com\/wp-content\/uploads\/2015\/05\/music-cart-small-dreamstime_s_132911531.jpg?fit=800%2C800&amp;ssl=1\" data-orig-size=\"800,800\" data-comments-opened=\"0\" data-image-meta=\"{&quot;aperture&quot;:&quot;0&quot;,&quot;credit&quot;:&quot;&quot;,&quot;camera&quot;:&quot;&quot;,&quot;caption&quot;:&quot;&quot;,&quot;created_timestamp&quot;:&quot;0&quot;,&quot;copyright&quot;:&quot;&quot;,&quot;focal_length&quot;:&quot;0&quot;,&quot;iso&quot;:&quot;0&quot;,&quot;shutter_speed&quot;:&quot;0&quot;,&quot;title&quot;:&quot;&quot;,&quot;orientation&quot;:&quot;0&quot;}\" data-image-title=\"music cart small dreamstime_s_13291153\" data-image-description=\"\" data-image-caption=\"&lt;p&gt;shopping cart\/panier&lt;\/p&gt;\n\" data-large-file=\"https:\/\/i0.wp.com\/www.musique-cordiale.com\/wp-content\/uploads\/2015\/05\/music-cart-small-dreamstime_s_132911531.jpg?fit=350%2C350&amp;ssl=1\" class=\" wp-image-15610\" src=\"https:\/\/i0.wp.com\/www.musique-cordiale.com\/wp-content\/uploads\/2015\/05\/music-cart-small-dreamstime_s_132911531.jpg?resize=112%2C112&#038;ssl=1\" alt=\"\" width=\"112\" height=\"112\" srcset=\"https:\/\/i0.wp.com\/www.musique-cordiale.com\/wp-content\/uploads\/2015\/05\/music-cart-small-dreamstime_s_132911531.jpg?w=800&amp;ssl=1 800w, https:\/\/i0.wp.com\/www.musique-cordiale.com\/wp-content\/uploads\/2015\/05\/music-cart-small-dreamstime_s_132911531.jpg?resize=600%2C600&amp;ssl=1 600w, https:\/\/i0.wp.com\/www.musique-cordiale.com\/wp-content\/uploads\/2015\/05\/music-cart-small-dreamstime_s_132911531.jpg?resize=100%2C100&amp;ssl=1 100w, https:\/\/i0.wp.com\/www.musique-cordiale.com\/wp-content\/uploads\/2015\/05\/music-cart-small-dreamstime_s_132911531.jpg?resize=750%2C750&amp;ssl=1 750w\" sizes=\"auto, (max-width: 112px) 100vw, 112px\" \/><figcaption id=\"caption-attachment-15610\" class=\"wp-caption-text\">shopping cart\/panier<\/figcaption><\/figure>\n<h6>Cliquez ici pour revenir \u00e0 la page du <a href=\"https:\/\/www.musique-cordiale.com\/fr\/programme-billets\/\"><strong>Progra<\/strong><strong>mme<\/strong> et acheter plus de billets.<\/a><\/h6>\n<h6 style=\"text-align: center;\"><strong>Probl\u00e8mes ou questions?<\/strong><a href=\"https:\/\/www.musique-cordiale.com\/fr\/nous-contacter\/\"><strong> Contactez-nous<\/strong><br \/>\n<\/a><em>(Si vos billets ont \u00e9t\u00e9 en rupture de stock ou s&rsquo;il n&rsquo;y en a pas assez de ce que vous souhaitez acheter, veuillez nous contacter pour voir s&rsquo;il est possible d&rsquo;ajouter au stock).<\/em><\/h6>\n<p style=\"text-align: right;\">Si vous cliquez sur <strong>Proc\u00e9der \u00e0 la commande<\/strong>, vous pouvez choisir votre mode de paiement,<br \/>\ny compris accepter de payer plus tard par virement ou \u00e0 la porte (esp\u00e8ces ou carte).<br \/>\n<em>Le mode de paiement par d\u00e9faut sur la page de paiement est par carte<\/em><\/p>\n\n<p><strong>Probl\u00e8mes ou questions?<\/strong><a href=\"https:\/\/www.musique-cordiale.com\/fr\/nous-contacter\/\"><strong> Contactez-nous<\/strong><\/a><\/p>\n<h6 style=\"text-align: center;\"><strong>Confidentialit\u00e9: \u00a0<\/strong>Musique Cordiale respecte votre confidentialit\u00e9 et prot\u00e8ge vos informations personnelles. Nous ne conservons pas les donn\u00e9es relatives aux cartes bancaires de nos clients \u00e0 la suite de paiement. Nous ne vendons pas votre coordonn\u00e9es personnelles. Seulement Musique Cordiale peut acc\u00e9der ces informations afin de communiquer avec vous.<\/h6>\n","protected":false},"excerpt":{"rendered":"<p>Le panier appara\u00eet \u00e9galement dans le menu ci-dessus. Veuillez compl\u00e9ter (ou modifier et mettre \u00e0 jour) votre achat ici\u00a0 (ou revenir en arri\u00e8re et ajouter des articles \u00e0 votre panier). Cliquez ici pour revenir \u00e0 la page du Programme et acheter plus de billets. Probl\u00e8mes ou questions? Contactez-nous (Si vos billets ont \u00e9t\u00e9 en rupture [&hellip;]<\/p>\n","protected":false},"author":3,"featured_media":15608,"parent":0,"menu_order":0,"comment_status":"closed","ping_status":"closed","template":"","meta":{"_acf_changed":false,"_monsterinsights_skip_tracking":false,"_monsterinsights_sitenote_active":false,"_monsterinsights_sitenote_note":"","_monsterinsights_sitenote_category":0,"_uf_show_specific_survey":0,"_uf_disable_surveys":false,"advanced_seo_description":"","jetpack_seo_html_title":"","jetpack_seo_noindex":false,"footnotes":""},"class_list":["post-16684","page","type-page","status-publish","has-post-thumbnail","hentry"],"acf":[],"jetpack_sharing_enabled":true,"jetpack-related-posts":[{"id":37830,"url":"https:\/\/www.musique-cordiale.com\/fr\/programme-billets\/","url_meta":{"origin":16684,"position":0},"title":"BOX OFFICE: Programme et Billetterie en ligne","author":"Jonathan Barker","date":"24\/01\/2023","format":false,"excerpt":"Le programme pour le festival d'\u00e9t\u00e9 2026 et les nouvelles modalit\u00e9s de billetterieseront annonc\u00e9s apr\u00e8s P\u00e2ques. 22me FESTIVAL de MUSIQUE dans le beau Pays de Fayence, France: Concerts \u00e0 l'heure du d\u00e9jeuner et en soir\u00e9e du 29 juillet au 8 ao\u00fbt 2026 - et cliquez ici pour voir les d\u00e9tails\u2026","rel":"","context":"Article similaire","block_context":{"text":"Article similaire","link":""},"img":{"alt_text":"","src":"https:\/\/i0.wp.com\/www.musique-cordiale.com\/wp-content\/uploads\/2023\/01\/49516009783_28e26a00da_o-scaled.jpg?fit=1200%2C900&ssl=1&resize=350%2C200","width":350,"height":200,"srcset":"https:\/\/i0.wp.com\/www.musique-cordiale.com\/wp-content\/uploads\/2023\/01\/49516009783_28e26a00da_o-scaled.jpg?fit=1200%2C900&ssl=1&resize=350%2C200 1x, https:\/\/i0.wp.com\/www.musique-cordiale.com\/wp-content\/uploads\/2023\/01\/49516009783_28e26a00da_o-scaled.jpg?fit=1200%2C900&ssl=1&resize=525%2C300 1.5x, https:\/\/i0.wp.com\/www.musique-cordiale.com\/wp-content\/uploads\/2023\/01\/49516009783_28e26a00da_o-scaled.jpg?fit=1200%2C900&ssl=1&resize=700%2C400 2x, https:\/\/i0.wp.com\/www.musique-cordiale.com\/wp-content\/uploads\/2023\/01\/49516009783_28e26a00da_o-scaled.jpg?fit=1200%2C900&ssl=1&resize=1050%2C600 3x"},"classes":[]},{"id":37648,"url":"https:\/\/www.musique-cordiale.com\/fr\/formulaire-dinscription-pour-le-choeur-musique-cordiale-dete-2023\/","url_meta":{"origin":16684,"position":1},"title":"Formulaire d&rsquo;inscription pour le CHOEUR Musique-Cordiale d&rsquo;\u00e9t\u00e9 2023","author":"Jonathan Barker","date":"02\/01\/2023","format":false,"excerpt":"Inscrivez-vous d\u00e8s maintenant pour le Ch\u0153ur du Festival 2023 Inscriptions \u00e0 partir du 1er janvier (ouvert jusqu\u2019\u00e0 d\u00e9but mars ou jusqu\u2019\u00e0 \u00e9puisement des places pour toutes les voix). Le meilleur h\u00e9bergement passe en premier, alors r\u00e9servez t\u00f4t ! FERMETURE BIENT\u00d4T ! Formulaire d'inscription pour le Ch\u0153ur d'\u00e9t\u00e9 2023 - VERSION\u2026","rel":"","context":"Article similaire","block_context":{"text":"Article similaire","link":""},"img":{"alt_text":"","src":"","width":0,"height":0},"classes":[]},{"id":14820,"url":"https:\/\/www.musique-cordiale.com\/fr\/informations-billets\/","url_meta":{"origin":16684,"position":2},"title":"Comment r\u00e9server","author":"Webmaster","date":"23\/03\/2011","format":false,"excerpt":"2025 BOX OFFICE \u2013 BILLETTERIE ICI en fran\u00e7ais Vous avez besoin de billets pour les concerts du soir Comment R\u00e9server? Vous pouvez r\u00e9server en ligne sur notre page BOX OFFICE (BILLETTERIE) - en francais ou en anglais. Il est plus facile et plus rapide de r\u00e9server en ligne si vous\u2026","rel":"","context":"Article similaire","block_context":{"text":"Article similaire","link":""},"img":{"alt_text":"","src":"https:\/\/i0.wp.com\/www.musique-cordiale.com\/wp-content\/uploads\/2013\/01\/Membership-friends-and-donors-2.jpg?fit=873%2C873&ssl=1&resize=350%2C200","width":350,"height":200,"srcset":"https:\/\/i0.wp.com\/www.musique-cordiale.com\/wp-content\/uploads\/2013\/01\/Membership-friends-and-donors-2.jpg?fit=873%2C873&ssl=1&resize=350%2C200 1x, https:\/\/i0.wp.com\/www.musique-cordiale.com\/wp-content\/uploads\/2013\/01\/Membership-friends-and-donors-2.jpg?fit=873%2C873&ssl=1&resize=525%2C300 1.5x, https:\/\/i0.wp.com\/www.musique-cordiale.com\/wp-content\/uploads\/2013\/01\/Membership-friends-and-donors-2.jpg?fit=873%2C873&ssl=1&resize=700%2C400 2x"},"classes":[]},{"id":14875,"url":"https:\/\/www.musique-cordiale.com\/fr\/paiement-confirmation-de-reservation\/","url_meta":{"origin":16684,"position":3},"title":"Paiement &#8211; Confirmation de r\u00e9servation","author":"David Christie","date":"14\/03\/2015","format":false,"excerpt":"TICKETS\/BILLETS Musique Cordiale 2015 Vous recevrez une confirmation de votre commande par e-mail - merci de v\u00e9rifier dans le dossier \u00ab\u00a0courrier ind\u00e9sirable\u00a0\u00bb (ou spam) de votre bo\u00eete e-mail. Probl\u00e8mes ou questions? Veuillez contacter le tr\u00e9sorier, Musique Cordiale Information on Concerts, Venues & Booking (ENG)\u00a0 \u00a0- \u00a0 Information \u00a0Concerts, Lieux et\u2026","rel":"","context":"Article similaire","block_context":{"text":"Article similaire","link":""},"img":{"alt_text":"euro symbo;","src":"https:\/\/i0.wp.com\/www.musique-cordiale.com\/wp-content\/uploads\/2015\/04\/euro-300x286.jpg?resize=350%2C200","width":350,"height":200},"classes":[]},{"id":32567,"url":"https:\/\/www.musique-cordiale.com\/fr\/programme-festival-2020-ici-bientot\/","url_meta":{"origin":16684,"position":4},"title":"PROGRAMME du Festival 2025","author":"Jonathan Barker","date":"10\/02\/2020","format":false,"excerpt":"Festival International:\u00a0\u00a0Concerts et \u00e9v\u00e9nements 29 juillet - 9 aout 2025, Pays de Fayence, France Veuillez revenir ici pour plus d'informations! OU? Seillans et Pays de Fayence, Provence: performances musicales magiques dans de belles villes perch\u00e9es parmi les collines entre Grasse et Draguignan derri\u00e8re la M\u00e9diterran\u00e9e dans le sud-est de la\u2026","rel":"","context":"Article similaire","block_context":{"text":"Article similaire","link":""},"img":{"alt_text":"","src":"https:\/\/i0.wp.com\/www.musique-cordiale.com\/wp-content\/uploads\/2020\/02\/49516009783_28e26a00da_o-scaled.jpg?fit=1200%2C900&ssl=1&resize=350%2C200","width":350,"height":200,"srcset":"https:\/\/i0.wp.com\/www.musique-cordiale.com\/wp-content\/uploads\/2020\/02\/49516009783_28e26a00da_o-scaled.jpg?fit=1200%2C900&ssl=1&resize=350%2C200 1x, https:\/\/i0.wp.com\/www.musique-cordiale.com\/wp-content\/uploads\/2020\/02\/49516009783_28e26a00da_o-scaled.jpg?fit=1200%2C900&ssl=1&resize=525%2C300 1.5x, https:\/\/i0.wp.com\/www.musique-cordiale.com\/wp-content\/uploads\/2020\/02\/49516009783_28e26a00da_o-scaled.jpg?fit=1200%2C900&ssl=1&resize=700%2C400 2x, https:\/\/i0.wp.com\/www.musique-cordiale.com\/wp-content\/uploads\/2020\/02\/49516009783_28e26a00da_o-scaled.jpg?fit=1200%2C900&ssl=1&resize=1050%2C600 3x"},"classes":[]},{"id":45397,"url":"https:\/\/www.musique-cordiale.com\/fr\/mises-a-jour-pour-le-choeur-dete-2024\/","url_meta":{"origin":16684,"position":5},"title":"MISES \u00c0 JOUR pour le choeur d&rsquo;\u00e9t\u00e9","author":"Jonathan Barker","date":"28\/04\/2024","format":false,"excerpt":"INFORMATIONS pour le choeur avant, pendant et APR\u00c8S le festivalPLUS \u00e0 venir bient\u00f4t\u2026.. (et veuillez v\u00e9rifier ici souvent pour les mises \u00e0 jour) ** NOUVEAUX ARTICLES CI-DESSOUS concernant le code vestimentaire, horaires, votre h\u00e9bergement et vos repas y compris l'EAU, LES D\u00ceNERS, LES HORAIRES ET LE VIN. C'est ici que\u2026","rel":"","context":"Article similaire","block_context":{"text":"Article similaire","link":""},"img":{"alt_text":"","src":"","width":0,"height":0},"classes":[]}],"jetpack_shortlink":"https:\/\/wp.me\/PaEPkm-4l6","_links":{"self":[{"href":"https:\/\/www.musique-cordiale.com\/fr\/wp-json\/wp\/v2\/pages\/16684","targetHints":{"allow":["GET"]}}],"collection":[{"href":"https:\/\/www.musique-cordiale.com\/fr\/wp-json\/wp\/v2\/pages"}],"about":[{"href":"https:\/\/www.musique-cordiale.com\/fr\/wp-json\/wp\/v2\/types\/page"}],"author":[{"embeddable":true,"href":"https:\/\/www.musique-cordiale.com\/fr\/wp-json\/wp\/v2\/users\/3"}],"replies":[{"embeddable":true,"href":"https:\/\/www.musique-cordiale.com\/fr\/wp-json\/wp\/v2\/comments?post=16684"}],"version-history":[{"count":1,"href":"https:\/\/www.musique-cordiale.com\/fr\/wp-json\/wp\/v2\/pages\/16684\/revisions"}],"predecessor-version":[{"id":40713,"href":"https:\/\/www.musique-cordiale.com\/fr\/wp-json\/wp\/v2\/pages\/16684\/revisions\/40713"}],"wp:featuredmedia":[{"embeddable":true,"href":"https:\/\/www.musique-cordiale.com\/fr\/wp-json\/wp\/v2\/media\/15608"}],"wp:attachment":[{"href":"https:\/\/www.musique-cordiale.com\/fr\/wp-json\/wp\/v2\/media?parent=16684"}],"curies":[{"name":"wp","href":"https:\/\/api.w.org\/{rel}","templated":true}]}}

<h6 style="text-align: left;"><em>Le panier apparaît également dans le menu ci-dessus. Veuillez compléter (ou modifier et mettre à jour) votre achat ici  (ou revenir en arrière et ajouter des articles à votre panier).</em></h6>
<figure id="attachment_15610" aria-describedby="caption-attachment-15610" style="width: 112px" class="wp-caption alignleft"><img data-recalc-dims="1" loading="lazy" decoding="async" data-attachment-id="15610" data-permalink="https://www.musique-cordiale.com/fr/festival-international-musique-cordiale/music-cart-small-dreamstime_s_13291153-2-2/" data-orig-file="https://i0.wp.com/www.musique-cordiale.com/wp-content/uploads/2015/05/music-cart-small-dreamstime_s_132911531.jpg?fit=800%2C800&amp;ssl=1" data-orig-size="800,800" data-comments-opened="0" data-image-meta="{&quot;aperture&quot;:&quot;0&quot;,&quot;credit&quot;:&quot;&quot;,&quot;camera&quot;:&quot;&quot;,&quot;caption&quot;:&quot;&quot;,&quot;created_timestamp&quot;:&quot;0&quot;,&quot;copyright&quot;:&quot;&quot;,&quot;focal_length&quot;:&quot;0&quot;,&quot;iso&quot;:&quot;0&quot;,&quot;shutter_speed&quot;:&quot;0&quot;,&quot;title&quot;:&quot;&quot;,&quot;orientation&quot;:&quot;0&quot;}" data-image-title="music cart small dreamstime_s_13291153" data-image-description="" data-image-caption="&lt;p&gt;shopping cart/panier&lt;/p&gt;
" data-large-file="https://i0.wp.com/www.musique-cordiale.com/wp-content/uploads/2015/05/music-cart-small-dreamstime_s_132911531.jpg?fit=350%2C350&amp;ssl=1" class=" wp-image-15610" src="https://i0.wp.com/www.musique-cordiale.com/wp-content/uploads/2015/05/music-cart-small-dreamstime_s_132911531.jpg?resize=112%2C112&#038;ssl=1" alt="" width="112" height="112" srcset="https://i0.wp.com/www.musique-cordiale.com/wp-content/uploads/2015/05/music-cart-small-dreamstime_s_132911531.jpg?w=800&amp;ssl=1 800w, https://i0.wp.com/www.musique-cordiale.com/wp-content/uploads/2015/05/music-cart-small-dreamstime_s_132911531.jpg?resize=600%2C600&amp;ssl=1 600w, https://i0.wp.com/www.musique-cordiale.com/wp-content/uploads/2015/05/music-cart-small-dreamstime_s_132911531.jpg?resize=100%2C100&amp;ssl=1 100w, https://i0.wp.com/www.musique-cordiale.com/wp-content/uploads/2015/05/music-cart-small-dreamstime_s_132911531.jpg?resize=750%2C750&amp;ssl=1 750w" sizes="auto, (max-width: 112px) 100vw, 112px" /><figcaption id="caption-attachment-15610" class="wp-caption-text">shopping cart/panier</figcaption></figure>
<h6>Cliquez ici pour revenir à la page du <a href="https://www.musique-cordiale.com/fr/programme-billets/"><strong>Progra</strong><strong>mme</strong> et acheter plus de billets.</a></h6>
<h6 style="text-align: center;"><strong>Problèmes ou questions?</strong><a href="https://www.musique-cordiale.com/fr/nous-contacter/"><strong> Contactez-nous</strong><br />
</a><em>(Si vos billets ont été en rupture de stock ou s&rsquo;il n&rsquo;y en a pas assez de ce que vous souhaitez acheter, veuillez nous contacter pour voir s&rsquo;il est possible d&rsquo;ajouter au stock).</em></h6>
<p style="text-align: right;">Si vous cliquez sur <strong>Procéder à la commande</strong>, vous pouvez choisir votre mode de paiement,<br />
y compris accepter de payer plus tard par virement ou à la porte (espèces ou carte).<br />
<em>Le mode de paiement par défaut sur la page de paiement est par carte</em></p>

<p><strong>Problèmes ou questions?</strong><a href="https://www.musique-cordiale.com/fr/nous-contacter/"><strong> Contactez-nous</strong></a></p>
<h6 style="text-align: center;"><strong>Confidentialité:  </strong>Musique Cordiale respecte votre confidentialité et protège vos informations personnelles. Nous ne conservons pas les données relatives aux cartes bancaires de nos clients à la suite de paiement. Nous ne vendons pas votre coordonnées personnelles. Seulement Musique Cordiale peut accéder ces informations afin de communiquer avec vous.</h6>

<p>Le panier apparaît également dans le menu ci-dessus. Veuillez compléter (ou modifier et mettre à jour) votre achat ici  (ou revenir en arrière et ajouter des articles à votre panier). Cliquez ici pour revenir à la page du Programme et acheter plus de billets. Problèmes ou questions? Contactez-nous (Si vos billets ont été en rupture [&hellip;]</p>

Le programme pour le festival d'été 2026 et les nouvelles modalités de billetterieseront annoncés après Pâques. 22me FESTIVAL de MUSIQUE dans le beau Pays de Fayence, France: Concerts à l'heure du déjeuner et en soirée du 29 juillet au 8 août 2026 - et cliquez ici pour voir les détails…

Formulaire d&rsquo;inscription pour le CHOEUR Musique-Cordiale d&rsquo;été 2023

Inscrivez-vous dès maintenant pour le Chœur du Festival 2023 Inscriptions à partir du 1er janvier (ouvert jusqu’à début mars ou jusqu’à épuisement des places pour toutes les voix). Le meilleur hébergement passe en premier, alors réservez tôt ! FERMETURE BIENTÔT ! Formulaire d'inscription pour le Chœur d'été 2023 - VERSION…

Comment réserver

2025 BOX OFFICE – BILLETTERIE ICI en français Vous avez besoin de billets pour les concerts du soir Comment Réserver? Vous pouvez réserver en ligne sur notre page BOX OFFICE (BILLETTERIE) - en francais ou en anglais. Il est plus facile et plus rapide de réserver en ligne si vous…

Paiement &#8211; Confirmation de réservation

TICKETS/BILLETS Musique Cordiale 2015 Vous recevrez une confirmation de votre commande par e-mail - merci de vérifier dans le dossier « courrier indésirable » (ou spam) de votre boîte e-mail. Problèmes ou questions? Veuillez contacter le trésorier, Musique Cordiale Information on Concerts, Venues & Booking (ENG)   -   Information  Concerts, Lieux et…

Festival International:  Concerts et événements 29 juillet - 9 aout 2025, Pays de Fayence, France Veuillez revenir ici pour plus d'informations! OU? Seillans et Pays de Fayence, Provence: performances musicales magiques dans de belles villes perchées parmi les collines entre Grasse et Draguignan derrière la Méditerranée dans le sud-est de la…

MISES À JOUR pour le choeur d&rsquo;été

INFORMATIONS pour le choeur avant, pendant et APRÈS le festivalPLUS à venir bientôt….. (et veuillez vérifier ici souvent pour les mises à jour) ** NOUVEAUX ARTICLES CI-DESSOUS concernant le code vestimentaire, horaires, votre hébergement et vos repas y compris l'EAU, LES DÎNERS, LES HORAIRES ET LE VIN. C'est ici que…
