{"id":45390,"date":"2024-04-28T11:37:25","date_gmt":"2024-04-28T11:37:25","guid":{"rendered":"https:\/\/www.musique-cordiale.com\/?page_id=45390"},"modified":"2024-04-28T11:44:37","modified_gmt":"2024-04-28T11:44:37","slug":"choir-updates-summer-2024","status":"publish","type":"page","link":"https:\/\/www.musique-cordiale.com\/fr\/choir-updates-summer-2024\/","title":{"rendered":"MISES \u00c0 JOUR du CHOEUR \u00c9t\u00e9 2024"},"content":{"rendered":"\n<p>\u2026. INFORMATION pour la chorale avant, pendant et apr\u00e8s le festival<br>PLUS \u00e0 venir\u2026.. (et veuillez v\u00e9rifier ici souvent pour les mises \u00e0 jour)<\/p>\n\n\n\n<p>** NOUVEAUX ARTICLES \u00e0 suivre CI-DESSOUS concernant l&rsquo;EAU, LES D\u00ceNERS, LES HORAIRES ET LE VIN + INFO concernant l&rsquo;INSCRIPTION \u00c0 LA CHORALE pour la chorale du Festival d&rsquo;\u00e9t\u00e9 2024 **<\/p>\n\n\n\n<h2 class=\"wp-block-heading has-vivid-red-color has-text-color has-link-color wp-elements-951c236c724149cd9f05ae8b8b71c05a\"><br>Informations 2024 \u00e0 venir<\/h2>\n\n\n\n<p><em>Derni\u00e8res informations au 28 avril 2024<\/em><\/p>\n\n\n\n<hr class=\"wp-block-separator has-alpha-channel-opacity\"\/>\n","protected":false},"excerpt":{"rendered":"<p>\u2026. INFORMATION pour la chorale avant, pendant et apr\u00e8s le festivalPLUS \u00e0 venir\u2026.. (et veuillez v\u00e9rifier ici souvent pour les mises \u00e0 jour) ** NOUVEAUX ARTICLES \u00e0 suivre CI-DESSOUS concernant l&rsquo;EAU, LES D\u00ceNERS, LES HORAIRES ET LE VIN + INFO concernant l&rsquo;INSCRIPTION \u00c0 LA CHORALE pour la chorale du Festival d&rsquo;\u00e9t\u00e9 2024 ** Informations 2024 [&hellip;]<\/p>\n","protected":false},"author":3,"featured_media":0,"parent":0,"menu_order":0,"comment_status":"closed","ping_status":"closed","template":"","meta":{"_acf_changed":false,"_monsterinsights_skip_tracking":false,"_monsterinsights_sitenote_active":false,"_monsterinsights_sitenote_note":"","_monsterinsights_sitenote_category":0,"_uf_show_specific_survey":0,"_uf_disable_surveys":false,"advanced_seo_description":"","jetpack_seo_html_title":"","jetpack_seo_noindex":false,"footnotes":""},"class_list":["post-45390","page","type-page","status-publish","hentry"],"acf":[],"jetpack_sharing_enabled":true,"jetpack-related-posts":[{"id":45397,"url":"https:\/\/www.musique-cordiale.com\/fr\/mises-a-jour-pour-le-choeur-dete-2024\/","url_meta":{"origin":45390,"position":0},"title":"MISES \u00c0 JOUR pour le choeur d&rsquo;\u00e9t\u00e9","author":"Jonathan Barker","date":"28\/04\/2024","format":false,"excerpt":"INFORMATIONS pour le choeur avant, pendant et APR\u00c8S le festivalPLUS \u00e0 venir bient\u00f4t\u2026.. (et veuillez v\u00e9rifier ici souvent pour les mises \u00e0 jour) ** NOUVEAUX ARTICLES CI-DESSOUS concernant le code vestimentaire, horaires, votre h\u00e9bergement et vos repas y compris l'EAU, LES D\u00ceNERS, LES HORAIRES ET LE VIN. C'est ici que\u2026","rel":"","context":"Article similaire","block_context":{"text":"Article similaire","link":""},"img":{"alt_text":"","src":"","width":0,"height":0},"classes":[]},{"id":43182,"url":"https:\/\/www.musique-cordiale.com\/fr\/rejoignez-la-chorale-automne-dans-le-kent-2023\/","url_meta":{"origin":45390,"position":1},"title":"Rejoignez le choeur\u00a0:  l&rsquo;automne dans le Kent 2023","author":"Jonathan Barker","date":"28\/08\/2023","format":false,"excerpt":"9-12 Novembre 2023 ** INFORMATIONS PROJET ACTUALIS\u00c9ES uniquement ** \u00c0 tous les amis joueurs et chanteurs : toutes les informations seront bient\u00f4t disponibles ! Vous \u00eates peut-\u00eatre \u00e9puis\u00e9. MAIS s'il vous pla\u00eet, pensez \u00e0 nous rejoindre pour davantage de cr\u00e9ation musicale dans le Kent, du 9 au 12 novembre. Les\u2026","rel":"","context":"Article similaire","block_context":{"text":"Article similaire","link":""},"img":{"alt_text":"","src":"https:\/\/i0.wp.com\/www.musique-cordiale.com\/wp-content\/uploads\/2023\/08\/Musique-Cordiale-Seillans-120823-33-scaled.jpg?resize=350%2C200","width":350,"height":200,"srcset":"https:\/\/i0.wp.com\/www.musique-cordiale.com\/wp-content\/uploads\/2023\/08\/Musique-Cordiale-Seillans-120823-33-scaled.jpg?resize=350%2C200 1x, https:\/\/i0.wp.com\/www.musique-cordiale.com\/wp-content\/uploads\/2023\/08\/Musique-Cordiale-Seillans-120823-33-scaled.jpg?resize=525%2C300 1.5x, https:\/\/i0.wp.com\/www.musique-cordiale.com\/wp-content\/uploads\/2023\/08\/Musique-Cordiale-Seillans-120823-33-scaled.jpg?resize=700%2C400 2x, https:\/\/i0.wp.com\/www.musique-cordiale.com\/wp-content\/uploads\/2023\/08\/Musique-Cordiale-Seillans-120823-33-scaled.jpg?resize=1050%2C600 3x, https:\/\/i0.wp.com\/www.musique-cordiale.com\/wp-content\/uploads\/2023\/08\/Musique-Cordiale-Seillans-120823-33-scaled.jpg?resize=1400%2C800 4x"},"classes":[]},{"id":32567,"url":"https:\/\/www.musique-cordiale.com\/fr\/programme-festival-2020-ici-bientot\/","url_meta":{"origin":45390,"position":2},"title":"PROGRAMME du Festival 2025","author":"Jonathan Barker","date":"10\/02\/2020","format":false,"excerpt":"Festival International:\u00a0\u00a0Concerts et \u00e9v\u00e9nements 29 juillet - 9 aout 2025, Pays de Fayence, France Veuillez revenir ici pour plus d'informations! OU? Seillans et Pays de Fayence, Provence: performances musicales magiques dans de belles villes perch\u00e9es parmi les collines entre Grasse et Draguignan derri\u00e8re la M\u00e9diterran\u00e9e dans le sud-est de la\u2026","rel":"","context":"Article similaire","block_context":{"text":"Article similaire","link":""},"img":{"alt_text":"","src":"https:\/\/i0.wp.com\/www.musique-cordiale.com\/wp-content\/uploads\/2020\/02\/49516009783_28e26a00da_o-scaled.jpg?fit=1200%2C900&ssl=1&resize=350%2C200","width":350,"height":200,"srcset":"https:\/\/i0.wp.com\/www.musique-cordiale.com\/wp-content\/uploads\/2020\/02\/49516009783_28e26a00da_o-scaled.jpg?fit=1200%2C900&ssl=1&resize=350%2C200 1x, https:\/\/i0.wp.com\/www.musique-cordiale.com\/wp-content\/uploads\/2020\/02\/49516009783_28e26a00da_o-scaled.jpg?fit=1200%2C900&ssl=1&resize=525%2C300 1.5x, https:\/\/i0.wp.com\/www.musique-cordiale.com\/wp-content\/uploads\/2020\/02\/49516009783_28e26a00da_o-scaled.jpg?fit=1200%2C900&ssl=1&resize=700%2C400 2x, https:\/\/i0.wp.com\/www.musique-cordiale.com\/wp-content\/uploads\/2020\/02\/49516009783_28e26a00da_o-scaled.jpg?fit=1200%2C900&ssl=1&resize=1050%2C600 3x"},"classes":[]},{"id":37469,"url":"https:\/\/www.musique-cordiale.com\/fr\/le-choeur-du-festival-et-lacademie-choral-2023\/","url_meta":{"origin":45390,"position":3},"title":"Le choeur du Festival et L&rsquo;acad\u00e9mie choral 2023 &#8211; en France encore!","author":"Jonathan Barker","date":"27\/12\/2022","format":false,"excerpt":"Il y aura une nouvelle sous-page sous l'onglet CHOEUR \u00e0 partir de 13 juin 2023 avec les derni\u00e8res informations sur le choeur, y compris les horaires d\u00e9taill\u00e9s et toutes les mises \u00e0 jour ou changements quotidiens avant et pendant le festival lui-m\u00eame. MUSIQUE CORDIALE \u00c9T\u00c9 2023 : Ch\u0153ur du Festival\u2026","rel":"","context":"Article similaire","block_context":{"text":"Article similaire","link":""},"img":{"alt_text":"","src":"https:\/\/i0.wp.com\/www.musique-cordiale.com\/wp-content\/uploads\/2021\/01\/20190814_100257-scaled.jpg?fit=1200%2C583&ssl=1&resize=350%2C200","width":350,"height":200,"srcset":"https:\/\/i0.wp.com\/www.musique-cordiale.com\/wp-content\/uploads\/2021\/01\/20190814_100257-scaled.jpg?fit=1200%2C583&ssl=1&resize=350%2C200 1x, https:\/\/i0.wp.com\/www.musique-cordiale.com\/wp-content\/uploads\/2021\/01\/20190814_100257-scaled.jpg?fit=1200%2C583&ssl=1&resize=525%2C300 1.5x, https:\/\/i0.wp.com\/www.musique-cordiale.com\/wp-content\/uploads\/2021\/01\/20190814_100257-scaled.jpg?fit=1200%2C583&ssl=1&resize=700%2C400 2x, https:\/\/i0.wp.com\/www.musique-cordiale.com\/wp-content\/uploads\/2021\/01\/20190814_100257-scaled.jpg?fit=1200%2C583&ssl=1&resize=1050%2C600 3x"},"classes":[]},{"id":40797,"url":"https:\/\/www.musique-cordiale.com\/fr\/le-choeur-du-festival-et-lacademie-choral-2023\/updates-for-choir-singers-2023\/","url_meta":{"origin":45390,"position":4},"title":"Mises \u00e0 jour pour les chanteurs 2023","author":"Jonathan Barker","date":"12\/06\/2023","format":false,"excerpt":"choir-singer INFO UPDATES 2023","rel":"","context":"Article similaire","block_context":{"text":"Article similaire","link":""},"img":{"alt_text":"","src":"https:\/\/i0.wp.com\/www.musique-cordiale.com\/wp-content\/uploads\/2023\/07\/Bruit.jpg?resize=350%2C200&ssl=1","width":350,"height":200,"srcset":"https:\/\/i0.wp.com\/www.musique-cordiale.com\/wp-content\/uploads\/2023\/07\/Bruit.jpg?resize=350%2C200&ssl=1 1x, https:\/\/i0.wp.com\/www.musique-cordiale.com\/wp-content\/uploads\/2023\/07\/Bruit.jpg?resize=525%2C300&ssl=1 1.5x, https:\/\/i0.wp.com\/www.musique-cordiale.com\/wp-content\/uploads\/2023\/07\/Bruit.jpg?resize=700%2C400&ssl=1 2x, https:\/\/i0.wp.com\/www.musique-cordiale.com\/wp-content\/uploads\/2023\/07\/Bruit.jpg?resize=1050%2C600&ssl=1 3x"},"classes":[]},{"id":36130,"url":"https:\/\/www.musique-cordiale.com\/fr\/choeur-de-musique-cordiale\/join-the-2022-choir-in-kent\/","url_meta":{"origin":45390,"position":5},"title":"Rejoignez le choeur de 2022 dans le Kent","author":"Jonathan Barker","date":"16\/03\/2022","format":false,"excerpt":"(Les derni\u00e8res informations et les formulaires d'inscription (en anglais) pour le choeur 2022 sont ICI Latest information & enrolment forms for the 2022 choir) Les informations initiales sur le choeur l'\u00e9t\u00e9 2022 en anglais sont ICI Initial choir information for summer 2022 in English) Cet \u00e9t\u00e9, notre 18\u00e8me ann\u00e9e, Musique\u2026","rel":"","context":"Article similaire","block_context":{"text":"Article similaire","link":""},"img":{"alt_text":"","src":"https:\/\/i0.wp.com\/www.musique-cordiale.com\/wp-content\/uploads\/2022\/03\/WhatsApp-Image-2022-02-27-at-22.08.31-300x135.jpeg?resize=350%2C200&ssl=1","width":350,"height":200},"classes":[]}],"jetpack_shortlink":"https:\/\/wp.me\/PaEPkm-bO6","_links":{"self":[{"href":"https:\/\/www.musique-cordiale.com\/fr\/wp-json\/wp\/v2\/pages\/45390","targetHints":{"allow":["GET"]}}],"collection":[{"href":"https:\/\/www.musique-cordiale.com\/fr\/wp-json\/wp\/v2\/pages"}],"about":[{"href":"https:\/\/www.musique-cordiale.com\/fr\/wp-json\/wp\/v2\/types\/page"}],"author":[{"embeddable":true,"href":"https:\/\/www.musique-cordiale.com\/fr\/wp-json\/wp\/v2\/users\/3"}],"replies":[{"embeddable":true,"href":"https:\/\/www.musique-cordiale.com\/fr\/wp-json\/wp\/v2\/comments?post=45390"}],"version-history":[{"count":1,"href":"https:\/\/www.musique-cordiale.com\/fr\/wp-json\/wp\/v2\/pages\/45390\/revisions"}],"predecessor-version":[{"id":45395,"href":"https:\/\/www.musique-cordiale.com\/fr\/wp-json\/wp\/v2\/pages\/45390\/revisions\/45395"}],"wp:attachment":[{"href":"https:\/\/www.musique-cordiale.com\/fr\/wp-json\/wp\/v2\/media?parent=45390"}],"curies":[{"name":"wp","href":"https:\/\/api.w.org\/{rel}","templated":true}]}}

MISES À JOUR du CHOEUR Été 2024

<p>…. INFORMATION pour la chorale avant, pendant et après le festival<br>PLUS à venir….. (et veuillez vérifier ici souvent pour les mises à jour)</p>



<p>** NOUVEAUX ARTICLES à suivre CI-DESSOUS concernant l&rsquo;EAU, LES DÎNERS, LES HORAIRES ET LE VIN + INFO concernant l&rsquo;INSCRIPTION À LA CHORALE pour la chorale du Festival d&rsquo;été 2024 **</p>



<h2 class="wp-block-heading has-vivid-red-color has-text-color has-link-color wp-elements-951c236c724149cd9f05ae8b8b71c05a"><br>Informations 2024 à venir</h2>



<p><em>Dernières informations au 28 avril 2024</em></p>



<hr class="wp-block-separator has-alpha-channel-opacity"/>

<p>…. INFORMATION pour la chorale avant, pendant et après le festivalPLUS à venir….. (et veuillez vérifier ici souvent pour les mises à jour) ** NOUVEAUX ARTICLES à suivre CI-DESSOUS concernant l&rsquo;EAU, LES DÎNERS, LES HORAIRES ET LE VIN + INFO concernant l&rsquo;INSCRIPTION À LA CHORALE pour la chorale du Festival d&rsquo;été 2024 ** Informations 2024 [&hellip;]</p>

MISES À JOUR pour le choeur d&rsquo;été

INFORMATIONS pour le choeur avant, pendant et APRÈS le festivalPLUS à venir bientôt….. (et veuillez vérifier ici souvent pour les mises à jour) ** NOUVEAUX ARTICLES CI-DESSOUS concernant le code vestimentaire, horaires, votre hébergement et vos repas y compris l'EAU, LES DÎNERS, LES HORAIRES ET LE VIN. C'est ici que…

9-12 Novembre 2023 ** INFORMATIONS PROJET ACTUALISÉES uniquement ** À tous les amis joueurs et chanteurs : toutes les informations seront bientôt disponibles ! Vous êtes peut-être épuisé. MAIS s'il vous plaît, pensez à nous rejoindre pour davantage de création musicale dans le Kent, du 9 au 12 novembre. Les…

Festival International:  Concerts et événements 29 juillet - 9 aout 2025, Pays de Fayence, France Veuillez revenir ici pour plus d'informations! OU? Seillans et Pays de Fayence, Provence: performances musicales magiques dans de belles villes perchées parmi les collines entre Grasse et Draguignan derrière la Méditerranée dans le sud-est de la…

Le choeur du Festival et L&rsquo;académie choral 2023 &#8211; en France encore!

Il y aura une nouvelle sous-page sous l'onglet CHOEUR à partir de 13 juin 2023 avec les dernières informations sur le choeur, y compris les horaires détaillés et toutes les mises à jour ou changements quotidiens avant et pendant le festival lui-même. MUSIQUE CORDIALE ÉTÉ 2023 : Chœur du Festival…

Mises à jour pour les chanteurs 2023

(Les dernières informations et les formulaires d'inscription (en anglais) pour le choeur 2022 sont ICI Latest information & enrolment forms for the 2022 choir) Les informations initiales sur le choeur l'été 2022 en anglais sont ICI Initial choir information for summer 2022 in English) Cet été, notre 18ème année, Musique…
