{"id":15014,"date":"2015-09-21T13:57:00","date_gmt":"2015-09-21T13:57:00","guid":{"rendered":"http:\/\/dev3.musique-cordiale.com\/M-C-topic\/ami-individuel-2017\/"},"modified":"2026-02-25T11:16:37","modified_gmt":"2026-02-25T11:16:37","slug":"ami-individuel-2017","status":"publish","type":"product","link":"https:\/\/www.musique-cordiale.com\/fr\/boutique-billetterie\/ami-individuel-2017\/","title":{"rendered":"Ami Individuel 2025-26 (valable 1 an \u00e0 compter de l&rsquo;achat)"},"content":{"rendered":"<p><strong><span class=\"home-page-small\">Ami du Festival &#8211; individuel 2025-26<br \/>\n<\/span><\/strong><span class=\"home-page-small\">\u00a3150 GBP \/ 175\u20ac<\/span><strong><span class=\"home-page-small\"><br \/>\n<\/span><\/strong><\/p>\n<p><span class=\"home-page-small\">Tous les avantages d&rsquo;un adh\u00e9rent, plus:<\/span><\/p>\n<ul>\n<li><span class=\"home-page-small\">Priorit\u00e9 de r\u00e9servation deux semaines avant l\u2019ouverture de la billetterie<\/span><\/li>\n<li><span class=\"home-page-small\">Mention dans le programme et sur le site Internet du Festival<\/span><\/li>\n<li><span class=\"home-page-small\">Invitation au D\u00eener de Gala annuel*<\/span><\/li>\n<li><span class=\"home-page-small\">Invitation \u00e0 la r\u00e9ception des amis apr\u00e8s le Festival<\/span><\/li>\n<li><span class=\"home-page-small\">Invitations \u00e0 d\u2019autres activit\u00e9s pendant l\u2019ann\u00e9e en France et au Royaume-Uni<\/span><\/li>\n<li>Vous avez droit \u00e0 un certificat du don pour la valeur de cet abonnement qui compte comme un don (sauf pour l&rsquo;\u00e9l\u00e9ment d&rsquo;adh\u00e9sion de 35 \u20ac)<\/li>\n<\/ul>\n<p><span class=\"home-page-small\">*Avec frais suppl\u00e9mentaires.<\/span><\/p>\n<p><strong>MERCI de votre soitien!<\/strong><\/p>\n","protected":false},"excerpt":{"rendered":"<p>Adh\u00e9sion individuelle comprise<\/p>\n<p><span class=\"home-page-small\">Tous les avantages ci-dessus, plus:<\/span><\/p>\n<ul>\n<li><span class=\"home-page-small\">Priorit\u00e9 de r\u00e9servation deux semaines avant l\u2019ouverture de la billetterie<\/span><\/li>\n<li><span class=\"home-page-small\">Mention dans le programme et sur le site Internet du Festival<\/span><\/li>\n<li><span class=\"home-page-small\">Invitation au D\u00eener de Gala annuel*<\/span><\/li>\n<li>Vous avez droit \u00e0 un certificat du don pour la valeur de cet abonnement qui compte comme un don (sauf pour l&rsquo;\u00e9l\u00e9ment d&rsquo;adh\u00e9sion de\u00a0 \u00a330\/35 \u20ac)<\/li>\n<li><span class=\"home-page-small\">Invitation \u00e0 la r\u00e9ception des amis apr\u00e8s le Festival<\/span><\/li>\n<li><span class=\"home-page-small\">Invitations \u00e0 d\u2019autres activit\u00e9s pendant l\u2019ann\u00e9e en France et au Royaume-Uni<\/span><\/li>\n<\/ul>\n<p><span class=\"home-page-small\">*Avec frais suppl\u00e9mentaires.<\/span><\/p>\n<p><strong>Merci pour votre soutien. <\/strong><\/p>\n","protected":false},"featured_media":32594,"template":"","meta":{"_acf_changed":false,"_monsterinsights_skip_tracking":false,"_monsterinsights_sitenote_active":false,"_monsterinsights_sitenote_note":"","_monsterinsights_sitenote_category":0,"_uf_show_specific_survey":0,"_uf_disable_surveys":false,"advanced_seo_description":"","jetpack_seo_html_title":"","jetpack_seo_noindex":false},"product_brand":[],"product_cat":[127],"product_tag":[489,300,424],"venue":[],"class_list":{"0":"post-15014","1":"product","2":"type-product","3":"status-publish","4":"has-post-thumbnail","6":"product_cat-devenez-adherent-ami-ou-mecene-paiement-en-euros","7":"product_tag-inscription","8":"product_tag-soutenez","9":"product_tag-soutien-fr","11":"first","12":"instock","13":"virtual","14":"purchasable","15":"product-type-simple"},"acf":[],"jetpack_sharing_enabled":true,"jetpack-related-posts":[{"id":15015,"url":"https:\/\/www.musique-cordiale.com\/fr\/boutique-billetterie\/ami-couple-2017\/","url_meta":{"origin":15014,"position":0},"title":"Ami Couple 2024-25 (valable 1 an \u00e0 compter de l&rsquo;achat)","author":"Jonathan Barker","date":"21\/09\/2015","format":false,"excerpt":"Ami Couple Avantages: Une remise de 10% sur les billets du Festival (limit\u00e9e \u00e0 2 billets par membre par concert) R\u00e9ception \u00e0 domicile du flyer du Festival R\u00e9ception p\u00e9riodique du bulletin \u00e9lectronique et de l\u2019actualit\u00e9 du Festival Droit d\u2019acheter des enregistrements de MC concerts, CD et DVD Droit d'assister aux\u2026","rel":"","context":"Article similaire","block_context":{"text":"Article similaire","link":""},"img":{"alt_text":"","src":"https:\/\/i0.wp.com\/www.musique-cordiale.com\/wp-content\/uploads\/2015\/09\/Jacques-Pippa-2015-e1442911940613.jpg?fit=806%2C710&ssl=1&resize=350%2C200","width":350,"height":200,"srcset":"https:\/\/i0.wp.com\/www.musique-cordiale.com\/wp-content\/uploads\/2015\/09\/Jacques-Pippa-2015-e1442911940613.jpg?fit=806%2C710&ssl=1&resize=350%2C200 1x, https:\/\/i0.wp.com\/www.musique-cordiale.com\/wp-content\/uploads\/2015\/09\/Jacques-Pippa-2015-e1442911940613.jpg?fit=806%2C710&ssl=1&resize=525%2C300 1.5x, https:\/\/i0.wp.com\/www.musique-cordiale.com\/wp-content\/uploads\/2015\/09\/Jacques-Pippa-2015-e1442911940613.jpg?fit=806%2C710&ssl=1&resize=700%2C400 2x"},"classes":[]},{"id":38914,"url":"https:\/\/www.musique-cordiale.com\/fr\/boutique-billetterie\/soiree-musicale-diner-de-gala-pre-festival-collecte-de-fonds\/","url_meta":{"origin":15014,"position":1},"title":"Ev\u00e9nement convivial pour lancer le festival 2023 &#8211; Soir\u00e9e Musicale, D\u00eener de gala &amp; Collecte de Fonds pre-festival &#8211; MAINTENANT FERM\u00c9","author":"Jonathan Barker","date":"17\/05\/2023","format":false,"excerpt":"19h30 (7:30 PM) Aidan Coburn (t\u00e9nor) Will Harris (violoncelle) & Rebecca Taylor (piano) ap\u00e9ritifs de 19h30 D\u00eener 20h REJOIGNEZ-NOUS pour cet \u00e9v\u00e9nement annuel populaire et m\u00e9morable pour LANCER LE FESTIVAL 2023 alors qu'il revient au Pays de Fayence cet \u00e9t\u00e9 pour sa 19\u00e8me \u00e9dition annuelle ! les prix apparaissent dans\u2026","rel":"","context":"Article similaire","block_context":{"text":"Article similaire","link":""},"img":{"alt_text":"","src":"https:\/\/i0.wp.com\/www.musique-cordiale.com\/wp-content\/uploads\/2017\/02\/dinner-and-music-2.jpg?fit=1200%2C900&ssl=1&resize=350%2C200","width":350,"height":200,"srcset":"https:\/\/i0.wp.com\/www.musique-cordiale.com\/wp-content\/uploads\/2017\/02\/dinner-and-music-2.jpg?fit=1200%2C900&ssl=1&resize=350%2C200 1x, https:\/\/i0.wp.com\/www.musique-cordiale.com\/wp-content\/uploads\/2017\/02\/dinner-and-music-2.jpg?fit=1200%2C900&ssl=1&resize=525%2C300 1.5x, https:\/\/i0.wp.com\/www.musique-cordiale.com\/wp-content\/uploads\/2017\/02\/dinner-and-music-2.jpg?fit=1200%2C900&ssl=1&resize=700%2C400 2x, https:\/\/i0.wp.com\/www.musique-cordiale.com\/wp-content\/uploads\/2017\/02\/dinner-and-music-2.jpg?fit=1200%2C900&ssl=1&resize=1050%2C600 3x"},"classes":[]},{"id":48426,"url":"https:\/\/www.musique-cordiale.com\/fr\/boutique-billetterie\/evenement-special-pre-festival-diner-de-collecte-de-fonds-exaltant-et-convivial-avec-musique-et-boissons-au-mas-des-romarins-dans-la-vallee-en-contrebas-de-fayence-le-29-juillet-2025\/","url_meta":{"origin":15014,"position":2},"title":"\u00c9v\u00e9nement sp\u00e9cial pr\u00e9-festival : SOIR\u00c9E DE GALA &#8211; d\u00eener de collecte de fonds exaltant et convivial avec musique et boissons &#8211; au Mas des Romarins, dans la vall\u00e9e en contrebas de Fayence, le 29 juillet 2025 : **EVENEMENT COMPLET : PLUS DE R\u00c9SERVATIONS S&rsquo;IL VOUS PLA\u00ceT","author":"Jonathan Barker","date":"17\/04\/2025","format":false,"excerpt":"***Maintenant COMPLET PLUS DE NOUVELLES R\u00c9SERVATIONS s'il vous pla\u00eet (mais les commandes en souffrance peuvent \u00eatre possibles plus pr\u00e8s de la date - UNIQUEMENT si nous avons des annulations ??) : VEUILLEZ PAYER SI VOUS AVEZ R\u00c9SERV\u00c9 !*** *** SOIR\u00c9E DE GALA AU PROFIT DE MUSIQUE-CORDIALE Voir PLUS DE D\u00c9TAILS\u2026","rel":"","context":"Article similaire","block_context":{"text":"Article similaire","link":""},"img":{"alt_text":"","src":"https:\/\/i0.wp.com\/www.musique-cordiale.com\/wp-content\/uploads\/2025\/04\/Image-2025-04-17-at-12.49.46_b5130be5-Mas-de-Romarins-2024.jpg?fit=1200%2C676&ssl=1&resize=350%2C200","width":350,"height":200,"srcset":"https:\/\/i0.wp.com\/www.musique-cordiale.com\/wp-content\/uploads\/2025\/04\/Image-2025-04-17-at-12.49.46_b5130be5-Mas-de-Romarins-2024.jpg?fit=1200%2C676&ssl=1&resize=350%2C200 1x, https:\/\/i0.wp.com\/www.musique-cordiale.com\/wp-content\/uploads\/2025\/04\/Image-2025-04-17-at-12.49.46_b5130be5-Mas-de-Romarins-2024.jpg?fit=1200%2C676&ssl=1&resize=525%2C300 1.5x, https:\/\/i0.wp.com\/www.musique-cordiale.com\/wp-content\/uploads\/2025\/04\/Image-2025-04-17-at-12.49.46_b5130be5-Mas-de-Romarins-2024.jpg?fit=1200%2C676&ssl=1&resize=700%2C400 2x, https:\/\/i0.wp.com\/www.musique-cordiale.com\/wp-content\/uploads\/2025\/04\/Image-2025-04-17-at-12.49.46_b5130be5-Mas-de-Romarins-2024.jpg?fit=1200%2C676&ssl=1&resize=1050%2C600 3x"},"classes":[]},{"id":24060,"url":"https:\/\/www.musique-cordiale.com\/fr\/boutique-billetterie\/billet-diner-individuel-11-aout-2018-veuillez-vous-inscrire-comme-membre-en-premier-copy\/","url_meta":{"origin":15014,"position":3},"title":"BILLET D\u00eener individuel 9 ao\u00fbt 2019 (veuillez vous inscrire comme membre en premier)","author":"Jonathan Barker","date":"29\/06\/2019","format":false,"excerpt":"Des d\u00eeners sont pr\u00e9vus pour les chanteurs et les joueurs de la chorale ou de l'orchestre du Festival et pour leurs invit\u00e9s, pour les membres de l'\u00e9quipe de b\u00e9n\u00e9voles qui g\u00e8rent le festival et pour les membres du public qui souhaitent les rejoindre pour le d\u00eener. Ces repas du soir\u2026","rel":"","context":"Article similaire","block_context":{"text":"Article similaire","link":""},"img":{"alt_text":"","src":"","width":0,"height":0},"classes":[]},{"id":24066,"url":"https:\/\/www.musique-cordiale.com\/fr\/boutique-billetterie\/billet-diner-individuel-9-aout-2019-veuillez-vous-inscrire-comme-membre-en-premier-copy\/","url_meta":{"origin":15014,"position":4},"title":"BILLET D\u00eener individuel 17 ao\u00fbt 2019 (veuillez vous inscrire comme membre en premier)","author":"Jonathan Barker","date":"29\/06\/2019","format":false,"excerpt":"Des d\u00eeners sont pr\u00e9vus pour les chanteurs et les joueurs de la chorale ou de l'orchestre du Festival et pour leurs invit\u00e9s, pour les membres de l'\u00e9quipe de b\u00e9n\u00e9voles qui g\u00e8rent le festival et pour les membres du public qui souhaitent les rejoindre pour le d\u00eener. Ces repas du soir\u2026","rel":"","context":"Article similaire","block_context":{"text":"Article similaire","link":""},"img":{"alt_text":"","src":"","width":0,"height":0},"classes":[]},{"id":24068,"url":"https:\/\/www.musique-cordiale.com\/fr\/boutique-billetterie\/billet-diner-individuel-17-aout-2019-veuillez-vous-inscrire-comme-membre-en-premier-copy\/","url_meta":{"origin":15014,"position":5},"title":"BILLET D\u00eener individuel 16 ao\u00fbt 2019 (veuillez vous inscrire comme membre en premier)","author":"Jonathan Barker","date":"29\/06\/2019","format":false,"excerpt":"Des d\u00eeners sont pr\u00e9vus pour les chanteurs et les joueurs de la chorale ou de l'orchestre du Festival et pour leurs invit\u00e9s, pour les membres de l'\u00e9quipe de b\u00e9n\u00e9voles qui g\u00e8rent le festival et pour les membres du public qui souhaitent les rejoindre pour le d\u00eener. Ces repas du soir\u2026","rel":"","context":"Article similaire","block_context":{"text":"Article similaire","link":""},"img":{"alt_text":"","src":"","width":0,"height":0},"classes":[]}],"_links":{"self":[{"href":"https:\/\/www.musique-cordiale.com\/fr\/wp-json\/wp\/v2\/product\/15014","targetHints":{"allow":["GET"]}}],"collection":[{"href":"https:\/\/www.musique-cordiale.com\/fr\/wp-json\/wp\/v2\/product"}],"about":[{"href":"https:\/\/www.musique-cordiale.com\/fr\/wp-json\/wp\/v2\/types\/product"}],"wp:featuredmedia":[{"embeddable":true,"href":"https:\/\/www.musique-cordiale.com\/fr\/wp-json\/wp\/v2\/media\/32594"}],"wp:attachment":[{"href":"https:\/\/www.musique-cordiale.com\/fr\/wp-json\/wp\/v2\/media?parent=15014"}],"wp:term":[{"taxonomy":"product_brand","embeddable":true,"href":"https:\/\/www.musique-cordiale.com\/fr\/wp-json\/wp\/v2\/product_brand?post=15014"},{"taxonomy":"product_cat","embeddable":true,"href":"https:\/\/www.musique-cordiale.com\/fr\/wp-json\/wp\/v2\/product_cat?post=15014"},{"taxonomy":"product_tag","embeddable":true,"href":"https:\/\/www.musique-cordiale.com\/fr\/wp-json\/wp\/v2\/product_tag?post=15014"},{"taxonomy":"venue","embeddable":true,"href":"https:\/\/www.musique-cordiale.com\/fr\/wp-json\/wp\/v2\/venue?post=15014"}],"curies":[{"name":"wp","href":"https:\/\/api.w.org\/{rel}","templated":true}]}}

Ami Individuel 2025-26 (valable 1 an à compter de l&rsquo;achat)

<p><strong><span class="home-page-small">Ami du Festival &#8211; individuel 2025-26<br />
</span></strong><span class="home-page-small">£150 GBP / 175€</span><strong><span class="home-page-small"><br />
</span></strong></p>
<p><span class="home-page-small">Tous les avantages d&rsquo;un adhérent, plus:</span></p>
<ul>
<li><span class="home-page-small">Priorité de réservation deux semaines avant l’ouverture de la billetterie</span></li>
<li><span class="home-page-small">Mention dans le programme et sur le site Internet du Festival</span></li>
<li><span class="home-page-small">Invitation au Dîner de Gala annuel*</span></li>
<li><span class="home-page-small">Invitation à la réception des amis après le Festival</span></li>
<li><span class="home-page-small">Invitations à d’autres activités pendant l’année en France et au Royaume-Uni</span></li>
<li>Vous avez droit à un certificat du don pour la valeur de cet abonnement qui compte comme un don (sauf pour l&rsquo;élément d&rsquo;adhésion de 35 €)</li>
</ul>
<p><span class="home-page-small">*Avec frais supplémentaires.</span></p>
<p><strong>MERCI de votre soitien!</strong></p>

<p>Adhésion individuelle comprise</p>
<p><span class="home-page-small">Tous les avantages ci-dessus, plus:</span></p>
<ul>
<li><span class="home-page-small">Priorité de réservation deux semaines avant l’ouverture de la billetterie</span></li>
<li><span class="home-page-small">Mention dans le programme et sur le site Internet du Festival</span></li>
<li><span class="home-page-small">Invitation au Dîner de Gala annuel*</span></li>
<li>Vous avez droit à un certificat du don pour la valeur de cet abonnement qui compte comme un don (sauf pour l&rsquo;élément d&rsquo;adhésion de  £30/35 €)</li>
<li><span class="home-page-small">Invitation à la réception des amis après le Festival</span></li>
<li><span class="home-page-small">Invitations à d’autres activités pendant l’année en France et au Royaume-Uni</span></li>
</ul>
<p><span class="home-page-small">*Avec frais supplémentaires.</span></p>
<p><strong>Merci pour votre soutien. </strong></p>

Ami Couple 2024-25 (valable 1 an à compter de l&rsquo;achat)

Ami Couple Avantages: Une remise de 10% sur les billets du Festival (limitée à 2 billets par membre par concert) Réception à domicile du flyer du Festival Réception périodique du bulletin électronique et de l’actualité du Festival Droit d’acheter des enregistrements de MC concerts, CD et DVD Droit d'assister aux…

Evénement convivial pour lancer le festival 2023 &#8211; Soirée Musicale, Dîner de gala &amp; Collecte de Fonds pre-festival &#8211; MAINTENANT FERMÉ

19h30 (7:30 PM) Aidan Coburn (ténor) Will Harris (violoncelle) & Rebecca Taylor (piano) apéritifs de 19h30 Dîner 20h REJOIGNEZ-NOUS pour cet événement annuel populaire et mémorable pour LANCER LE FESTIVAL 2023 alors qu'il revient au Pays de Fayence cet été pour sa 19ème édition annuelle ! les prix apparaissent dans…

Événement spécial pré-festival : SOIRÉE DE GALA &#8211; dîner de collecte de fonds exaltant et convivial avec musique et boissons &#8211; au Mas des Romarins, dans la vallée en contrebas de Fayence, le 29 juillet 2025 : **EVENEMENT COMPLET : PLUS DE RÉSERVATIONS S&rsquo;IL VOUS PLAÎT

***Maintenant COMPLET PLUS DE NOUVELLES RÉSERVATIONS s'il vous plaît (mais les commandes en souffrance peuvent être possibles plus près de la date - UNIQUEMENT si nous avons des annulations ??) : VEUILLEZ PAYER SI VOUS AVEZ RÉSERVÉ !*** *** SOIRÉE DE GALA AU PROFIT DE MUSIQUE-CORDIALE Voir PLUS DE DÉTAILS…

BILLET Dîner individuel 9 août 2019 (veuillez vous inscrire comme membre en premier)

Des dîners sont prévus pour les chanteurs et les joueurs de la chorale ou de l'orchestre du Festival et pour leurs invités, pour les membres de l'équipe de bénévoles qui gèrent le festival et pour les membres du public qui souhaitent les rejoindre pour le dîner. Ces repas du soir…

BILLET Dîner individuel 17 août 2019 (veuillez vous inscrire comme membre en premier)

BILLET Dîner individuel 16 août 2019 (veuillez vous inscrire comme membre en premier)
