{"id":15050,"date":"2017-02-17T19:18:34","date_gmt":"2017-02-17T19:18:34","guid":{"rendered":"http:\/\/dev3.musique-cordiale.com\/M-C-topic\/la-magie-de-lopera-mardi-8-aout-2\/"},"modified":"2019-08-18T10:31:54","modified_gmt":"2019-08-18T10:31:54","slug":"fayence-verdure-2018-08-07","status":"publish","type":"product","link":"https:\/\/www.musique-cordiale.com\/fr\/boutique-billetterie\/fayence-verdure-2018-08-07\/","title":{"rendered":"Musique fabuleuse sous les \u00e9toiles &#8211; aires d&rsquo;op\u00e9ra et symphonie orchestral"},"content":{"rendered":"<h6>Concert avec solistes\u00a0:<br \/>\nConcerto pour violon de\u00a0Tchaikovsky\u00a0\u2013 et aires d\u2019Opera<br \/>\n<strong>Direction: James Lowe<\/strong><\/h6>\n<h6>Dima Bawab, Kiera Lyness,\u00a0<i>soprano<br \/>\n<\/i>Charlotte King, <em>mezzo-soprano<\/em><br \/>\nAidan Coburn, Julian Gregory,\u00a0<i>t\u00e9nor<br \/>\n<\/i>Tristan Hambleton,\u00a0<i>bass<br \/>\n<\/i>Jonathan Martindale,\u00a0<i>violon<\/i><\/h6>\n<h6><b>Tchaikovsky: Concerto pour violon et orchestre<\/b><\/h6>\n","protected":false},"excerpt":{"rendered":"<h6>Concert avec solistes\u00a0:<br \/>\nConcerto pour violon de\u00a0Tchaikovsky\u00a0\u2013 et aires d\u2019Opera<br \/>\n<strong>Direction: James Lowe<\/strong><\/h6>\n<h6>Dima Bawab, Kiera Lyness,\u00a0<i>soprano<br \/>\n<\/i>Charlotte King, <em>mezzo-soprano<\/em><br \/>\nAidan Coburn, Julian Gregory,\u00a0<i>t\u00e9nor<br \/>\n<\/i>Tristan Hambleton,\u00a0<i>bass<br \/>\n<\/i>Jonathan Martindale,\u00a0<i>violon<\/i><\/h6>\n<h6><b>Tchaikovsky: Concerto pour violon et orchestre<\/b><\/h6>\n","protected":false},"featured_media":15694,"template":"","meta":{"_acf_changed":false,"_monsterinsights_skip_tracking":false,"_monsterinsights_sitenote_active":false,"_monsterinsights_sitenote_note":"","_monsterinsights_sitenote_category":0,"_uf_show_specific_survey":0,"_uf_disable_surveys":false,"advanced_seo_description":"","jetpack_seo_html_title":"","jetpack_seo_noindex":false},"product_brand":[],"product_cat":[275,224],"product_tag":[219],"venue":[244,149],"class_list":{"0":"post-15050","1":"product","2":"type-product","3":"status-publish","4":"has-post-thumbnail","6":"product_cat-billet-varies-fr","7":"product_cat-festival-2018-fr","8":"product_tag-billet-fr","9":"venue-fayence","10":"venue-theatre-de-verdure","12":"first","13":"instock","14":"shipping-taxable","15":"product-type-variable"},"acf":[],"jetpack_sharing_enabled":true,"jetpack-related-posts":[{"id":14737,"url":"https:\/\/www.musique-cordiale.com\/programme-tickets\/fayence-verdure-2018-08-07\/","url_meta":{"origin":15050,"position":0},"title":"An orchestral concert with soloists: fabulous music and Opera Arias under the stars","author":"Lyndsey","date":"17\/02\/2017","format":false,"excerpt":"Concert avec solistes\u00a0: Concerto pour violon de\u00a0Tchaikovsky\u00a0\u2013 et aires d\u2019Opera Direction: James Lowe Dima Bawab, Kiera Lyness,\u00a0soprano Charlotte King, mezzo-soprano Aidan Coburn, Julian Gregory,\u00a0t\u00e9nor Tristan Hambleton,\u00a0bass Jonathan Martindale,\u00a0violon Tchaikovsky: Concerto pour violon et orchestre","rel":"","context":"Article similaire","block_context":{"text":"Article similaire","link":""},"img":{"alt_text":"","src":"https:\/\/i0.wp.com\/www.musique-cordiale.com\/wp-content\/uploads\/2015\/01\/Fayence-orch-NT-scaled.jpg?fit=1200%2C900&ssl=1&resize=350%2C200","width":350,"height":200,"srcset":"https:\/\/i0.wp.com\/www.musique-cordiale.com\/wp-content\/uploads\/2015\/01\/Fayence-orch-NT-scaled.jpg?fit=1200%2C900&ssl=1&resize=350%2C200 1x, https:\/\/i0.wp.com\/www.musique-cordiale.com\/wp-content\/uploads\/2015\/01\/Fayence-orch-NT-scaled.jpg?fit=1200%2C900&ssl=1&resize=525%2C300 1.5x, https:\/\/i0.wp.com\/www.musique-cordiale.com\/wp-content\/uploads\/2015\/01\/Fayence-orch-NT-scaled.jpg?fit=1200%2C900&ssl=1&resize=700%2C400 2x, https:\/\/i0.wp.com\/www.musique-cordiale.com\/wp-content\/uploads\/2015\/01\/Fayence-orch-NT-scaled.jpg?fit=1200%2C900&ssl=1&resize=1050%2C600 3x"},"classes":[]},{"id":15045,"url":"https:\/\/www.musique-cordiale.com\/fr\/boutique-billetterie\/concert-academie-et-orchestre-vendredi-4-aout\/","url_meta":{"origin":15050,"position":1},"title":"Concert Annuel Acad\u00e9mie et Orchestre","author":"Lyndsey","date":"17\/02\/2017","format":false,"excerpt":"Direction: James Lowe Jonathan Martindale,\u00a0violon Kiera Lyness,\u00a0soprano Debussy: Pr\u00e9lude \u00e0 \u00ab L\u2019apr\u00e8s-midi d\u2019un faune \u00bb Barber: Knoxville Summer of 1915 Beethoven: Symphony n\u00b0 2 Tchaikovsky: Concerto pour violon","rel":"","context":"Article similaire","block_context":{"text":"Article similaire","link":""},"img":{"alt_text":"","src":"https:\/\/i0.wp.com\/www.musique-cordiale.com\/wp-content\/uploads\/2015\/01\/CQ4A3928-Edit-scaled.jpg?fit=1200%2C800&ssl=1&resize=350%2C200","width":350,"height":200,"srcset":"https:\/\/i0.wp.com\/www.musique-cordiale.com\/wp-content\/uploads\/2015\/01\/CQ4A3928-Edit-scaled.jpg?fit=1200%2C800&ssl=1&resize=350%2C200 1x, https:\/\/i0.wp.com\/www.musique-cordiale.com\/wp-content\/uploads\/2015\/01\/CQ4A3928-Edit-scaled.jpg?fit=1200%2C800&ssl=1&resize=525%2C300 1.5x, https:\/\/i0.wp.com\/www.musique-cordiale.com\/wp-content\/uploads\/2015\/01\/CQ4A3928-Edit-scaled.jpg?fit=1200%2C800&ssl=1&resize=700%2C400 2x, https:\/\/i0.wp.com\/www.musique-cordiale.com\/wp-content\/uploads\/2015\/01\/CQ4A3928-Edit-scaled.jpg?fit=1200%2C800&ssl=1&resize=1050%2C600 3x"},"classes":[]},{"id":14707,"url":"https:\/\/www.musique-cordiale.com\/programme-tickets\/academy-orchestra-concert-friday\/","url_meta":{"origin":15050,"position":2},"title":"Annual Academy &#038; Orchestra Concert","author":"Lyndsey","date":"17\/02\/2017","format":false,"excerpt":"Direction: James Lowe Jonathan Martindale,\u00a0violon Kiera Lyness,\u00a0soprano Debussy: Pr\u00e9lude \u00e0 \u00ab L\u2019apr\u00e8s-midi d\u2019un faune \u00bb Barber: Knoxville Summer of 1915 Beethoven: Symphony n\u00b0 2 Tchaikovsky: Concerto pour violon","rel":"","context":"Article similaire","block_context":{"text":"Article similaire","link":""},"img":{"alt_text":"","src":"https:\/\/i0.wp.com\/www.musique-cordiale.com\/wp-content\/uploads\/2015\/01\/CQ4A3928-Edit-scaled.jpg?fit=1200%2C800&ssl=1&resize=350%2C200","width":350,"height":200,"srcset":"https:\/\/i0.wp.com\/www.musique-cordiale.com\/wp-content\/uploads\/2015\/01\/CQ4A3928-Edit-scaled.jpg?fit=1200%2C800&ssl=1&resize=350%2C200 1x, https:\/\/i0.wp.com\/www.musique-cordiale.com\/wp-content\/uploads\/2015\/01\/CQ4A3928-Edit-scaled.jpg?fit=1200%2C800&ssl=1&resize=525%2C300 1.5x, https:\/\/i0.wp.com\/www.musique-cordiale.com\/wp-content\/uploads\/2015\/01\/CQ4A3928-Edit-scaled.jpg?fit=1200%2C800&ssl=1&resize=700%2C400 2x, https:\/\/i0.wp.com\/www.musique-cordiale.com\/wp-content\/uploads\/2015\/01\/CQ4A3928-Edit-scaled.jpg?fit=1200%2C800&ssl=1&resize=1050%2C600 3x"},"classes":[]},{"id":19787,"url":"https:\/\/www.musique-cordiale.com\/programme-tickets\/final-concert-haydn-the-seasons-in-german\/","url_meta":{"origin":15050,"position":3},"title":"Final Oratorio Concert: &lsquo;DIE JAHRESZEITEN&rsquo; &#8211; Haydn, The Seasons (in German)","author":"Jonathan Barker","date":"25\/03\/2018","format":false,"excerpt":"Festival closing concert: Haydn : Oratorio avec orchestre et solistes \u201c Les Saisons\u201d (Die Jahreszeiten) Soloists with the Musique Cordiale Festival Choir & Orchestra Direction: Graham Ross Dima Bawab,\u00a0soprano Julian Gregory,\u00a0t\u00e9nor Tristan Hambleton,\u00a0bass \u00a0 Dinner is available for purchase by members after the concert (reservation only)","rel":"","context":"Article similaire","block_context":{"text":"Article similaire","link":""},"img":{"alt_text":"","src":"https:\/\/i0.wp.com\/www.musique-cordiale.com\/wp-content\/uploads\/2011\/03\/2016-08-13-22.12.31-1-scaled.jpg?fit=1200%2C675&ssl=1&resize=350%2C200","width":350,"height":200,"srcset":"https:\/\/i0.wp.com\/www.musique-cordiale.com\/wp-content\/uploads\/2011\/03\/2016-08-13-22.12.31-1-scaled.jpg?fit=1200%2C675&ssl=1&resize=350%2C200 1x, https:\/\/i0.wp.com\/www.musique-cordiale.com\/wp-content\/uploads\/2011\/03\/2016-08-13-22.12.31-1-scaled.jpg?fit=1200%2C675&ssl=1&resize=525%2C300 1.5x, https:\/\/i0.wp.com\/www.musique-cordiale.com\/wp-content\/uploads\/2011\/03\/2016-08-13-22.12.31-1-scaled.jpg?fit=1200%2C675&ssl=1&resize=700%2C400 2x, https:\/\/i0.wp.com\/www.musique-cordiale.com\/wp-content\/uploads\/2011\/03\/2016-08-13-22.12.31-1-scaled.jpg?fit=1200%2C675&ssl=1&resize=1050%2C600 3x"},"classes":[]},{"id":48346,"url":"https:\/\/www.musique-cordiale.com\/fr\/boutique-billetterie\/concert-orchestral-au-coucher-du-soleil-a-fayence-theatre-verdure-21h-5-aout-2025\/","url_meta":{"origin":15050,"position":4},"title":"\u00ab\u00a0S\u00e9r\u00e9nades d&rsquo;Amour\u00a0\u00bb\u00a0: Concert orchestral &#8211; avec airs &#8211; au coucher du soleil \u00e0 Fayence\u00a0: Th\u00e9\u00e2tre Verdure, 21\u00a0h, 5\u00a0ao\u00fbt\u00a02025","author":"Jonathan Barker","date":"10\/04\/2025","format":false,"excerpt":"\u00ab\u00a0S\u00e9r\u00e9nades d'amour\u00a0\u00bb \u2013\u00a0au lever de la lune dans le romantique amphith\u00e9\u00e2tre de Fayence\u00a0: Brahms, Elgar, Mendelssohn... et plus encore... 21h, Th\u00e9\u00e2tre de Verdure de Fayence Le grand concert orchestral du Festival dans le magnifique amphith\u00e9\u00e2tre en plein air de Fayence Mendelssohn \u2013 Ouverture des H\u00e9brides Elgar \u2013 S\u00e9r\u00e9nade pour cordes\u2026","rel":"","context":"Article similaire","block_context":{"text":"Article similaire","link":""},"img":{"alt_text":"","src":"https:\/\/i0.wp.com\/www.musique-cordiale.com\/wp-content\/uploads\/2023\/05\/Fayence-Verdure-concert-2019.jpg?fit=1200%2C583&ssl=1&resize=350%2C200","width":350,"height":200,"srcset":"https:\/\/i0.wp.com\/www.musique-cordiale.com\/wp-content\/uploads\/2023\/05\/Fayence-Verdure-concert-2019.jpg?fit=1200%2C583&ssl=1&resize=350%2C200 1x, https:\/\/i0.wp.com\/www.musique-cordiale.com\/wp-content\/uploads\/2023\/05\/Fayence-Verdure-concert-2019.jpg?fit=1200%2C583&ssl=1&resize=525%2C300 1.5x, https:\/\/i0.wp.com\/www.musique-cordiale.com\/wp-content\/uploads\/2023\/05\/Fayence-Verdure-concert-2019.jpg?fit=1200%2C583&ssl=1&resize=700%2C400 2x, https:\/\/i0.wp.com\/www.musique-cordiale.com\/wp-content\/uploads\/2023\/05\/Fayence-Verdure-concert-2019.jpg?fit=1200%2C583&ssl=1&resize=1050%2C600 3x"},"classes":[]},{"id":19792,"url":"https:\/\/www.musique-cordiale.com\/fr\/boutique-billetterie\/billet-standard-concert-de-cloture-du-festival-les-saisons-de-haydn-en-allemand-samedi-11-aout-2018\/","url_meta":{"origin":15050,"position":5},"title":"Concert de cl\u00f4ture du festival: Oratorio DIE JAHRESZEITEN &#8211; Les Saisons de Haydn (en Allemand)","author":"Jonathan Barker","date":"25\/03\/2018","format":false,"excerpt":"Haydn : Oratorio avec orchestre et solistes \u201c Les Saisons\u201d (Die Jahreszeiten) Le choeur et l'orchestre du Festival Musique Cordiale avec solistes Direction: Graham Ross Dima Bawab,\u00a0soprano Julian Gregory,\u00a0t\u00e9nor Tristan Hambleton,\u00a0bass d\u00eener disponible aux membres apr\u00e9s le concert (pour l'acheter et r\u00e9server,vois ici)","rel":"","context":"Article similaire","block_context":{"text":"Article similaire","link":""},"img":{"alt_text":"","src":"https:\/\/i0.wp.com\/www.musique-cordiale.com\/wp-content\/uploads\/2011\/03\/2016-08-13-22.12.31-1-scaled.jpg?fit=1200%2C675&ssl=1&resize=350%2C200","width":350,"height":200,"srcset":"https:\/\/i0.wp.com\/www.musique-cordiale.com\/wp-content\/uploads\/2011\/03\/2016-08-13-22.12.31-1-scaled.jpg?fit=1200%2C675&ssl=1&resize=350%2C200 1x, https:\/\/i0.wp.com\/www.musique-cordiale.com\/wp-content\/uploads\/2011\/03\/2016-08-13-22.12.31-1-scaled.jpg?fit=1200%2C675&ssl=1&resize=525%2C300 1.5x, https:\/\/i0.wp.com\/www.musique-cordiale.com\/wp-content\/uploads\/2011\/03\/2016-08-13-22.12.31-1-scaled.jpg?fit=1200%2C675&ssl=1&resize=700%2C400 2x, https:\/\/i0.wp.com\/www.musique-cordiale.com\/wp-content\/uploads\/2011\/03\/2016-08-13-22.12.31-1-scaled.jpg?fit=1200%2C675&ssl=1&resize=1050%2C600 3x"},"classes":[]}],"_links":{"self":[{"href":"https:\/\/www.musique-cordiale.com\/fr\/wp-json\/wp\/v2\/product\/15050","targetHints":{"allow":["GET"]}}],"collection":[{"href":"https:\/\/www.musique-cordiale.com\/fr\/wp-json\/wp\/v2\/product"}],"about":[{"href":"https:\/\/www.musique-cordiale.com\/fr\/wp-json\/wp\/v2\/types\/product"}],"wp:featuredmedia":[{"embeddable":true,"href":"https:\/\/www.musique-cordiale.com\/fr\/wp-json\/wp\/v2\/media\/15694"}],"wp:attachment":[{"href":"https:\/\/www.musique-cordiale.com\/fr\/wp-json\/wp\/v2\/media?parent=15050"}],"wp:term":[{"taxonomy":"product_brand","embeddable":true,"href":"https:\/\/www.musique-cordiale.com\/fr\/wp-json\/wp\/v2\/product_brand?post=15050"},{"taxonomy":"product_cat","embeddable":true,"href":"https:\/\/www.musique-cordiale.com\/fr\/wp-json\/wp\/v2\/product_cat?post=15050"},{"taxonomy":"product_tag","embeddable":true,"href":"https:\/\/www.musique-cordiale.com\/fr\/wp-json\/wp\/v2\/product_tag?post=15050"},{"taxonomy":"venue","embeddable":true,"href":"https:\/\/www.musique-cordiale.com\/fr\/wp-json\/wp\/v2\/venue?post=15050"}],"curies":[{"name":"wp","href":"https:\/\/api.w.org\/{rel}","templated":true}]}}

Musique fabuleuse sous les étoiles &#8211; aires d&rsquo;opéra et symphonie orchestral

<h6>Concert avec solistes :<br />
Concerto pour violon de Tchaikovsky – et aires d’Opera<br />
<strong>Direction: James Lowe</strong></h6>
<h6>Dima Bawab, Kiera Lyness, <i>soprano<br />
</i>Charlotte King, <em>mezzo-soprano</em><br />
Aidan Coburn, Julian Gregory, <i>ténor<br />
</i>Tristan Hambleton, <i>bass<br />
</i>Jonathan Martindale, <i>violon</i></h6>
<h6><b>Tchaikovsky: Concerto pour violon et orchestre</b></h6>

Concert avec solistes : Concerto pour violon de Tchaikovsky – et aires d’Opera Direction: James Lowe Dima Bawab, Kiera Lyness, soprano Charlotte King, mezzo-soprano Aidan Coburn, Julian Gregory, ténor Tristan Hambleton, bass Jonathan Martindale, violon Tchaikovsky: Concerto pour violon et orchestre

Concert Annuel Académie et Orchestre

Direction: James Lowe Jonathan Martindale, violon Kiera Lyness, soprano Debussy: Prélude à « L’après-midi d’un faune » Barber: Knoxville Summer of 1915 Beethoven: Symphony n° 2 Tchaikovsky: Concerto pour violon

Festival closing concert: Haydn : Oratorio avec orchestre et solistes “ Les Saisons” (Die Jahreszeiten) Soloists with the Musique Cordiale Festival Choir & Orchestra Direction: Graham Ross Dima Bawab, soprano Julian Gregory, ténor Tristan Hambleton, bass   Dinner is available for purchase by members after the concert (reservation only)

« Sérénades d&rsquo;Amour » : Concert orchestral &#8211; avec airs &#8211; au coucher du soleil à Fayence : Théâtre Verdure, 21 h, 5 août 2025

« Sérénades d'amour » – au lever de la lune dans le romantique amphithéâtre de Fayence : Brahms, Elgar, Mendelssohn... et plus encore... 21h, Théâtre de Verdure de Fayence Le grand concert orchestral du Festival dans le magnifique amphithéâtre en plein air de Fayence Mendelssohn – Ouverture des Hébrides Elgar – Sérénade pour cordes…

Concert de clôture du festival: Oratorio DIE JAHRESZEITEN &#8211; Les Saisons de Haydn (en Allemand)

Haydn : Oratorio avec orchestre et solistes “ Les Saisons” (Die Jahreszeiten) Le choeur et l'orchestre du Festival Musique Cordiale avec solistes Direction: Graham Ross Dima Bawab, soprano Julian Gregory, ténor Tristan Hambleton, bass dîner disponible aux membres aprés le concert (pour l'acheter et réserver,vois ici)
