{"id":20399,"date":"2018-04-19T16:09:19","date_gmt":"2018-04-19T16:09:19","guid":{"rendered":"https:\/\/www.musique-cordiale.com\/?post_type=product&#038;p=20399"},"modified":"2019-08-18T10:28:16","modified_gmt":"2019-08-18T10:28:16","slug":"billet-pour-amis-ou-choeur-ballon-rouge-garden-party-musicaledomaine-de-meaulx-claviers-lundi-6-aout-2018","status":"publish","type":"product","link":"https:\/\/www.musique-cordiale.com\/fr\/boutique-billetterie\/billet-pour-amis-ou-choeur-ballon-rouge-garden-party-musicaledomaine-de-meaulx-claviers-lundi-6-aout-2018\/","title":{"rendered":"BILLET pour Amis ou Choeur: BALLON ROUGE: (\u00ab\u00a0Garden Party\u00a0\u00bb musicale), domaine de Meaulx, Claviers, lundi 6 ao\u00fbt 2018"},"content":{"rendered":"<p>Collations et vins: Parking et portes ouvertes \u00e0 partir de 17:45h<\/p>\n<p>&#8211; ap\u00e9ro seulement, pas de d\u00eener<\/p>\n<ul>\n<li>rabais \u00ab\u00a0early bird\u00a0\u00bb avant 30 juin<\/li>\n<\/ul>\n","protected":false},"excerpt":{"rendered":"<p>Collations et vins Parking et portes ouvertes \u00e0 partir de 17h:45<\/p>\n<p>&#8211; ap\u00e9ro seulement, pas de d\u00eener<\/p>\n<ul>\n<li>rabais \u00ab\u00a0early bird\u00a0\u00bb avant 30 juin<\/li>\n<\/ul>\n","protected":false},"featured_media":0,"template":"","meta":{"_acf_changed":false,"_monsterinsights_skip_tracking":false,"_monsterinsights_sitenote_active":false,"_monsterinsights_sitenote_note":"","_monsterinsights_sitenote_category":0,"_uf_show_specific_survey":0,"_uf_disable_surveys":false,"advanced_seo_description":"","jetpack_seo_html_title":"","jetpack_seo_noindex":false},"product_brand":[],"product_cat":[205],"product_tag":[287,219,281],"venue":[220],"class_list":{"0":"post-20399","1":"product","2":"type-product","3":"status-publish","5":"product_cat-uncategorized","6":"product_tag-ami-fr","7":"product_tag-billet-fr","8":"product_tag-ticket-fr","9":"venue-domaine-de-meaulx-d5-83830","11":"first","12":"instock","13":"virtual","14":"product-type-simple"},"acf":[],"jetpack_sharing_enabled":true,"jetpack-related-posts":[{"id":19838,"url":"https:\/\/www.musique-cordiale.com\/fr\/boutique-billetterie\/billet-musique-vin-et-dinatoire-classique-rencontre-le-jazz-au-vignoble-domaine-de-meaulx-claviers-lundi-6-aout-2018\/","url_meta":{"origin":20399,"position":0},"title":"Billet BALLON ROUGE: (\u00ab\u00a0Garden-Party\u00a0\u00bb musicale) &#8211; Classique rencontre le jazz au vignoble cin\u00e9astes, domaine de Meaulx, Claviers, lundi 6 ao\u00fbt 2018","author":"Jonathan Barker","date":"26\/03\/2018","format":false,"excerpt":"Collations et vins Parking et portes ouvertes \u00e0 partir de 18h - ap\u00e9ro seulement, pas de d\u00eener -rabais \"early bird\" jusqu'a 30 juin","rel":"","context":"Article similaire","block_context":{"text":"Article similaire","link":""},"img":{"alt_text":"","src":"","width":0,"height":0},"classes":[]},{"id":21269,"url":"https:\/\/www.musique-cordiale.com\/fr\/boutique-billetterie\/garden-party-avec-le-vin-des-cineastes\/","url_meta":{"origin":20399,"position":1},"title":"&lsquo;Garden-Party&rsquo; avec le Vin des Cin\u00e9astes &#8211; classique rencontre le jazz","author":"Lyndsey","date":"04\/06\/2018","format":false,"excerpt":"Une Garden-Party avec le vin des cin\u00e9astes: \u00a0buffet l\u00e9ger et ap\u00e9ritifs en d\u00e9but de soir\u00e9e 19.00 CONCERT Classique rencontre jazz intime dans le vignoble \u00a0 apero et apeitifs de 18h\u00a0(parking ouvert de 17:45) Beethoven: Quatuor \u00e0 cordes Op. 18 n\u00b04 Mendelssohn Octet, Jonathan Martindale, violon + Jazz trio: Floris Kappeyne;\u2026","rel":"","context":"Article similaire","block_context":{"text":"Article similaire","link":""},"img":{"alt_text":"","src":"https:\/\/i0.wp.com\/www.musique-cordiale.com\/wp-content\/uploads\/2018\/01\/2017-08-07-12.33.57-edited-scaled.jpg?fit=1200%2C900&ssl=1&resize=350%2C200","width":350,"height":200,"srcset":"https:\/\/i0.wp.com\/www.musique-cordiale.com\/wp-content\/uploads\/2018\/01\/2017-08-07-12.33.57-edited-scaled.jpg?fit=1200%2C900&ssl=1&resize=350%2C200 1x, https:\/\/i0.wp.com\/www.musique-cordiale.com\/wp-content\/uploads\/2018\/01\/2017-08-07-12.33.57-edited-scaled.jpg?fit=1200%2C900&ssl=1&resize=525%2C300 1.5x, https:\/\/i0.wp.com\/www.musique-cordiale.com\/wp-content\/uploads\/2018\/01\/2017-08-07-12.33.57-edited-scaled.jpg?fit=1200%2C900&ssl=1&resize=700%2C400 2x, https:\/\/i0.wp.com\/www.musique-cordiale.com\/wp-content\/uploads\/2018\/01\/2017-08-07-12.33.57-edited-scaled.jpg?fit=1200%2C900&ssl=1&resize=1050%2C600 3x"},"classes":[]},{"id":20225,"url":"https:\/\/www.musique-cordiale.com\/fr\/boutique-billetterie\/billet-pour-un-ami-du-festival-diner-et-vin-soiree-musicale-a-la-gloire-de-mon-pere-mercredi-8-aout-2018-copy\/","url_meta":{"origin":20399,"position":2},"title":"D\u00eener et vin &#8211; soir\u00e9e musicale sous les feuillages de la Place dy Thoron","author":"Jonathan Barker","date":"08\/04\/2018","format":false,"excerpt":"D\u00eener \u00e0 La Gloire de Mon P\u00e8re avec des performances de musiciens et solistes du festival & Jonny du Toit, guitare et voix Uniquement sur r\u00e9servation par 15h le 8 aout SVP.\u00a0 (Veuillez noter que nous regrettons que les commandes tardives (apr\u00e8s le jeudi 3 ao\u00fbt) peuvent devoir \u00eatre annul\u00e9es\u2026","rel":"","context":"Article similaire","block_context":{"text":"Article similaire","link":""},"img":{"alt_text":"","src":"https:\/\/i0.wp.com\/www.musique-cordiale.com\/wp-content\/uploads\/2017\/09\/P8090372-scaled.jpg?fit=1200%2C900&ssl=1&resize=350%2C200","width":350,"height":200,"srcset":"https:\/\/i0.wp.com\/www.musique-cordiale.com\/wp-content\/uploads\/2017\/09\/P8090372-scaled.jpg?fit=1200%2C900&ssl=1&resize=350%2C200 1x, https:\/\/i0.wp.com\/www.musique-cordiale.com\/wp-content\/uploads\/2017\/09\/P8090372-scaled.jpg?fit=1200%2C900&ssl=1&resize=525%2C300 1.5x, https:\/\/i0.wp.com\/www.musique-cordiale.com\/wp-content\/uploads\/2017\/09\/P8090372-scaled.jpg?fit=1200%2C900&ssl=1&resize=700%2C400 2x, https:\/\/i0.wp.com\/www.musique-cordiale.com\/wp-content\/uploads\/2017\/09\/P8090372-scaled.jpg?fit=1200%2C900&ssl=1&resize=1050%2C600 3x"},"classes":[]},{"id":31601,"url":"https:\/\/www.musique-cordiale.com\/fr\/boutique-billetterie\/rejoignez-le-choeur-avant-20-janvier-2020-reservations-anticipees-a\/","url_meta":{"origin":20399,"position":3},"title":"Rejoignez le choeur du Festival 2020 avant 20 janvier 2020: r\u00e9servations anticip\u00e9es (A) **","author":"Jonathan Barker","date":"09\/01\/2020","format":false,"excerpt":"Voir le formulaire d'inscription (version fran\u00e7aise \/ Euro \u20ac) ou la page d'informations du choeur 2020 pour plus de d\u00e9tails Veuillez noter que cette ann\u00e9e, en raison des incertitudes li\u00e9es au Brexit et \u00e0 l'emplacement, le processus de r\u00e9servation et d'inscription est diff\u00e9rent. L'inscription \u00e0 la chorale est OUVERTE MAINTENANT.\u2026","rel":"","context":"Article similaire","block_context":{"text":"Article similaire","link":""},"img":{"alt_text":"","src":"","width":0,"height":0},"classes":[]},{"id":20398,"url":"https:\/\/www.musique-cordiale.com\/programme-tickets\/friend-or-choir-billet-red-balloon-ticket-musical-garden-party-domaine-de-meaulx-claviers-6-august-2018\/","url_meta":{"origin":20399,"position":4},"title":"Billet AMI ou CHOEUR : RED BALLOON: Musical \u00ab\u00a0Garden Party\u00a0\u00bb -, Domaine de Meaulx, Claviers, 6 August 2018","author":"Jonathan Barker","date":"19\/04\/2018","format":false,"excerpt":"Snacks & wine. Parking and gates open from 18h - apero only, no dinner - reduced price for Choir or Friend of Festval -Early Bird discount until 30 June","rel":"","context":"Article similaire","block_context":{"text":"Article similaire","link":""},"img":{"alt_text":"","src":"","width":0,"height":0},"classes":[]},{"id":23207,"url":"https:\/\/www.musique-cordiale.com\/programme-tickets\/billet-ami-ou-choeur-red-balloon-musical-garden-party-domaine-de-meaulx-claviers-6-august-2018\/","url_meta":{"origin":20399,"position":5},"title":"Billet AMI ou CHOEUR : RED BALLOON: Musical \u00ab\u00a0Garden Party\u00a0\u00bb -, Domaine de Meaulx, Claviers, 6 August 2018","author":"Jonathan Barker","date":"26\/03\/2019","format":false,"excerpt":"Snacks & wine. Parking and gates open from 18h - apero only, no dinner - reduced price for Choir or Friend of Festval -Early Bird discount until 30 June","rel":"","context":"Article similaire","block_context":{"text":"Article similaire","link":""},"img":{"alt_text":"","src":"","width":0,"height":0},"classes":[]}],"_links":{"self":[{"href":"https:\/\/www.musique-cordiale.com\/fr\/wp-json\/wp\/v2\/product\/20399","targetHints":{"allow":["GET"]}}],"collection":[{"href":"https:\/\/www.musique-cordiale.com\/fr\/wp-json\/wp\/v2\/product"}],"about":[{"href":"https:\/\/www.musique-cordiale.com\/fr\/wp-json\/wp\/v2\/types\/product"}],"wp:attachment":[{"href":"https:\/\/www.musique-cordiale.com\/fr\/wp-json\/wp\/v2\/media?parent=20399"}],"wp:term":[{"taxonomy":"product_brand","embeddable":true,"href":"https:\/\/www.musique-cordiale.com\/fr\/wp-json\/wp\/v2\/product_brand?post=20399"},{"taxonomy":"product_cat","embeddable":true,"href":"https:\/\/www.musique-cordiale.com\/fr\/wp-json\/wp\/v2\/product_cat?post=20399"},{"taxonomy":"product_tag","embeddable":true,"href":"https:\/\/www.musique-cordiale.com\/fr\/wp-json\/wp\/v2\/product_tag?post=20399"},{"taxonomy":"venue","embeddable":true,"href":"https:\/\/www.musique-cordiale.com\/fr\/wp-json\/wp\/v2\/venue?post=20399"}],"curies":[{"name":"wp","href":"https:\/\/api.w.org\/{rel}","templated":true}]}}

BILLET pour Amis ou Choeur: BALLON ROUGE: (« Garden Party » musicale), domaine de Meaulx, Claviers, lundi 6 août 2018

<p>Collations et vins: Parking et portes ouvertes à partir de 17:45h</p>
<p>&#8211; apéro seulement, pas de dîner</p>
<ul>
<li>rabais « early bird » avant 30 juin</li>
</ul>

<p>Collations et vins Parking et portes ouvertes à partir de 17h:45</p>
<p>&#8211; apéro seulement, pas de dîner</p>
<ul>
<li>rabais « early bird » avant 30 juin</li>
</ul>

Billet BALLON ROUGE: (« Garden-Party » musicale) &#8211; Classique rencontre le jazz au vignoble cinéastes, domaine de Meaulx, Claviers, lundi 6 août 2018

Collations et vins Parking et portes ouvertes à partir de 18h - apéro seulement, pas de dîner -rabais "early bird" jusqu'a 30 juin

&lsquo;Garden-Party&rsquo; avec le Vin des Cinéastes &#8211; classique rencontre le jazz

Une Garden-Party avec le vin des cinéastes:  buffet léger et apéritifs en début de soirée 19.00 CONCERT Classique rencontre jazz intime dans le vignoble   apero et apeitifs de 18h (parking ouvert de 17:45) Beethoven: Quatuor à cordes Op. 18 n°4 Mendelssohn Octet, Jonathan Martindale, violon + Jazz trio: Floris Kappeyne;…

Dîner et vin &#8211; soirée musicale sous les feuillages de la Place dy Thoron

Dîner à La Gloire de Mon Père avec des performances de musiciens et solistes du festival & Jonny du Toit, guitare et voix Uniquement sur réservation par 15h le 8 aout SVP.  (Veuillez noter que nous regrettons que les commandes tardives (après le jeudi 3 août) peuvent devoir être annulées…

Rejoignez le choeur du Festival 2020 avant 20 janvier 2020: réservations anticipées (A) **

Voir le formulaire d'inscription (version française / Euro €) ou la page d'informations du choeur 2020 pour plus de détails Veuillez noter que cette année, en raison des incertitudes liées au Brexit et à l'emplacement, le processus de réservation et d'inscription est différent. L'inscription à la chorale est OUVERTE MAINTENANT.…
