{"id":21131,"date":"2018-06-09T13:43:04","date_gmt":"2018-06-09T13:43:04","guid":{"rendered":"https:\/\/www.musique-cordiale.com\/?post_type=product&#038;p=21131"},"modified":"2019-08-18T10:15:47","modified_gmt":"2019-08-18T10:15:47","slug":"concert-de-midi","status":"publish","type":"product","link":"https:\/\/www.musique-cordiale.com\/fr\/boutique-billetterie\/concert-de-midi\/","title":{"rendered":"Concert de Midi"},"content":{"rendered":"<h6>Concert de midi<\/h6>\n<h6><em><strong>Entr\u00e9e Gratuite<\/strong><\/em><\/h6>\n","protected":false},"excerpt":{"rendered":"<h6>Concert de midi<\/h6>\n<h6><em><strong>Entr\u00e9e Gratuite<\/strong><\/em><\/h6>\n","protected":false},"featured_media":15767,"template":"","meta":{"_acf_changed":false,"_monsterinsights_skip_tracking":false,"_monsterinsights_sitenote_active":false,"_monsterinsights_sitenote_note":"","_monsterinsights_sitenote_category":0,"_uf_show_specific_survey":0,"_uf_disable_surveys":false,"advanced_seo_description":"","jetpack_seo_html_title":"","jetpack_seo_noindex":false},"product_brand":[],"product_cat":[224,258],"product_tag":[],"venue":[146,244],"class_list":{"0":"post-21131","1":"product","2":"type-product","3":"status-publish","4":"has-post-thumbnail","6":"product_cat-festival-2018-fr","7":"product_cat-no-tickets","8":"venue-chapelle-notre-dame-des-cypres","9":"venue-fayence","11":"first","12":"outofstock","13":"virtual","14":"purchasable","15":"product-type-simple"},"acf":[],"jetpack_sharing_enabled":true,"jetpack-related-posts":[{"id":21102,"url":"https:\/\/www.musique-cordiale.com\/fr\/boutique-billetterie\/concert-schubert-quintette-a-cordes\/","url_meta":{"origin":21131,"position":0},"title":"Concert: Schubert Quintette a Cordes","author":"Lyndsey","date":"08\/06\/2018","format":false,"excerpt":"Concert de midi SCHUBERT QUINTETTE \u00c0 CORDES Entr\u00e9e Gratuite","rel":"","context":"Article similaire","block_context":{"text":"Article similaire","link":""},"img":{"alt_text":"","src":"https:\/\/i0.wp.com\/www.musique-cordiale.com\/wp-content\/uploads\/2018\/01\/2017-08-07-12.33.57-edited-scaled.jpg?fit=1200%2C900&ssl=1&resize=350%2C200","width":350,"height":200,"srcset":"https:\/\/i0.wp.com\/www.musique-cordiale.com\/wp-content\/uploads\/2018\/01\/2017-08-07-12.33.57-edited-scaled.jpg?fit=1200%2C900&ssl=1&resize=350%2C200 1x, https:\/\/i0.wp.com\/www.musique-cordiale.com\/wp-content\/uploads\/2018\/01\/2017-08-07-12.33.57-edited-scaled.jpg?fit=1200%2C900&ssl=1&resize=525%2C300 1.5x, https:\/\/i0.wp.com\/www.musique-cordiale.com\/wp-content\/uploads\/2018\/01\/2017-08-07-12.33.57-edited-scaled.jpg?fit=1200%2C900&ssl=1&resize=700%2C400 2x, https:\/\/i0.wp.com\/www.musique-cordiale.com\/wp-content\/uploads\/2018\/01\/2017-08-07-12.33.57-edited-scaled.jpg?fit=1200%2C900&ssl=1&resize=1050%2C600 3x"},"classes":[]},{"id":39721,"url":"https:\/\/www.musique-cordiale.com\/fr\/boutique-billetterie\/bienvenue-aux-concerts-de-midi\/","url_meta":{"origin":21131,"position":1},"title":"Bienvenue aux concerts de midi","author":"Lyndsey","date":"02\/06\/2023","format":false,"excerpt":"FREE ENTRY - Entr\u00e9e Gratuite","rel":"","context":"Article similaire","block_context":{"text":"Article similaire","link":""},"img":{"alt_text":"","src":"https:\/\/i0.wp.com\/www.musique-cordiale.com\/wp-content\/uploads\/2019\/12\/WhatsApp-Image-2019-12-17-at-15.32.03.jpeg?fit=1200%2C584&ssl=1&resize=350%2C200","width":350,"height":200,"srcset":"https:\/\/i0.wp.com\/www.musique-cordiale.com\/wp-content\/uploads\/2019\/12\/WhatsApp-Image-2019-12-17-at-15.32.03.jpeg?fit=1200%2C584&ssl=1&resize=350%2C200 1x, https:\/\/i0.wp.com\/www.musique-cordiale.com\/wp-content\/uploads\/2019\/12\/WhatsApp-Image-2019-12-17-at-15.32.03.jpeg?fit=1200%2C584&ssl=1&resize=525%2C300 1.5x, https:\/\/i0.wp.com\/www.musique-cordiale.com\/wp-content\/uploads\/2019\/12\/WhatsApp-Image-2019-12-17-at-15.32.03.jpeg?fit=1200%2C584&ssl=1&resize=700%2C400 2x, https:\/\/i0.wp.com\/www.musique-cordiale.com\/wp-content\/uploads\/2019\/12\/WhatsApp-Image-2019-12-17-at-15.32.03.jpeg?fit=1200%2C584&ssl=1&resize=1050%2C600 3x"},"classes":[]},{"id":15048,"url":"https:\/\/www.musique-cordiale.com\/fr\/boutique-billetterie\/concert-de-midi-lundi-7-aout\/","url_meta":{"origin":21131,"position":2},"title":"Concert de midi","author":"Lyndsey","date":"17\/02\/2017","format":false,"excerpt":"Entr\u00e9e gratuite et sans r\u00e9servation, dans la limite des places disponibles Dur\u00e9e de 45 \u00e0 60 minutes","rel":"","context":"Article similaire","block_context":{"text":"Article similaire","link":""},"img":{"alt_text":"","src":"https:\/\/i0.wp.com\/www.musique-cordiale.com\/wp-content\/uploads\/2013\/01\/IMG_2249-M-C-2010-Academy-orchestra-a-scaled.jpg?fit=1200%2C1195&ssl=1&resize=350%2C200","width":350,"height":200,"srcset":"https:\/\/i0.wp.com\/www.musique-cordiale.com\/wp-content\/uploads\/2013\/01\/IMG_2249-M-C-2010-Academy-orchestra-a-scaled.jpg?fit=1200%2C1195&ssl=1&resize=350%2C200 1x, https:\/\/i0.wp.com\/www.musique-cordiale.com\/wp-content\/uploads\/2013\/01\/IMG_2249-M-C-2010-Academy-orchestra-a-scaled.jpg?fit=1200%2C1195&ssl=1&resize=525%2C300 1.5x, https:\/\/i0.wp.com\/www.musique-cordiale.com\/wp-content\/uploads\/2013\/01\/IMG_2249-M-C-2010-Academy-orchestra-a-scaled.jpg?fit=1200%2C1195&ssl=1&resize=700%2C400 2x, https:\/\/i0.wp.com\/www.musique-cordiale.com\/wp-content\/uploads\/2013\/01\/IMG_2249-M-C-2010-Academy-orchestra-a-scaled.jpg?fit=1200%2C1195&ssl=1&resize=1050%2C600 3x"},"classes":[]},{"id":15040,"url":"https:\/\/www.musique-cordiale.com\/fr\/boutique-billetterie\/concert-de-midi-mardi-1-aout\/","url_meta":{"origin":21131,"position":3},"title":"Concert de midi","author":"Lyndsey","date":"17\/02\/2017","format":false,"excerpt":"Entr\u00e9e gratuite et sans r\u00e9servation, dans la limite des places disponibles Dur\u00e9e de 45 \u00e0 60 minutes","rel":"","context":"Article similaire","block_context":{"text":"Article similaire","link":""},"img":{"alt_text":"","src":"https:\/\/i0.wp.com\/www.musique-cordiale.com\/wp-content\/uploads\/2017\/02\/lunchtime-concert.jpg?fit=600%2C800&ssl=1&resize=350%2C200","width":350,"height":200,"srcset":"https:\/\/i0.wp.com\/www.musique-cordiale.com\/wp-content\/uploads\/2017\/02\/lunchtime-concert.jpg?fit=600%2C800&ssl=1&resize=350%2C200 1x, https:\/\/i0.wp.com\/www.musique-cordiale.com\/wp-content\/uploads\/2017\/02\/lunchtime-concert.jpg?fit=600%2C800&ssl=1&resize=525%2C300 1.5x"},"classes":[]},{"id":15044,"url":"https:\/\/www.musique-cordiale.com\/fr\/boutique-billetterie\/concert-de-midi-vendredi-4-aout\/","url_meta":{"origin":21131,"position":4},"title":"Concert de midi","author":"Lyndsey","date":"17\/02\/2017","format":false,"excerpt":"Entr\u00e9e gratuite et sans r\u00e9servation, dans la limite des places disponibles Dur\u00e9e de 45 \u00e0 60 minutes","rel":"","context":"Article similaire","block_context":{"text":"Article similaire","link":""},"img":{"alt_text":"","src":"https:\/\/i0.wp.com\/www.musique-cordiale.com\/wp-content\/uploads\/2017\/02\/end-of-a-lunchtime-concert-in-a-small-old-chapel.jpg?fit=1200%2C800&ssl=1&resize=350%2C200","width":350,"height":200,"srcset":"https:\/\/i0.wp.com\/www.musique-cordiale.com\/wp-content\/uploads\/2017\/02\/end-of-a-lunchtime-concert-in-a-small-old-chapel.jpg?fit=1200%2C800&ssl=1&resize=350%2C200 1x, https:\/\/i0.wp.com\/www.musique-cordiale.com\/wp-content\/uploads\/2017\/02\/end-of-a-lunchtime-concert-in-a-small-old-chapel.jpg?fit=1200%2C800&ssl=1&resize=525%2C300 1.5x, https:\/\/i0.wp.com\/www.musique-cordiale.com\/wp-content\/uploads\/2017\/02\/end-of-a-lunchtime-concert-in-a-small-old-chapel.jpg?fit=1200%2C800&ssl=1&resize=700%2C400 2x, https:\/\/i0.wp.com\/www.musique-cordiale.com\/wp-content\/uploads\/2017\/02\/end-of-a-lunchtime-concert-in-a-small-old-chapel.jpg?fit=1200%2C800&ssl=1&resize=1050%2C600 3x"},"classes":[]},{"id":15042,"url":"https:\/\/www.musique-cordiale.com\/fr\/boutique-billetterie\/concert-de-midi-jeudi-3-aout\/","url_meta":{"origin":21131,"position":5},"title":"Concert de midi","author":"Lyndsey","date":"17\/02\/2017","format":false,"excerpt":"Entr\u00e9e gratuite et sans r\u00e9servation, dans la limite des places disponibles Dur\u00e9e de 45 \u00e0 60 minutes","rel":"","context":"Article similaire","block_context":{"text":"Article similaire","link":""},"img":{"alt_text":"","src":"https:\/\/i0.wp.com\/www.musique-cordiale.com\/wp-content\/uploads\/2017\/02\/lunchtime-concert.jpg?fit=600%2C800&ssl=1&resize=350%2C200","width":350,"height":200,"srcset":"https:\/\/i0.wp.com\/www.musique-cordiale.com\/wp-content\/uploads\/2017\/02\/lunchtime-concert.jpg?fit=600%2C800&ssl=1&resize=350%2C200 1x, https:\/\/i0.wp.com\/www.musique-cordiale.com\/wp-content\/uploads\/2017\/02\/lunchtime-concert.jpg?fit=600%2C800&ssl=1&resize=525%2C300 1.5x"},"classes":[]}],"_links":{"self":[{"href":"https:\/\/www.musique-cordiale.com\/fr\/wp-json\/wp\/v2\/product\/21131","targetHints":{"allow":["GET"]}}],"collection":[{"href":"https:\/\/www.musique-cordiale.com\/fr\/wp-json\/wp\/v2\/product"}],"about":[{"href":"https:\/\/www.musique-cordiale.com\/fr\/wp-json\/wp\/v2\/types\/product"}],"wp:featuredmedia":[{"embeddable":true,"href":"https:\/\/www.musique-cordiale.com\/fr\/wp-json\/wp\/v2\/media\/15767"}],"wp:attachment":[{"href":"https:\/\/www.musique-cordiale.com\/fr\/wp-json\/wp\/v2\/media?parent=21131"}],"wp:term":[{"taxonomy":"product_brand","embeddable":true,"href":"https:\/\/www.musique-cordiale.com\/fr\/wp-json\/wp\/v2\/product_brand?post=21131"},{"taxonomy":"product_cat","embeddable":true,"href":"https:\/\/www.musique-cordiale.com\/fr\/wp-json\/wp\/v2\/product_cat?post=21131"},{"taxonomy":"product_tag","embeddable":true,"href":"https:\/\/www.musique-cordiale.com\/fr\/wp-json\/wp\/v2\/product_tag?post=21131"},{"taxonomy":"venue","embeddable":true,"href":"https:\/\/www.musique-cordiale.com\/fr\/wp-json\/wp\/v2\/venue?post=21131"}],"curies":[{"name":"wp","href":"https:\/\/api.w.org\/{rel}","templated":true}]}}

<h6>Concert de midi</h6>
<h6><em><strong>Entrée Gratuite</strong></em></h6>

Concert de midi SCHUBERT QUINTETTE À CORDES Entrée Gratuite

FREE ENTRY - Entrée Gratuite

Entrée gratuite et sans réservation, dans la limite des places disponibles Durée de 45 à 60 minutes
