{"id":23367,"date":"2019-03-27T14:33:48","date_gmt":"2019-03-27T14:33:48","guid":{"rendered":"https:\/\/www.musique-cordiale.com\/shop-box-office\/non%20class\u00e9\/2019-08-14-a-cappella-montauroux\/"},"modified":"2019-08-18T10:22:11","modified_gmt":"2019-08-18T10:22:11","slug":"2019-08-14-a-cappella-montauroux","status":"publish","type":"product","link":"https:\/\/www.musique-cordiale.com\/fr\/boutique-billetterie\/2019-08-14-a-cappella-montauroux\/","title":{"rendered":"BILLET: Concert a Capella &#8211; Montauroux, mercredi 14 ao\u00fbt 2019"},"content":{"rendered":"<p><b>Mercredi 14\u00a0<strong>ao\u00fbt<\/strong>\u00a019.00<br \/>\nEglise de Montauroux\u00a0 \u00a0 \u00a0 \u00a0 \u00a0<\/b><br \/>\n<strong>Concert a Capella<\/strong><b><br \/>\n<\/b>Ch\u0153ur du Festival<b><br \/>\n<\/b><i>Direction: Graham Ross<\/i><br \/>\nRAMSEY How are the mighty fallen<br \/>\nBACH Komm, Jesu, Komm<br \/>\nBYRD Ave verum Corpus<br \/>\nTALLIS If ye love me<br \/>\nLAURIDSEN O Magnum Mysterium<br \/>\nMARTIN Messe pour double ch\u0153ur<b>\u00a020\u20ac \/ 30\u20ac<\/b><em>(premium)<\/em><\/p>\n","protected":false},"excerpt":{"rendered":"<p><b>Mercredi 14\u00a0<strong>ao\u00fbt<\/strong>\u00a019.00<br \/>\nEglise de Montauroux\u00a0 \u00a0 \u00a0 \u00a0 \u00a0<\/b><br \/>\n<strong>Concert a Capella<\/strong><b><br \/>\n<\/b>Ch\u0153ur du Festival<b><br \/>\n<\/b><i>Direction: Graham Ross<\/i><br \/>\nRAMSEY How are the mighty fallen<br \/>\nBACH Komm, Jesu, Komm<br \/>\nBYRD Ave verum Corpus<br \/>\nTALLIS If ye love me<br \/>\nLAURIDSEN O Magnum Mysterium<br \/>\nMARTIN Messe pour double ch\u0153ur<b>\u00a020\u20ac \/ 30\u20ac<\/b><em>(premium)<\/em><\/p>\n","protected":false},"featured_media":0,"template":"","meta":{"_acf_changed":false,"_monsterinsights_skip_tracking":false,"_monsterinsights_sitenote_active":false,"_monsterinsights_sitenote_note":"","_monsterinsights_sitenote_category":0,"_uf_show_specific_survey":0,"_uf_disable_surveys":false,"advanced_seo_description":"","jetpack_seo_html_title":"","jetpack_seo_noindex":false},"product_brand":[],"product_cat":[275,276],"product_tag":[219,281],"venue":[150,227],"class_list":{"0":"post-23367","1":"product","2":"type-product","3":"status-publish","5":"product_cat-billet-varies-fr","6":"product_cat-festival-2019-fr","7":"product_tag-billet-fr","8":"product_tag-ticket-fr","9":"venue-saint-barthelemy-montauroux","10":"venue-montauroux","12":"first","13":"instock","14":"shipping-taxable","15":"product-type-variable"},"acf":[],"jetpack_sharing_enabled":true,"jetpack-related-posts":[{"id":23363,"url":"https:\/\/www.musique-cordiale.com\/programme-tickets\/2019-08-14-a-cappella-montauroux\/","url_meta":{"origin":23367,"position":0},"title":"TICKET: Concert a Capella &#8211; Montauroux, Wednesday 14 August 2019","author":"Jonathan Barker","date":"27\/03\/2019","format":false,"excerpt":"Mercredi 14\u00a0ao\u00fbt\u00a019.00 Eglise de Montauroux\u00a0 \u00a0 \u00a0 \u00a0 \u00a0 Concert a Capella Ch\u0153ur du Festival Direction: Graham Ross RAMSEY How are the mighty fallen BACH Komm, Jesu, Komm BYRD Ave verum Corpus TALLIS If ye love me LAURIDSEN O Magnum Mysterium MARTIN Messe pour double ch\u0153ur\u00a020\u20ac \/ 30\u20ac(premium)","rel":"","context":"Article similaire","block_context":{"text":"Article similaire","link":""},"img":{"alt_text":"","src":"","width":0,"height":0},"classes":[]},{"id":19866,"url":"https:\/\/www.musique-cordiale.com\/fr\/boutique-billetterie\/billet-fete-allemande-des-voix-chorales-a-cappella-de-bach-schutz-seillans-10-aout-2018\/","url_meta":{"origin":23367,"position":1},"title":"F\u00eate allemande des voix chorales: \u00abA cappella\u00bb de Bach &#038; Schutz","author":"Jonathan Barker","date":"26\/03\/2018","format":false,"excerpt":"Concert a cappella: A German Feast of Choral Voices Choeur du Festival Musique Cordiale Direction: Graham Ross J S Bach \u201cJesu meine Freude\u201d Schutz Deutsches Magnificat Schutz\u00a0\u201cHerr, nun l\u00e4ssest du deinen Diener\u201d Bach \u201cLobet den Herrn\u201d","rel":"","context":"Article similaire","block_context":{"text":"Article similaire","link":""},"img":{"alt_text":"","src":"https:\/\/i0.wp.com\/www.musique-cordiale.com\/wp-content\/uploads\/2011\/03\/MC-choir-2017-scaled.jpg?fit=1200%2C510&ssl=1&resize=350%2C200","width":350,"height":200,"srcset":"https:\/\/i0.wp.com\/www.musique-cordiale.com\/wp-content\/uploads\/2011\/03\/MC-choir-2017-scaled.jpg?fit=1200%2C510&ssl=1&resize=350%2C200 1x, https:\/\/i0.wp.com\/www.musique-cordiale.com\/wp-content\/uploads\/2011\/03\/MC-choir-2017-scaled.jpg?fit=1200%2C510&ssl=1&resize=525%2C300 1.5x, https:\/\/i0.wp.com\/www.musique-cordiale.com\/wp-content\/uploads\/2011\/03\/MC-choir-2017-scaled.jpg?fit=1200%2C510&ssl=1&resize=700%2C400 2x, https:\/\/i0.wp.com\/www.musique-cordiale.com\/wp-content\/uploads\/2011\/03\/MC-choir-2017-scaled.jpg?fit=1200%2C510&ssl=1&resize=1050%2C600 3x"},"classes":[]},{"id":48587,"url":"https:\/\/www.musique-cordiale.com\/fr\/boutique-billetterie\/8-aout-2025-concerts-a-12h30-eglise-de-seillans-a-capella-anniversaires-a-travers-les-ages-et-a-19h-eglise-de-st-paul-en-foret-le-virtuose\/","url_meta":{"origin":23367,"position":2},"title":"&lsquo;A Cappella&rsquo; : Anniversaires \u00e0 travers les \u00e2ges, D\u00e9licieux CONCERT CHORAL GRATUIT \u00e0 l&rsquo;\u00c9GLISE DE SEILLANS, le 8 ao\u00fbt 2025, 12h30","author":"Jonathan Barker","date":"21\/04\/2025","format":false,"excerpt":"D\u00e9licieux concert choral a cappella - \u00ab\u00a02025\u00a0: Anniversaires \u00e0 travers les \u00e2ges\u00a0\u00bb \u00c9glise de SEILLANS, 12h30 o Palestrina - Sicut Cervus o Blitheman - In Pace o Gibbons - O Clap Your Hands o Scarlatti - Exulate Deo o Coleridge-Taylor - All My Stars Forsake Me o Bennett - Come\u2026","rel":"","context":"Article similaire","block_context":{"text":"Article similaire","link":""},"img":{"alt_text":"","src":"https:\/\/i0.wp.com\/www.musique-cordiale.com\/wp-content\/uploads\/2025\/04\/IMG-20250423-WA00151-choir-rehearsal-2024.jpg?fit=1200%2C469&ssl=1&resize=350%2C200","width":350,"height":200,"srcset":"https:\/\/i0.wp.com\/www.musique-cordiale.com\/wp-content\/uploads\/2025\/04\/IMG-20250423-WA00151-choir-rehearsal-2024.jpg?fit=1200%2C469&ssl=1&resize=350%2C200 1x, https:\/\/i0.wp.com\/www.musique-cordiale.com\/wp-content\/uploads\/2025\/04\/IMG-20250423-WA00151-choir-rehearsal-2024.jpg?fit=1200%2C469&ssl=1&resize=525%2C300 1.5x, https:\/\/i0.wp.com\/www.musique-cordiale.com\/wp-content\/uploads\/2025\/04\/IMG-20250423-WA00151-choir-rehearsal-2024.jpg?fit=1200%2C469&ssl=1&resize=700%2C400 2x, https:\/\/i0.wp.com\/www.musique-cordiale.com\/wp-content\/uploads\/2025\/04\/IMG-20250423-WA00151-choir-rehearsal-2024.jpg?fit=1200%2C469&ssl=1&resize=1050%2C600 3x"},"classes":[]},{"id":23261,"url":"https:\/\/www.musique-cordiale.com\/fr\/boutique-billetterie\/concert-de-cloture-du-festival-oratorio-saul\/","url_meta":{"origin":23367,"position":3},"title":"BILLET: Concert de cl\u00f4ture du festival: Oratorio \u00abSAUL\u00bb de Haendel, Seillans, 17 ao\u00fbt 2019","author":"Jonathan Barker","date":"26\/03\/2019","format":false,"excerpt":"Samedi 17 a\u00f4ut 19.00 Eglise de Seillans\u00a0\u00a0\u00a0\u00a0\u00a0 25\u20ac\/ 30\u20ac (balcon) 40\u20ac (premium)\u00a0R\u00e9servez t\u00f4t: disponibilit\u00e9 limit\u00e9e! Concert d\u2019Oratorio \u2013 concert de cloture du festival Ch\u0153ur et l\u2019Orchestre du Festival avec solistes Direction: Graham Ross \u00ab Saul \u00bb de HAENDEL Emily Vine, Dima Bawab \u2013 soprano Julian Gregory, Michael Johnston \u2013\u00a0 tenor\u2026","rel":"","context":"Article similaire","block_context":{"text":"Article similaire","link":""},"img":{"alt_text":"","src":"https:\/\/i0.wp.com\/www.musique-cordiale.com\/wp-content\/uploads\/2011\/03\/2016-08-13-22.12.31-1-scaled.jpg?fit=1200%2C675&ssl=1&resize=350%2C200","width":350,"height":200,"srcset":"https:\/\/i0.wp.com\/www.musique-cordiale.com\/wp-content\/uploads\/2011\/03\/2016-08-13-22.12.31-1-scaled.jpg?fit=1200%2C675&ssl=1&resize=350%2C200 1x, https:\/\/i0.wp.com\/www.musique-cordiale.com\/wp-content\/uploads\/2011\/03\/2016-08-13-22.12.31-1-scaled.jpg?fit=1200%2C675&ssl=1&resize=525%2C300 1.5x, https:\/\/i0.wp.com\/www.musique-cordiale.com\/wp-content\/uploads\/2011\/03\/2016-08-13-22.12.31-1-scaled.jpg?fit=1200%2C675&ssl=1&resize=700%2C400 2x, https:\/\/i0.wp.com\/www.musique-cordiale.com\/wp-content\/uploads\/2011\/03\/2016-08-13-22.12.31-1-scaled.jpg?fit=1200%2C675&ssl=1&resize=1050%2C600 3x"},"classes":[]},{"id":23225,"url":"https:\/\/www.musique-cordiale.com\/programme-tickets\/a-german-feast-of-choral-voices-a-cappella-works-of-bach-schutz\/","url_meta":{"origin":23367,"position":4},"title":"A German Feast of choral voices: &lsquo;A cappella&rsquo; works of Bach &#038; Schutz","author":"Jonathan Barker","date":"26\/03\/2019","format":false,"excerpt":"Concert a cappella: A German Feast of Choral Voices Direction: Graham Ross J S Bach \u201cJesu meine Freude\u201d Schutz Deutsches Magnificat Schutz\u00a0\u201cHerr, nun l\u00e4ssest du deinen Diener\u201d Bach \u201cLobet den Herrn\u201d","rel":"","context":"Article similaire","block_context":{"text":"Article similaire","link":""},"img":{"alt_text":"","src":"https:\/\/i0.wp.com\/www.musique-cordiale.com\/wp-content\/uploads\/2011\/03\/MC-choir-2017-scaled.jpg?fit=1200%2C510&ssl=1&resize=350%2C200","width":350,"height":200,"srcset":"https:\/\/i0.wp.com\/www.musique-cordiale.com\/wp-content\/uploads\/2011\/03\/MC-choir-2017-scaled.jpg?fit=1200%2C510&ssl=1&resize=350%2C200 1x, https:\/\/i0.wp.com\/www.musique-cordiale.com\/wp-content\/uploads\/2011\/03\/MC-choir-2017-scaled.jpg?fit=1200%2C510&ssl=1&resize=525%2C300 1.5x, https:\/\/i0.wp.com\/www.musique-cordiale.com\/wp-content\/uploads\/2011\/03\/MC-choir-2017-scaled.jpg?fit=1200%2C510&ssl=1&resize=700%2C400 2x, https:\/\/i0.wp.com\/www.musique-cordiale.com\/wp-content\/uploads\/2011\/03\/MC-choir-2017-scaled.jpg?fit=1200%2C510&ssl=1&resize=1050%2C600 3x"},"classes":[]},{"id":23257,"url":"https:\/\/www.musique-cordiale.com\/programme-tickets\/final-oratorio-concert-saul-17-aug-2019\/","url_meta":{"origin":23367,"position":5},"title":"TICKET: Final Oratorio Concert: Handel&rsquo;s \u00ab\u00a0SAUL\u00a0\u00bb &#8211; Seillans, Saturday 17 August 2019 &#8211; concert de cl\u00f4ture du Festival","author":"Jonathan Barker","date":"26\/03\/2019","format":false,"excerpt":"Samedi 17 a\u00f4ut 19.00 Eglise de Seillans\u00a0\u00a0\u00a0\u00a0\u00a0 25\u20ac\/ 30\u20ac\/ 40\u20ac\u00a0(premium)\u00a0R\u00e9servez t\u00f4t: disponibilit\u00e9 limit\u00e9e! Concert d\u2019Oratorio \u2013 concert de cloture du festival Ch\u0153ur et l\u2019Orchestre du Festival avec solistes Direction: Graham Ross Emily Vine, Dima Bawab - soprano, Isabel Pfefferkorn (mezzo-soprano) Julian Gregory, Michael Johnston -\u00a0 tenor Frederick Long - basse\u2026","rel":"","context":"Article similaire","block_context":{"text":"Article similaire","link":""},"img":{"alt_text":"","src":"https:\/\/i0.wp.com\/www.musique-cordiale.com\/wp-content\/uploads\/2011\/03\/2016-08-13-22.12.31-1-scaled.jpg?fit=1200%2C675&ssl=1&resize=350%2C200","width":350,"height":200,"srcset":"https:\/\/i0.wp.com\/www.musique-cordiale.com\/wp-content\/uploads\/2011\/03\/2016-08-13-22.12.31-1-scaled.jpg?fit=1200%2C675&ssl=1&resize=350%2C200 1x, https:\/\/i0.wp.com\/www.musique-cordiale.com\/wp-content\/uploads\/2011\/03\/2016-08-13-22.12.31-1-scaled.jpg?fit=1200%2C675&ssl=1&resize=525%2C300 1.5x, https:\/\/i0.wp.com\/www.musique-cordiale.com\/wp-content\/uploads\/2011\/03\/2016-08-13-22.12.31-1-scaled.jpg?fit=1200%2C675&ssl=1&resize=700%2C400 2x, https:\/\/i0.wp.com\/www.musique-cordiale.com\/wp-content\/uploads\/2011\/03\/2016-08-13-22.12.31-1-scaled.jpg?fit=1200%2C675&ssl=1&resize=1050%2C600 3x"},"classes":[]}],"_links":{"self":[{"href":"https:\/\/www.musique-cordiale.com\/fr\/wp-json\/wp\/v2\/product\/23367","targetHints":{"allow":["GET"]}}],"collection":[{"href":"https:\/\/www.musique-cordiale.com\/fr\/wp-json\/wp\/v2\/product"}],"about":[{"href":"https:\/\/www.musique-cordiale.com\/fr\/wp-json\/wp\/v2\/types\/product"}],"wp:attachment":[{"href":"https:\/\/www.musique-cordiale.com\/fr\/wp-json\/wp\/v2\/media?parent=23367"}],"wp:term":[{"taxonomy":"product_brand","embeddable":true,"href":"https:\/\/www.musique-cordiale.com\/fr\/wp-json\/wp\/v2\/product_brand?post=23367"},{"taxonomy":"product_cat","embeddable":true,"href":"https:\/\/www.musique-cordiale.com\/fr\/wp-json\/wp\/v2\/product_cat?post=23367"},{"taxonomy":"product_tag","embeddable":true,"href":"https:\/\/www.musique-cordiale.com\/fr\/wp-json\/wp\/v2\/product_tag?post=23367"},{"taxonomy":"venue","embeddable":true,"href":"https:\/\/www.musique-cordiale.com\/fr\/wp-json\/wp\/v2\/venue?post=23367"}],"curies":[{"name":"wp","href":"https:\/\/api.w.org\/{rel}","templated":true}]}}

https://www.musique-cordiale.com/shop-box-office/non%20classé/2019-08-14-a-cappella-montauroux/

BILLET: Concert a Capella &#8211; Montauroux, mercredi 14 août 2019

<p><b>Mercredi 14 <strong>août</strong> 19.00<br />
Eglise de Montauroux         </b><br />
<strong>Concert a Capella</strong><b><br />
</b>Chœur du Festival<b><br />
</b><i>Direction: Graham Ross</i><br />
RAMSEY How are the mighty fallen<br />
BACH Komm, Jesu, Komm<br />
BYRD Ave verum Corpus<br />
TALLIS If ye love me<br />
LAURIDSEN O Magnum Mysterium<br />
MARTIN Messe pour double chœur<b> 20€ / 30€</b><em>(premium)</em></p>

Mercredi 14 août 19.00 Eglise de Montauroux          Concert a Capella Chœur du Festival Direction: Graham Ross RAMSEY How are the mighty fallen BACH Komm, Jesu, Komm BYRD Ave verum Corpus TALLIS If ye love me LAURIDSEN O Magnum Mysterium MARTIN Messe pour double chœur 20€ / 30€(premium)

Fête allemande des voix chorales: «A cappella» de Bach &#038; Schutz

Concert a cappella: A German Feast of Choral Voices Choeur du Festival Musique Cordiale Direction: Graham Ross J S Bach “Jesu meine Freude” Schutz Deutsches Magnificat Schutz “Herr, nun lässest du deinen Diener” Bach “Lobet den Herrn”

&lsquo;A Cappella&rsquo; : Anniversaires à travers les âges, Délicieux CONCERT CHORAL GRATUIT à l&rsquo;ÉGLISE DE SEILLANS, le 8 août 2025, 12h30

Délicieux concert choral a cappella - « 2025 : Anniversaires à travers les âges » Église de SEILLANS, 12h30 o Palestrina - Sicut Cervus o Blitheman - In Pace o Gibbons - O Clap Your Hands o Scarlatti - Exulate Deo o Coleridge-Taylor - All My Stars Forsake Me o Bennett - Come…

BILLET: Concert de clôture du festival: Oratorio «SAUL» de Haendel, Seillans, 17 août 2019

Samedi 17 aôut 19.00 Eglise de Seillans      25€/ 30€ (balcon) 40€ (premium) Réservez tôt: disponibilité limitée! Concert d’Oratorio – concert de cloture du festival Chœur et l’Orchestre du Festival avec solistes Direction: Graham Ross « Saul » de HAENDEL Emily Vine, Dima Bawab – soprano Julian Gregory, Michael Johnston –  tenor…

Concert a cappella: A German Feast of Choral Voices Direction: Graham Ross J S Bach “Jesu meine Freude” Schutz Deutsches Magnificat Schutz “Herr, nun lässest du deinen Diener” Bach “Lobet den Herrn”

TICKET: Final Oratorio Concert: Handel&rsquo;s « SAUL » &#8211; Seillans, Saturday 17 August 2019 &#8211; concert de clôture du Festival

Samedi 17 aôut 19.00 Eglise de Seillans      25€/ 30€/ 40€ (premium) Réservez tôt: disponibilité limitée! Concert d’Oratorio – concert de cloture du festival Chœur et l’Orchestre du Festival avec solistes Direction: Graham Ross Emily Vine, Dima Bawab - soprano, Isabel Pfefferkorn (mezzo-soprano) Julian Gregory, Michael Johnston -  tenor Frederick Long - basse…
