{"id":39362,"date":"2023-05-24T15:27:27","date_gmt":"2023-05-24T15:27:27","guid":{"rendered":"https:\/\/dev3.musique-cordiale.com\/programme-tickets\/ticket-sunday-6-august-2023-eglise-saint-leger-seillans-20h-concert-dorchestre-orchestral-concert\/"},"modified":"2023-08-05T18:07:56","modified_gmt":"2023-08-05T18:07:56","slug":"6-august-2023-orchestral-concert","status":"publish","type":"product","link":"https:\/\/www.musique-cordiale.com\/fr\/boutique-billetterie\/6-august-2023-orchestral-concert\/","title":{"rendered":"Concert d&rsquo;orchestre : Symphonies de Mozart &#038; Mahler, 20h"},"content":{"rendered":"<p><span style=\"color: #0000ff;\"><strong>MOZART: Concerto pour hautbois en Do Mejeur, <\/strong><em>David Hedley, hautbois\/oboe<\/em><\/span><\/p>\n<p><em><span style=\"color: #0000ff;\">SIBELIUS: Valse Triste<\/span><\/em><\/p>\n<p><span style=\"color: #0000ff;\"><strong>MAHLER (arr. K. SIMON): Symphony No. 4,<\/strong> <em>Chlo\u00eb Morgan, soprano<\/em><\/span><\/p>\n<p><em><span style=\"color: #800000;\">Direction: Graham Ross<\/span><\/em><\/p>\n","protected":false},"excerpt":{"rendered":"<p>MOZART: Concerto pour hautbois en Do Mejeur, David Hedley, hautbois | SIBELIUS: Valse Triste | MAHLER (arr. K. SIMON): Symphony No. 4, Chlo\u00eb Morgan, soprano | Direction: Graham Ross<\/p>\n","protected":false},"featured_media":30772,"template":"","meta":{"_acf_changed":false,"_monsterinsights_skip_tracking":false,"_monsterinsights_sitenote_active":false,"_monsterinsights_sitenote_note":"","_monsterinsights_sitenote_category":0,"_uf_show_specific_survey":0,"_uf_disable_surveys":false,"advanced_seo_description":"","jetpack_seo_html_title":"","jetpack_seo_noindex":false},"product_brand":[],"product_cat":[275,390],"product_tag":[395,281],"venue":[145,222],"class_list":{"0":"post-39362","1":"product","2":"type-product","3":"status-publish","4":"has-post-thumbnail","6":"product_cat-billet-varies-fr","7":"product_cat-festival-2023-fr","8":"product_tag-concert-fr","9":"product_tag-ticket-fr","10":"venue-eglise-saint-leger","11":"venue-seillans","13":"first","14":"instock","15":"shipping-taxable","16":"product-type-variable"},"acf":[],"jetpack_sharing_enabled":true,"jetpack-related-posts":[{"id":39144,"url":"https:\/\/www.musique-cordiale.com\/programme-tickets\/6-august-2023-orchestral-concert\/","url_meta":{"origin":39362,"position":0},"title":"Orchestral Concert in Seillans: Mozart &#038; Mahler symphonies with an interlude from Sibelius, 20h","author":"Jonathan Barker","date":"24\/05\/2023","format":false,"excerpt":"MOZART: Concerto pour hautbois en Do Mejeur, David Hedley, hautbois | SIBELIUS: Valse Triste | MAHLER (arr. K. SIMON): Symphony No. 4, Chlo\u00eb Morgan, soprano | Direction: Graham Ross","rel":"","context":"Article similaire","block_context":{"text":"Article similaire","link":""},"img":{"alt_text":"","src":"https:\/\/i0.wp.com\/www.musique-cordiale.com\/wp-content\/uploads\/2019\/12\/WhatsApp-Image-2019-12-17-at-15.29.28.jpeg?fit=1200%2C583&ssl=1&resize=350%2C200","width":350,"height":200,"srcset":"https:\/\/i0.wp.com\/www.musique-cordiale.com\/wp-content\/uploads\/2019\/12\/WhatsApp-Image-2019-12-17-at-15.29.28.jpeg?fit=1200%2C583&ssl=1&resize=350%2C200 1x, https:\/\/i0.wp.com\/www.musique-cordiale.com\/wp-content\/uploads\/2019\/12\/WhatsApp-Image-2019-12-17-at-15.29.28.jpeg?fit=1200%2C583&ssl=1&resize=525%2C300 1.5x, https:\/\/i0.wp.com\/www.musique-cordiale.com\/wp-content\/uploads\/2019\/12\/WhatsApp-Image-2019-12-17-at-15.29.28.jpeg?fit=1200%2C583&ssl=1&resize=700%2C400 2x, https:\/\/i0.wp.com\/www.musique-cordiale.com\/wp-content\/uploads\/2019\/12\/WhatsApp-Image-2019-12-17-at-15.29.28.jpeg?fit=1200%2C583&ssl=1&resize=1050%2C600 3x"},"classes":[]},{"id":23311,"url":"https:\/\/www.musique-cordiale.com\/programme-tickets\/ticket-dimanche-11-aout-2019-concert-des-bijoux-baroques-seillans\/","url_meta":{"origin":39362,"position":1},"title":"TICKET: Sunday 11 August 2019 &#8211; Concert des Bijoux Baroques, Seillans","author":"Jonathan Barker","date":"26\/03\/2019","format":false,"excerpt":"Dimanche 11\u00a0ao\u00fbt\u00a019.00 Eglise de Seillans\u00a0\u00a0\u00a0\u00a0\u00a0\u00a0\u00a0\u00a0\u00a0 20\u20ac \/ 30\u20ac(premium) Concert des Bijoux Baroques L\u2019Orchestre du Festival avec solistes Direction: Graham Ross HAENDEL Concerto Grosso Opus 6 MARCELLO Concert pour hautbois en re mineur (James Hulme - hautbois) MOZART \"Voi averte un cor fedele\" (Dima Bawab - soprano) PERGOLESI Stabat Mater (Ad\u00e8le\u2026","rel":"","context":"Article similaire","block_context":{"text":"Article similaire","link":""},"img":{"alt_text":"","src":"","width":0,"height":0},"classes":[]},{"id":23316,"url":"https:\/\/www.musique-cordiale.com\/fr\/boutique-billetterie\/ticket-dimanche-11-aout-2019-concert-des-bijoux-baroques-seillans\/","url_meta":{"origin":39362,"position":2},"title":"BILLET: dimanche 11 ao\u00fbt 2019 &#8211; Concert des Bijoux Baroques, Seillans","author":"Jonathan Barker","date":"26\/03\/2019","format":false,"excerpt":"Dimanche 11\u00a0ao\u00fbt\u00a019.00 Eglise de Seillans\u00a0\u00a0\u00a0\u00a0\u00a0\u00a0\u00a0\u00a0\u00a0 20\u20ac \/ 30\u20ac(premium) Concert des Bijoux Baroques L\u2019Orchestre du Festival avec solistes Direction: Graham Ross HAENDEL Concerto Grosso Opus 6 MARCELLO Concert pour hautbois en re mineur (James Hulme - hautbois) MOZART \"Voi averte un cor fedele\" (Dima Bawab - soprano) PERGOLESI Stabat Mater (Ad\u00e8le\u2026","rel":"","context":"Article similaire","block_context":{"text":"Article similaire","link":""},"img":{"alt_text":"","src":"","width":0,"height":0},"classes":[]},{"id":48673,"url":"https:\/\/www.musique-cordiale.com\/fr\/boutique-billetterie\/concert-ensembles-instrumentaux-vibrants-le-virtuose-st-paul-en-foret-19h-le-8-aout-2025\/","url_meta":{"origin":39362,"position":3},"title":"Concert : Ensembles instrumentaux vibrants, \u00ab\u00a0Le Virtuose\u00a0\u00bb : St Paul-en-For\u00eat, Salle des f\u00eates Saint-Paul-en-For\u00eat (83440), 19h, le 8 ao\u00fbt 2025","author":"Jonathan Barker","date":"08\/04\/2025","format":false,"excerpt":"Concert du Festival Musique-Cordiale : \"Le Virtuose\" Salle des f\u00eates Saint-Paul-en-For\u00eat (83440)ATTENTION changement de lieu 8 ao\u00fbt 2025, 19h, billets 0\u20ac-25\u20ac - Debussy - Pr\u00e9lude \u00e0 l'apr\u00e8s-midi d'un faune - Mozart \u2013 Quatuor de hautbois -Ravel arr. Sherry Lewis - Pavane Pour un Infante D'Enfant -Ravel arr. Andrew Middleton -\u2026","rel":"","context":"Article similaire","block_context":{"text":"Article similaire","link":""},"img":{"alt_text":"","src":"https:\/\/i0.wp.com\/www.musique-cordiale.com\/wp-content\/uploads\/2025\/04\/WhatsApp-Image-2025-04-23-at-18.02.36_c3163d21-Musique-Cordiale-concert-Saint-Paul.jpg?fit=1200%2C676&ssl=1&resize=350%2C200","width":350,"height":200,"srcset":"https:\/\/i0.wp.com\/www.musique-cordiale.com\/wp-content\/uploads\/2025\/04\/WhatsApp-Image-2025-04-23-at-18.02.36_c3163d21-Musique-Cordiale-concert-Saint-Paul.jpg?fit=1200%2C676&ssl=1&resize=350%2C200 1x, https:\/\/i0.wp.com\/www.musique-cordiale.com\/wp-content\/uploads\/2025\/04\/WhatsApp-Image-2025-04-23-at-18.02.36_c3163d21-Musique-Cordiale-concert-Saint-Paul.jpg?fit=1200%2C676&ssl=1&resize=525%2C300 1.5x, https:\/\/i0.wp.com\/www.musique-cordiale.com\/wp-content\/uploads\/2025\/04\/WhatsApp-Image-2025-04-23-at-18.02.36_c3163d21-Musique-Cordiale-concert-Saint-Paul.jpg?fit=1200%2C676&ssl=1&resize=700%2C400 2x, https:\/\/i0.wp.com\/www.musique-cordiale.com\/wp-content\/uploads\/2025\/04\/WhatsApp-Image-2025-04-23-at-18.02.36_c3163d21-Musique-Cordiale-concert-Saint-Paul.jpg?fit=1200%2C676&ssl=1&resize=1050%2C600 3x"},"classes":[]},{"id":23018,"url":"https:\/\/www.musique-cordiale.com\/programme-tickets\/symphony-concert-festival-orchestra\/","url_meta":{"origin":39362,"position":4},"title":"Symphony Concert, Festival orchestra","author":"Jonathan Barker","date":"18\/03\/2019","format":false,"excerpt":"Direction James Lowe Rebecca Taylor,\u00a0piano Charlotte King,\u00a0mezzo-soprano Ravel: Le Tombeau de Couperin Mozart: Concerto pour piano n\u00b0 23 en la majeur Mahler: Chansons d\u2019un compagnon de voyage 21h30 Seillans, ancien route de Fayence Dinner\u00a0with wine\u00a0in the open air\u00a0with the musicians after the concert \u2013 available for members on this evening:\u00a0book\u00a0HERE","rel":"","context":"Article similaire","block_context":{"text":"Article similaire","link":""},"img":{"alt_text":"James Lowe","src":"https:\/\/i0.wp.com\/www.musique-cordiale.com\/wp-content\/uploads\/2016\/05\/JamesLowe_byTrondHusebo-e1464182063463.jpg?fit=1200%2C1045&ssl=1&resize=350%2C200","width":350,"height":200,"srcset":"https:\/\/i0.wp.com\/www.musique-cordiale.com\/wp-content\/uploads\/2016\/05\/JamesLowe_byTrondHusebo-e1464182063463.jpg?fit=1200%2C1045&ssl=1&resize=350%2C200 1x, https:\/\/i0.wp.com\/www.musique-cordiale.com\/wp-content\/uploads\/2016\/05\/JamesLowe_byTrondHusebo-e1464182063463.jpg?fit=1200%2C1045&ssl=1&resize=525%2C300 1.5x, https:\/\/i0.wp.com\/www.musique-cordiale.com\/wp-content\/uploads\/2016\/05\/JamesLowe_byTrondHusebo-e1464182063463.jpg?fit=1200%2C1045&ssl=1&resize=700%2C400 2x, https:\/\/i0.wp.com\/www.musique-cordiale.com\/wp-content\/uploads\/2016\/05\/JamesLowe_byTrondHusebo-e1464182063463.jpg?fit=1200%2C1045&ssl=1&resize=1050%2C600 3x"},"classes":[]},{"id":23175,"url":"https:\/\/www.musique-cordiale.com\/programme-tickets\/symphony-concert-festival-orchestra\/","url_meta":{"origin":39362,"position":5},"title":"Symphony Concert, Festival orchestra","author":"Jonathan Barker","date":"26\/03\/2019","format":false,"excerpt":"Direction James Lowe Rebecca Taylor,\u00a0piano Charlotte King,\u00a0mezzo-soprano Ravel: Le Tombeau de Couperin Mozart: Concerto pour piano n\u00b0 23 en la majeur Mahler: Chansons d\u2019un compagnon de voyage 21h30 Seillans, ancien route de Fayence Dinner\u00a0with wine\u00a0in the open air\u00a0with the musicians after the concert \u2013 available for members on this evening:\u00a0book\u00a0HERE","rel":"","context":"Article similaire","block_context":{"text":"Article similaire","link":""},"img":{"alt_text":"James Lowe","src":"https:\/\/i0.wp.com\/www.musique-cordiale.com\/wp-content\/uploads\/2016\/05\/JamesLowe_byTrondHusebo-e1464182063463.jpg?fit=1200%2C1045&ssl=1&resize=350%2C200","width":350,"height":200,"srcset":"https:\/\/i0.wp.com\/www.musique-cordiale.com\/wp-content\/uploads\/2016\/05\/JamesLowe_byTrondHusebo-e1464182063463.jpg?fit=1200%2C1045&ssl=1&resize=350%2C200 1x, https:\/\/i0.wp.com\/www.musique-cordiale.com\/wp-content\/uploads\/2016\/05\/JamesLowe_byTrondHusebo-e1464182063463.jpg?fit=1200%2C1045&ssl=1&resize=525%2C300 1.5x, https:\/\/i0.wp.com\/www.musique-cordiale.com\/wp-content\/uploads\/2016\/05\/JamesLowe_byTrondHusebo-e1464182063463.jpg?fit=1200%2C1045&ssl=1&resize=700%2C400 2x, https:\/\/i0.wp.com\/www.musique-cordiale.com\/wp-content\/uploads\/2016\/05\/JamesLowe_byTrondHusebo-e1464182063463.jpg?fit=1200%2C1045&ssl=1&resize=1050%2C600 3x"},"classes":[]}],"_links":{"self":[{"href":"https:\/\/www.musique-cordiale.com\/fr\/wp-json\/wp\/v2\/product\/39362","targetHints":{"allow":["GET"]}}],"collection":[{"href":"https:\/\/www.musique-cordiale.com\/fr\/wp-json\/wp\/v2\/product"}],"about":[{"href":"https:\/\/www.musique-cordiale.com\/fr\/wp-json\/wp\/v2\/types\/product"}],"wp:featuredmedia":[{"embeddable":true,"href":"https:\/\/www.musique-cordiale.com\/fr\/wp-json\/wp\/v2\/media\/30772"}],"wp:attachment":[{"href":"https:\/\/www.musique-cordiale.com\/fr\/wp-json\/wp\/v2\/media?parent=39362"}],"wp:term":[{"taxonomy":"product_brand","embeddable":true,"href":"https:\/\/www.musique-cordiale.com\/fr\/wp-json\/wp\/v2\/product_brand?post=39362"},{"taxonomy":"product_cat","embeddable":true,"href":"https:\/\/www.musique-cordiale.com\/fr\/wp-json\/wp\/v2\/product_cat?post=39362"},{"taxonomy":"product_tag","embeddable":true,"href":"https:\/\/www.musique-cordiale.com\/fr\/wp-json\/wp\/v2\/product_tag?post=39362"},{"taxonomy":"venue","embeddable":true,"href":"https:\/\/www.musique-cordiale.com\/fr\/wp-json\/wp\/v2\/venue?post=39362"}],"curies":[{"name":"wp","href":"https:\/\/api.w.org\/{rel}","templated":true}]}}

<p><span style="color: #0000ff;"><strong>MOZART: Concerto pour hautbois en Do Mejeur, </strong><em>David Hedley, hautbois/oboe</em></span></p>
<p><em><span style="color: #0000ff;">SIBELIUS: Valse Triste</span></em></p>
<p><span style="color: #0000ff;"><strong>MAHLER (arr. K. SIMON): Symphony No. 4,</strong> <em>Chloë Morgan, soprano</em></span></p>
<p><em><span style="color: #800000;">Direction: Graham Ross</span></em></p>

<p>MOZART: Concerto pour hautbois en Do Mejeur, David Hedley, hautbois | SIBELIUS: Valse Triste | MAHLER (arr. K. SIMON): Symphony No. 4, Chloë Morgan, soprano | Direction: Graham Ross</p>

MOZART: Concerto pour hautbois en Do Mejeur, David Hedley, hautbois | SIBELIUS: Valse Triste | MAHLER (arr. K. SIMON): Symphony No. 4, Chloë Morgan, soprano | Direction: Graham Ross

Dimanche 11 août 19.00 Eglise de Seillans          20€ / 30€(premium) Concert des Bijoux Baroques L’Orchestre du Festival avec solistes Direction: Graham Ross HAENDEL Concerto Grosso Opus 6 MARCELLO Concert pour hautbois en re mineur (James Hulme - hautbois) MOZART "Voi averte un cor fedele" (Dima Bawab - soprano) PERGOLESI Stabat Mater (Adèle…

BILLET: dimanche 11 août 2019 &#8211; Concert des Bijoux Baroques, Seillans

Concert : Ensembles instrumentaux vibrants, « Le Virtuose » : St Paul-en-Forêt, Salle des fêtes Saint-Paul-en-Forêt (83440), 19h, le 8 août 2025

Concert du Festival Musique-Cordiale : "Le Virtuose" Salle des fêtes Saint-Paul-en-Forêt (83440)ATTENTION changement de lieu 8 août 2025, 19h, billets 0€-25€ - Debussy - Prélude à l'après-midi d'un faune - Mozart – Quatuor de hautbois -Ravel arr. Sherry Lewis - Pavane Pour un Infante D'Enfant -Ravel arr. Andrew Middleton -…
