{"id":39375,"date":"2023-05-24T14:59:28","date_gmt":"2023-05-24T14:59:28","guid":{"rendered":"https:\/\/dev3.musique-cordiale.com\/programme-tickets\/ticket-friday-4-august-2023-eglise-saint-leger-seillans-20h-8pm-concert-douverture\/"},"modified":"2023-08-03T09:42:56","modified_gmt":"2023-08-03T09:42:56","slug":"4-august-2023-concert-good-evening-seillans","status":"publish","type":"product","link":"https:\/\/www.musique-cordiale.com\/fr\/boutique-billetterie\/4-august-2023-concert-good-evening-seillans\/","title":{"rendered":"CONCERT ORCHESTRE \u00ab\u00a0Bonsoir Seillans!\u00a0\u00bb Haydn, Britten &#038; Mozart, vendredi 4 ao\u00fbt 2023: 20h"},"content":{"rendered":"<p>vendredi 4 ao\u00fbt<br \/>\n\u00c9glise Saint-L\u00e9ger, SEILLANS: 20h<\/p>\n<p>CONCERT \u00ab\u00a0Bonsoir Seillans!\u00a0\u00bb<\/p>\n<p>Graham ROSS\u00a0\u00a0\u00a0\u00a0\u00a0\u00a0\u00a0\u00a0\u00a0 Fanfare pour Musique-Cordiale<br \/>\nHAYDN\u00a0\u00a0\u00a0 \u00a0\u00a0\u00a0\u00a0\u00a0\u00a0\u00a0\u00a0\u00a0\u00a0\u00a0\u00a0\u00a0\u00a0\u00a0\u00a0\u00a0 Symphonie n\u00b0 6, \u201cLe Matin\u201d<br \/>\nBRITTEN\u00a0\u00a0 \u00a0 \u00a0 \u00a0 \u00a0 \u00a0 \u00a0 \u00a0 \u00a0 S\u00e9r\u00e9nade pour t\u00e9nor, cor et cordes, Aidan Coburn, tenor, Peter Ryan, cor<br \/>\nMOZART\u00a0 \u00a0\u00a0\u00a0\u00a0\u00a0\u00a0\u00a0\u00a0\u00a0\u00a0\u00a0\u00a0\u00a0\u00a0\u00a0\u00a0 Symphonie n\u00b0 29<br \/>\nL&rsquo;orchestre du Festival Musique Cordiale<br \/>\nDirection: Graham Ross<\/p>\n<p>Tickets\/Billets:<br \/>\n\u20ac25 standard\u00a0 \/ \u20ac35 premium (front rows- premiers rangs) \/ \u20ac30 gallery &#8211; galerie \/<br \/>\naccompanying children under 12 free ticket\u00a0 &#8211; enfant 12 ans et moins &#8211; billet gratuit \/ reduction for people aged 80+ :\u20ac15 in standard seats \/\u00a0 80 ans et plus &#8211; standard \u00e0 prix r\u00e9duit<\/p>\n","protected":false},"excerpt":{"rendered":"<p>Graham ROSS: Fanfare pour Musique-Cordiale | HAYDN: Symphonie n\u00b0 6, \u201cLe Matin\u201d | BRITTEN: S\u00e9r\u00e9nade pour t\u00e9nor, cor et cordes, Aidan Coburn, tenor, Peter Ryan, cor | MOZART: Symphonie n\u00b0 29 | Direction: Graham Ross<\/p>\n<p>&nbsp;<\/p>\n","protected":false},"featured_media":40367,"template":"","meta":{"_acf_changed":false,"_monsterinsights_skip_tracking":false,"_monsterinsights_sitenote_active":false,"_monsterinsights_sitenote_note":"","_monsterinsights_sitenote_category":0,"_uf_show_specific_survey":0,"_uf_disable_surveys":false,"advanced_seo_description":"","jetpack_seo_html_title":"","jetpack_seo_noindex":false},"product_brand":[],"product_cat":[275,390],"product_tag":[395,281],"venue":[145,222],"class_list":{"0":"post-39375","1":"product","2":"type-product","3":"status-publish","4":"has-post-thumbnail","6":"product_cat-billet-varies-fr","7":"product_cat-festival-2023-fr","8":"product_tag-concert-fr","9":"product_tag-ticket-fr","10":"venue-eglise-saint-leger","11":"venue-seillans","13":"first","14":"instock","15":"shipping-taxable","16":"product-type-variable"},"acf":[],"jetpack_sharing_enabled":true,"jetpack-related-posts":[{"id":39122,"url":"https:\/\/www.musique-cordiale.com\/programme-tickets\/4-august-2023-concert-good-evening-seillans\/","url_meta":{"origin":39375,"position":0},"title":"Orchestral CONCERT: Haydn, Britten &#038; Mozart &#8211;  \u00ab\u00a0Bonsoir Seillans!\u00a0\u00bb 4 August 2023, 20h","author":"Jonathan Barker","date":"24\/05\/2023","format":false,"excerpt":"Graham ROSS: Fanfare pour Musique-Cordiale | HAYDN: Symphonie n\u00b0 6, \u201cLe Matin\u201d | BRITTEN: S\u00e9r\u00e9nade pour t\u00e9nor, cor et cordes, Aidan Coburn, tenor, Peter Ryan, cor | MOZART: Symphonie n\u00b0 29 | Direction: Graham Ross \u00a0","rel":"","context":"Article similaire","block_context":{"text":"Article similaire","link":""},"img":{"alt_text":"","src":"https:\/\/i0.wp.com\/www.musique-cordiale.com\/wp-content\/uploads\/2023\/05\/Seillans-orchestral-2018.jpg?fit=1200%2C900&ssl=1&resize=350%2C200","width":350,"height":200,"srcset":"https:\/\/i0.wp.com\/www.musique-cordiale.com\/wp-content\/uploads\/2023\/05\/Seillans-orchestral-2018.jpg?fit=1200%2C900&ssl=1&resize=350%2C200 1x, https:\/\/i0.wp.com\/www.musique-cordiale.com\/wp-content\/uploads\/2023\/05\/Seillans-orchestral-2018.jpg?fit=1200%2C900&ssl=1&resize=525%2C300 1.5x, https:\/\/i0.wp.com\/www.musique-cordiale.com\/wp-content\/uploads\/2023\/05\/Seillans-orchestral-2018.jpg?fit=1200%2C900&ssl=1&resize=700%2C400 2x, https:\/\/i0.wp.com\/www.musique-cordiale.com\/wp-content\/uploads\/2023\/05\/Seillans-orchestral-2018.jpg?fit=1200%2C900&ssl=1&resize=1050%2C600 3x"},"classes":[]},{"id":21106,"url":"https:\/\/www.musique-cordiale.com\/programme-tickets\/concert-classic-baroque\/","url_meta":{"origin":39375,"position":1},"title":"Concert: Classic Baroque","author":"Lyndsey","date":"08\/06\/2018","format":false,"excerpt":"Direction: Graham Ross Aidan Coburn,\u00a0t\u00e9nor Colette Overdijk,\u00a0violin James Hulme,\u00a0hautebois Angharad Thomas,\u00a0basson Leo Melvin,\u00a0violoncelle Bach suite pour orchestre n\u00b0 3 Bach Concert Brandebourgeois n\u00b0 4 Arias pour t\u00e9nor et orchestre de Mozart Mozart Serenade \u201cEine kleine Nachtmusik\u201d Haydn Sinfonia Concertante Free entry","rel":"","context":"Article similaire","block_context":{"text":"Article similaire","link":""},"img":{"alt_text":"","src":"https:\/\/i0.wp.com\/www.musique-cordiale.com\/wp-content\/uploads\/2017\/05\/image1-e1495176833697-scaled.jpeg?fit=967%2C1200&ssl=1&resize=350%2C200","width":350,"height":200,"srcset":"https:\/\/i0.wp.com\/www.musique-cordiale.com\/wp-content\/uploads\/2017\/05\/image1-e1495176833697-scaled.jpeg?fit=967%2C1200&ssl=1&resize=350%2C200 1x, https:\/\/i0.wp.com\/www.musique-cordiale.com\/wp-content\/uploads\/2017\/05\/image1-e1495176833697-scaled.jpeg?fit=967%2C1200&ssl=1&resize=525%2C300 1.5x, https:\/\/i0.wp.com\/www.musique-cordiale.com\/wp-content\/uploads\/2017\/05\/image1-e1495176833697-scaled.jpeg?fit=967%2C1200&ssl=1&resize=700%2C400 2x"},"classes":[]},{"id":21107,"url":"https:\/\/www.musique-cordiale.com\/fr\/boutique-billetterie\/concert-baroque-et-classique\/","url_meta":{"origin":39375,"position":2},"title":"Concert Baroque et Classique","author":"Lyndsey","date":"08\/06\/2018","format":false,"excerpt":"Direction: Graham Ross Aidan Coburn,\u00a0t\u00e9nor Colette Overdijk,\u00a0violin James Hulme,\u00a0hautebois Angharad Thomas,\u00a0basson Leo Melvin,\u00a0violoncelle Bach suite pour orchestre n\u00b0 3 Bach Concert Brandebourgeois n\u00b0 4 Arias pour t\u00e9nor et orchestre de Mozart Mozart Serenade \u201cEine kleine Nachtmusik\u201d Haydn Sinfonia Concertante Entr\u00e9e Gratuite","rel":"","context":"Article similaire","block_context":{"text":"Article similaire","link":""},"img":{"alt_text":"","src":"https:\/\/i0.wp.com\/www.musique-cordiale.com\/wp-content\/uploads\/2017\/04\/AidanCoburn-scaled.jpeg?fit=800%2C1200&ssl=1&resize=350%2C200","width":350,"height":200,"srcset":"https:\/\/i0.wp.com\/www.musique-cordiale.com\/wp-content\/uploads\/2017\/04\/AidanCoburn-scaled.jpeg?fit=800%2C1200&ssl=1&resize=350%2C200 1x, https:\/\/i0.wp.com\/www.musique-cordiale.com\/wp-content\/uploads\/2017\/04\/AidanCoburn-scaled.jpeg?fit=800%2C1200&ssl=1&resize=525%2C300 1.5x, https:\/\/i0.wp.com\/www.musique-cordiale.com\/wp-content\/uploads\/2017\/04\/AidanCoburn-scaled.jpeg?fit=800%2C1200&ssl=1&resize=700%2C400 2x"},"classes":[]},{"id":48310,"url":"https:\/\/www.musique-cordiale.com\/fr\/boutique-billetterie\/haydn-la-creation-avec-choeur-orchestre-et-solistes-eglise-saint-leger-seillans-10-aout-2025-19-h\/","url_meta":{"origin":39375,"position":3},"title":"Haydn \u00ab \u00ab\u00a0LA CR\u00c9ATION\u00a0\u00bb \u00bb avec ch\u0153ur, orchestre et notre incroyable programmation de solistes vocaux\u00a0: Concert de cl\u00f4ture du Festival, \u00c9glise Saint-L\u00e9ger, SEILLANS, 9 ao\u00fbt 2025, 19 h","author":"Jonathan Barker","date":"09\/04\/2025","format":false,"excerpt":"Haydn \"The Creation\" with choir, orchestra & soloists: Church of St Leger, SEILLANS, 9 August 2025, 7PM Interpr\u00e8tes\u00a0: Maestro \u2013 Graham Ross Soprano \u2013 Rebecca Hardwick Mezzo-soprano \u2013 Hannah Dienes-Williams T\u00e9nor \u2013 Aidan Coburn Baryton \u2013 Patrick Alexander Keefe Avec le Ch\u0153ur et l'Orchestre du Festival Musique-Cordiale L'oratorio retentissant de\u2026","rel":"","context":"Article similaire","block_context":{"text":"Article similaire","link":""},"img":{"alt_text":"","src":"https:\/\/i0.wp.com\/www.musique-cordiale.com\/wp-content\/uploads\/2025\/04\/from-the-little-book-of-Paddy-Lovely.jpg?fit=1200%2C866&ssl=1&resize=350%2C200","width":350,"height":200,"srcset":"https:\/\/i0.wp.com\/www.musique-cordiale.com\/wp-content\/uploads\/2025\/04\/from-the-little-book-of-Paddy-Lovely.jpg?fit=1200%2C866&ssl=1&resize=350%2C200 1x, https:\/\/i0.wp.com\/www.musique-cordiale.com\/wp-content\/uploads\/2025\/04\/from-the-little-book-of-Paddy-Lovely.jpg?fit=1200%2C866&ssl=1&resize=525%2C300 1.5x, https:\/\/i0.wp.com\/www.musique-cordiale.com\/wp-content\/uploads\/2025\/04\/from-the-little-book-of-Paddy-Lovely.jpg?fit=1200%2C866&ssl=1&resize=700%2C400 2x, https:\/\/i0.wp.com\/www.musique-cordiale.com\/wp-content\/uploads\/2025\/04\/from-the-little-book-of-Paddy-Lovely.jpg?fit=1200%2C866&ssl=1&resize=1050%2C600 3x"},"classes":[]},{"id":48305,"url":"https:\/\/www.musique-cordiale.com\/programme-tickets\/haydn-the-creation-with-choir-orchestra-soloists-church-of-st-leger-seillans-10-august-2025-7pm\/","url_meta":{"origin":39375,"position":4},"title":"Haydn \u00ab\u00a0THE CREATION\u00a0\u00bb with the Festival choir, orchestra &#038; our amazing line-up of young soloists: Closing concert, Church of St L\u00e9ger, SEILLANS, 9 August 2025, 7PM","author":"Jonathan Barker","date":"09\/04\/2025","format":false,"excerpt":"Haydn \"The Creation\" with choir, orchestra & soloists: Church of St Leger, SEILLANS, 9 August 2025, 7PM Haydn's resounding oratorio ends our Festival concert series this summer. PERFORMERS: Maestro \u2013 Graham Ross Soprano \u2013 Rebecca Hardwick Mezzo-Soprano \u2013 Hannah Dienes-Williams Tenor - Aidan Coburn Baritone \u2013 Patrick Alexander Keefe with\u2026","rel":"","context":"Article similaire","block_context":{"text":"Article similaire","link":""},"img":{"alt_text":"","src":"https:\/\/i0.wp.com\/www.musique-cordiale.com\/wp-content\/uploads\/2025\/04\/from-the-little-book-of-Paddy-Lovely.jpg?fit=1200%2C866&ssl=1&resize=350%2C200","width":350,"height":200,"srcset":"https:\/\/i0.wp.com\/www.musique-cordiale.com\/wp-content\/uploads\/2025\/04\/from-the-little-book-of-Paddy-Lovely.jpg?fit=1200%2C866&ssl=1&resize=350%2C200 1x, https:\/\/i0.wp.com\/www.musique-cordiale.com\/wp-content\/uploads\/2025\/04\/from-the-little-book-of-Paddy-Lovely.jpg?fit=1200%2C866&ssl=1&resize=525%2C300 1.5x, https:\/\/i0.wp.com\/www.musique-cordiale.com\/wp-content\/uploads\/2025\/04\/from-the-little-book-of-Paddy-Lovely.jpg?fit=1200%2C866&ssl=1&resize=700%2C400 2x, https:\/\/i0.wp.com\/www.musique-cordiale.com\/wp-content\/uploads\/2025\/04\/from-the-little-book-of-Paddy-Lovely.jpg?fit=1200%2C866&ssl=1&resize=1050%2C600 3x"},"classes":[]},{"id":39252,"url":"https:\/\/www.musique-cordiale.com\/programme-tickets\/11-august-2023festival-choral-a-tourettes-concert-choral-a-cappella\/","url_meta":{"origin":39375,"position":5},"title":"Evening of choral &#038; instrumental music \u00ab\u00a0FESTIVAL\u00a0CHORAL\u00a0\u00bb\u00a0\u00c0 TOURRETTES &#8211; a cappella &#038; more! 20h","author":"Jonathan Barker","date":"25\/05\/2023","format":false,"excerpt":"FESTIVAL CHORAL \u00c0 TOURRETTES | Concert choral a cappella - with soloists, dirig\u00e9 par Graham Ross et accompagn\u00e9 par la pianiste Rebecca Taylor\u00a0 - avec un interm\u00e8de instrumental solo, comprenant un r\u00e9pertoire de Purcell, Elgar, Schubert, Walton, Harris Rutter et Mozart - with Trumpet & string quartet","rel":"","context":"Article similaire","block_context":{"text":"Article similaire","link":""},"img":{"alt_text":"","src":"https:\/\/i0.wp.com\/www.musique-cordiale.com\/wp-content\/uploads\/2018\/02\/MC-choristes.jpg?fit=562%2C300&ssl=1&resize=350%2C200","width":350,"height":200,"srcset":"https:\/\/i0.wp.com\/www.musique-cordiale.com\/wp-content\/uploads\/2018\/02\/MC-choristes.jpg?fit=562%2C300&ssl=1&resize=350%2C200 1x, https:\/\/i0.wp.com\/www.musique-cordiale.com\/wp-content\/uploads\/2018\/02\/MC-choristes.jpg?fit=562%2C300&ssl=1&resize=525%2C300 1.5x"},"classes":[]}],"_links":{"self":[{"href":"https:\/\/www.musique-cordiale.com\/fr\/wp-json\/wp\/v2\/product\/39375","targetHints":{"allow":["GET"]}}],"collection":[{"href":"https:\/\/www.musique-cordiale.com\/fr\/wp-json\/wp\/v2\/product"}],"about":[{"href":"https:\/\/www.musique-cordiale.com\/fr\/wp-json\/wp\/v2\/types\/product"}],"wp:featuredmedia":[{"embeddable":true,"href":"https:\/\/www.musique-cordiale.com\/fr\/wp-json\/wp\/v2\/media\/40367"}],"wp:attachment":[{"href":"https:\/\/www.musique-cordiale.com\/fr\/wp-json\/wp\/v2\/media?parent=39375"}],"wp:term":[{"taxonomy":"product_brand","embeddable":true,"href":"https:\/\/www.musique-cordiale.com\/fr\/wp-json\/wp\/v2\/product_brand?post=39375"},{"taxonomy":"product_cat","embeddable":true,"href":"https:\/\/www.musique-cordiale.com\/fr\/wp-json\/wp\/v2\/product_cat?post=39375"},{"taxonomy":"product_tag","embeddable":true,"href":"https:\/\/www.musique-cordiale.com\/fr\/wp-json\/wp\/v2\/product_tag?post=39375"},{"taxonomy":"venue","embeddable":true,"href":"https:\/\/www.musique-cordiale.com\/fr\/wp-json\/wp\/v2\/venue?post=39375"}],"curies":[{"name":"wp","href":"https:\/\/api.w.org\/{rel}","templated":true}]}}

CONCERT ORCHESTRE « Bonsoir Seillans! » Haydn, Britten &#038; Mozart, vendredi 4 août 2023: 20h

<p>vendredi 4 août<br />
Église Saint-Léger, SEILLANS: 20h</p>
<p>CONCERT « Bonsoir Seillans! »</p>
<p>Graham ROSS          Fanfare pour Musique-Cordiale<br />
HAYDN                      Symphonie n° 6, “Le Matin”<br />
BRITTEN                   Sérénade pour ténor, cor et cordes, Aidan Coburn, tenor, Peter Ryan, cor<br />
MOZART                   Symphonie n° 29<br />
L&rsquo;orchestre du Festival Musique Cordiale<br />
Direction: Graham Ross</p>
<p>Tickets/Billets:<br />
€25 standard  / €35 premium (front rows- premiers rangs) / €30 gallery &#8211; galerie /<br />
accompanying children under 12 free ticket  &#8211; enfant 12 ans et moins &#8211; billet gratuit / reduction for people aged 80+ :€15 in standard seats /  80 ans et plus &#8211; standard à prix réduit</p>

<p>Graham ROSS: Fanfare pour Musique-Cordiale | HAYDN: Symphonie n° 6, “Le Matin” | BRITTEN: Sérénade pour ténor, cor et cordes, Aidan Coburn, tenor, Peter Ryan, cor | MOZART: Symphonie n° 29 | Direction: Graham Ross</p>
<p>&nbsp;</p>

Graham ROSS: Fanfare pour Musique-Cordiale | HAYDN: Symphonie n° 6, “Le Matin” | BRITTEN: Sérénade pour ténor, cor et cordes, Aidan Coburn, tenor, Peter Ryan, cor | MOZART: Symphonie n° 29 | Direction: Graham Ross

Direction: Graham Ross Aidan Coburn, ténor Colette Overdijk, violin James Hulme, hautebois Angharad Thomas, basson Leo Melvin, violoncelle Bach suite pour orchestre n° 3 Bach Concert Brandebourgeois n° 4 Arias pour ténor et orchestre de Mozart Mozart Serenade “Eine kleine Nachtmusik” Haydn Sinfonia Concertante Free entry

Direction: Graham Ross Aidan Coburn, ténor Colette Overdijk, violin James Hulme, hautebois Angharad Thomas, basson Leo Melvin, violoncelle Bach suite pour orchestre n° 3 Bach Concert Brandebourgeois n° 4 Arias pour ténor et orchestre de Mozart Mozart Serenade “Eine kleine Nachtmusik” Haydn Sinfonia Concertante Entrée Gratuite

Haydn « « LA CRÉATION » » avec chœur, orchestre et notre incroyable programmation de solistes vocaux : Concert de clôture du Festival, Église Saint-Léger, SEILLANS, 9 août 2025, 19 h

Haydn "The Creation" with choir, orchestra & soloists: Church of St Leger, SEILLANS, 9 August 2025, 7PM Interprètes : Maestro – Graham Ross Soprano – Rebecca Hardwick Mezzo-soprano – Hannah Dienes-Williams Ténor – Aidan Coburn Baryton – Patrick Alexander Keefe Avec le Chœur et l'Orchestre du Festival Musique-Cordiale L'oratorio retentissant de…

Haydn « THE CREATION » with the Festival choir, orchestra &#038; our amazing line-up of young soloists: Closing concert, Church of St Léger, SEILLANS, 9 August 2025, 7PM

Evening of choral &#038; instrumental music « FESTIVAL CHORAL » À TOURRETTES &#8211; a cappella &#038; more! 20h

FESTIVAL CHORAL À TOURRETTES | Concert choral a cappella - with soloists, dirigé par Graham Ross et accompagné par la pianiste Rebecca Taylor  - avec un intermède instrumental solo, comprenant un répertoire de Purcell, Elgar, Schubert, Walton, Harris Rutter et Mozart - with Trumpet & string quartet
