{"id":39422,"date":"2023-05-24T12:28:36","date_gmt":"2023-05-24T12:28:36","guid":{"rendered":"https:\/\/dev3.musique-cordiale.com\/programme-tickets\/ticket-thursday-10-august-2023-closing-festival-concert-handel-mozart-oratorios-mozart-coronation-mass-callian-church\/"},"modified":"2023-08-10T10:09:46","modified_gmt":"2023-08-10T10:09:46","slug":"10-august-2023-festival-concert-handel-mozart-oratorios-mozart-coronation-mass","status":"publish","type":"product","link":"https:\/\/www.musique-cordiale.com\/fr\/boutique-billetterie\/10-august-2023-festival-concert-handel-mozart-oratorios-mozart-coronation-mass\/","title":{"rendered":"CONCERT &#8211; premiere des hymns de Haendel et Mozart MESSE DU COURONNEMENT, avec choeur, orchestre et solistes, 20h"},"content":{"rendered":"<p><strong>Thursday 10 August 2023<\/strong><br \/>\n\u00c9glise Notre-Dame de l&rsquo;Assomption, CALLIAN: 20h (8PM)<\/p>\n<p>FESTIVAL 2023: premiere performance<\/p>\n<h4><span style=\"color: #800000;\"><strong>Mozart &amp; Handel Oratorios, MOZART: MESSE DU COURONNEMENT \u00a0(first 2023 Festival performance)<\/strong><\/span><\/h4>\n<p><strong>Graham Ross leads the Festival Choir and Orchestra with soloists<\/strong> in a rendition of Mozart&rsquo;s Coronation Mass as a nod to Britain&rsquo;s recently crowned King Charles III. This final Festival concert also includes Handel&rsquo;s rousing Coronation Hymns and Ode for Queen Anne&rsquo;s Birthday.<\/p>\n<p><span style=\"color: #0000ff;\">G F HANDEL: Hymnes du couronnement<\/span><\/p>\n<p><span style=\"color: #0000ff;\">G F HANDEL: Ode for the birthday of Queen Anne<\/span><\/p>\n<p>interval<\/p>\n<p><span style=\"color: #0000ff;\">W MOZART: Coronation Mass<\/span><\/p>\n<p><strong>Tickets:<\/strong><br \/>\n\u20ac25 standard seats \/ \u20ac35 premium (front rows)<br \/>\naccompanying children free, reduction for people aged 80 and over \u20ac15 in standard seats<\/p>\n","protected":false},"excerpt":{"rendered":"<p>FESTIVAL 2023: premiere performance | Mozart &amp; Handel Oratorios, MOZART: MESSE DU COURONNEMENT\u00a0 (premiere 2023 Festival performance) | Graham Ross leads the Festival Choir and Orchestra with soloists in a rendition of Mozart&rsquo;s Coronation Mass as a nod to Britain&rsquo;s recently crowned King Charles III. This Festival concert also includes Handel&rsquo;s rousing Coronation Hymns and Ode for Queen Anne&rsquo;s Birthday | G F HANDEL: Hymnes du couronnement | G F HANDEL: Ode for the birthday of Queen Anne | W MOZART: Coronation Mass<\/p>\n","protected":false},"featured_media":39620,"template":"","meta":{"_acf_changed":false,"_monsterinsights_skip_tracking":false,"_monsterinsights_sitenote_active":false,"_monsterinsights_sitenote_note":"","_monsterinsights_sitenote_category":0,"_uf_show_specific_survey":0,"_uf_disable_surveys":false,"advanced_seo_description":"","jetpack_seo_html_title":"","jetpack_seo_noindex":false},"product_brand":[],"product_cat":[275,390],"product_tag":[395,281],"venue":[254,282],"class_list":{"0":"post-39422","1":"product","2":"type-product","3":"status-publish","4":"has-post-thumbnail","6":"product_cat-billet-varies-fr","7":"product_cat-festival-2023-fr","8":"product_tag-concert-fr","9":"product_tag-ticket-fr","10":"venue-callian","11":"venue-eglise-notre-dame-de-lassomption-callian","13":"first","14":"instock","15":"shipping-taxable","16":"product-type-variable"},"acf":[],"jetpack_sharing_enabled":true,"jetpack-related-posts":[{"id":39074,"url":"https:\/\/www.musique-cordiale.com\/programme-tickets\/10-august-2023-festival-concert-handel-mozart-oratorios-mozart-coronation-mass\/","url_meta":{"origin":39422,"position":0},"title":"CONCERT &#8211; Handel Anthems &#038; Mozart Coronation Mass, with choir, orchestra &#038; soloists, 20h","author":"Jonathan Barker","date":"24\/05\/2023","format":false,"excerpt":"FESTIVAL 2023: premiere performance | Mozart & Handel Oratorios, MOZART: MESSE DU COURONNEMENT\u00a0 (premiere 2023 Festival performance) | Graham Ross leads the Festival Choir and Orchestra with soloists in a rendition of Mozart's Coronation Mass as a nod to Britain's recently crowned King Charles III. This Festival concert also includes\u2026","rel":"","context":"Article similaire","block_context":{"text":"Article similaire","link":""},"img":{"alt_text":"","src":"https:\/\/i0.wp.com\/www.musique-cordiale.com\/wp-content\/uploads\/2023\/05\/WhatsApp-Image-2023-06-01-at-15.56.27-Callian-2016.jpg?fit=1200%2C675&ssl=1&resize=350%2C200","width":350,"height":200,"srcset":"https:\/\/i0.wp.com\/www.musique-cordiale.com\/wp-content\/uploads\/2023\/05\/WhatsApp-Image-2023-06-01-at-15.56.27-Callian-2016.jpg?fit=1200%2C675&ssl=1&resize=350%2C200 1x, https:\/\/i0.wp.com\/www.musique-cordiale.com\/wp-content\/uploads\/2023\/05\/WhatsApp-Image-2023-06-01-at-15.56.27-Callian-2016.jpg?fit=1200%2C675&ssl=1&resize=525%2C300 1.5x, https:\/\/i0.wp.com\/www.musique-cordiale.com\/wp-content\/uploads\/2023\/05\/WhatsApp-Image-2023-06-01-at-15.56.27-Callian-2016.jpg?fit=1200%2C675&ssl=1&resize=700%2C400 2x, https:\/\/i0.wp.com\/www.musique-cordiale.com\/wp-content\/uploads\/2023\/05\/WhatsApp-Image-2023-06-01-at-15.56.27-Callian-2016.jpg?fit=1200%2C675&ssl=1&resize=1050%2C600 3x"},"classes":[]},{"id":39042,"url":"https:\/\/www.musique-cordiale.com\/programme-tickets\/12-august-2023-closing-festival-concert-handel-mozart-oratorios-mozart-coronation-mass\/","url_meta":{"origin":39422,"position":1},"title":"Closing Festival CONCERT &#8211; Handel Anthems &#038; Mozart Coronation Mass &#8211; with choir, orchestra &#038; soloists, 20h","author":"Jonathan Barker","date":"24\/05\/2023","format":false,"excerpt":"EN: FESTIVAL 2023: Closing concert | Mozart & Handel Oratorios, MOZART: MESSE DU COURONNEMENT \u00a0(second & final 2023 Festival performance) | Graham Ross leads the Festival Choir and Orchestra with soloists in a rendition of Mozart's Coronation Mass as a nod to Britain's recently crowned King Charles III. This final\u2026","rel":"","context":"Article similaire","block_context":{"text":"Article similaire","link":""},"img":{"alt_text":"","src":"https:\/\/i0.wp.com\/www.musique-cordiale.com\/wp-content\/uploads\/2019\/12\/WhatsApp-Image-2019-12-17-at-15.16.27.jpeg?fit=900%2C1200&ssl=1&resize=350%2C200","width":350,"height":200,"srcset":"https:\/\/i0.wp.com\/www.musique-cordiale.com\/wp-content\/uploads\/2019\/12\/WhatsApp-Image-2019-12-17-at-15.16.27.jpeg?fit=900%2C1200&ssl=1&resize=350%2C200 1x, https:\/\/i0.wp.com\/www.musique-cordiale.com\/wp-content\/uploads\/2019\/12\/WhatsApp-Image-2019-12-17-at-15.16.27.jpeg?fit=900%2C1200&ssl=1&resize=525%2C300 1.5x, https:\/\/i0.wp.com\/www.musique-cordiale.com\/wp-content\/uploads\/2019\/12\/WhatsApp-Image-2019-12-17-at-15.16.27.jpeg?fit=900%2C1200&ssl=1&resize=700%2C400 2x"},"classes":[]},{"id":39441,"url":"https:\/\/www.musique-cordiale.com\/fr\/boutique-billetterie\/12-august-2023-closing-festival-concert-handel-mozart-oratorios-mozart-coronation-mass\/","url_meta":{"origin":39422,"position":2},"title":"CONCERT de cl\u00f4ture du festival &#8211; Hymnes de Haendel et messe du couronnement de Mozart &#8211; avec ch\u0153ur, orchestre et solistes, 20h","author":"Jonathan Barker","date":"24\/05\/2023","format":false,"excerpt":"EN: FESTIVAL 2023: Closing concert | Mozart & Handel Oratorios, MOZART: MESSE DU COURONNEMENT \u00a0(second & final 2023 Festival performance) | Graham Ross leads the Festival Choir and Orchestra with soloists in a rendition of Mozart's Coronation Mass as a nod to Britain's recently crowned King Charles III. This final\u2026","rel":"","context":"Article similaire","block_context":{"text":"Article similaire","link":""},"img":{"alt_text":"","src":"https:\/\/i0.wp.com\/www.musique-cordiale.com\/wp-content\/uploads\/2019\/12\/WhatsApp-Image-2019-12-17-at-15.16.27.jpeg?fit=900%2C1200&ssl=1&resize=350%2C200","width":350,"height":200,"srcset":"https:\/\/i0.wp.com\/www.musique-cordiale.com\/wp-content\/uploads\/2019\/12\/WhatsApp-Image-2019-12-17-at-15.16.27.jpeg?fit=900%2C1200&ssl=1&resize=350%2C200 1x, https:\/\/i0.wp.com\/www.musique-cordiale.com\/wp-content\/uploads\/2019\/12\/WhatsApp-Image-2019-12-17-at-15.16.27.jpeg?fit=900%2C1200&ssl=1&resize=525%2C300 1.5x, https:\/\/i0.wp.com\/www.musique-cordiale.com\/wp-content\/uploads\/2019\/12\/WhatsApp-Image-2019-12-17-at-15.16.27.jpeg?fit=900%2C1200&ssl=1&resize=700%2C400 2x"},"classes":[]},{"id":43575,"url":"https:\/\/www.musique-cordiale.com\/programme-tickets\/43575\/","url_meta":{"origin":39422,"position":3},"title":"CHORAL CONCERT : Handel &#038; Mozart oratorios, Saturday 11 November 2023, Faversham church, 7PM","author":"Jonathan Barker","date":"30\/09\/2023","format":false,"excerpt":"7PM, Saturday 11 November, Church of Mary of Charity, Faversham, ME13 8GZ CHORAL CONCERT: Mozart & Handel Oratorios Musique-Cordiale Festival Choir & Orchestra conductor Graham Ross HANDEL Concerto Grosso Op. 6, No. 2 MOZART Laudate Dominum from Solemn Vespers HANDEL Birthday Ode for Queen Anne MOZART Coronation Mass Tickets for\u2026","rel":"","context":"Article similaire","block_context":{"text":"Article similaire","link":""},"img":{"alt_text":"","src":"https:\/\/i0.wp.com\/www.musique-cordiale.com\/wp-content\/uploads\/2023\/08\/Musique-Cordiale-Seillans-120823-38-scaled.jpg?fit=1200%2C624&ssl=1&resize=350%2C200","width":350,"height":200,"srcset":"https:\/\/i0.wp.com\/www.musique-cordiale.com\/wp-content\/uploads\/2023\/08\/Musique-Cordiale-Seillans-120823-38-scaled.jpg?fit=1200%2C624&ssl=1&resize=350%2C200 1x, https:\/\/i0.wp.com\/www.musique-cordiale.com\/wp-content\/uploads\/2023\/08\/Musique-Cordiale-Seillans-120823-38-scaled.jpg?fit=1200%2C624&ssl=1&resize=525%2C300 1.5x, https:\/\/i0.wp.com\/www.musique-cordiale.com\/wp-content\/uploads\/2023\/08\/Musique-Cordiale-Seillans-120823-38-scaled.jpg?fit=1200%2C624&ssl=1&resize=700%2C400 2x, https:\/\/i0.wp.com\/www.musique-cordiale.com\/wp-content\/uploads\/2023\/08\/Musique-Cordiale-Seillans-120823-38-scaled.jpg?fit=1200%2C624&ssl=1&resize=1050%2C600 3x"},"classes":[]},{"id":39122,"url":"https:\/\/www.musique-cordiale.com\/programme-tickets\/4-august-2023-concert-good-evening-seillans\/","url_meta":{"origin":39422,"position":4},"title":"Orchestral CONCERT: Haydn, Britten &#038; Mozart &#8211;  \u00ab\u00a0Bonsoir Seillans!\u00a0\u00bb 4 August 2023, 20h","author":"Jonathan Barker","date":"24\/05\/2023","format":false,"excerpt":"Graham ROSS: Fanfare pour Musique-Cordiale | HAYDN: Symphonie n\u00b0 6, \u201cLe Matin\u201d | BRITTEN: S\u00e9r\u00e9nade pour t\u00e9nor, cor et cordes, Aidan Coburn, tenor, Peter Ryan, cor | MOZART: Symphonie n\u00b0 29 | Direction: Graham Ross \u00a0","rel":"","context":"Article similaire","block_context":{"text":"Article similaire","link":""},"img":{"alt_text":"","src":"https:\/\/i0.wp.com\/www.musique-cordiale.com\/wp-content\/uploads\/2023\/05\/Seillans-orchestral-2018.jpg?fit=1200%2C900&ssl=1&resize=350%2C200","width":350,"height":200,"srcset":"https:\/\/i0.wp.com\/www.musique-cordiale.com\/wp-content\/uploads\/2023\/05\/Seillans-orchestral-2018.jpg?fit=1200%2C900&ssl=1&resize=350%2C200 1x, https:\/\/i0.wp.com\/www.musique-cordiale.com\/wp-content\/uploads\/2023\/05\/Seillans-orchestral-2018.jpg?fit=1200%2C900&ssl=1&resize=525%2C300 1.5x, https:\/\/i0.wp.com\/www.musique-cordiale.com\/wp-content\/uploads\/2023\/05\/Seillans-orchestral-2018.jpg?fit=1200%2C900&ssl=1&resize=700%2C400 2x, https:\/\/i0.wp.com\/www.musique-cordiale.com\/wp-content\/uploads\/2023\/05\/Seillans-orchestral-2018.jpg?fit=1200%2C900&ssl=1&resize=1050%2C600 3x"},"classes":[]},{"id":39375,"url":"https:\/\/www.musique-cordiale.com\/fr\/boutique-billetterie\/4-august-2023-concert-good-evening-seillans\/","url_meta":{"origin":39422,"position":5},"title":"CONCERT ORCHESTRE \u00ab\u00a0Bonsoir Seillans!\u00a0\u00bb Haydn, Britten &#038; Mozart, vendredi 4 ao\u00fbt 2023: 20h","author":"Jonathan Barker","date":"24\/05\/2023","format":false,"excerpt":"Graham ROSS: Fanfare pour Musique-Cordiale | HAYDN: Symphonie n\u00b0 6, \u201cLe Matin\u201d | BRITTEN: S\u00e9r\u00e9nade pour t\u00e9nor, cor et cordes, Aidan Coburn, tenor, Peter Ryan, cor | MOZART: Symphonie n\u00b0 29 | Direction: Graham Ross \u00a0","rel":"","context":"Article similaire","block_context":{"text":"Article similaire","link":""},"img":{"alt_text":"","src":"https:\/\/i0.wp.com\/www.musique-cordiale.com\/wp-content\/uploads\/2023\/05\/Seillans-orchestral-2018.jpg?fit=1200%2C900&ssl=1&resize=350%2C200","width":350,"height":200,"srcset":"https:\/\/i0.wp.com\/www.musique-cordiale.com\/wp-content\/uploads\/2023\/05\/Seillans-orchestral-2018.jpg?fit=1200%2C900&ssl=1&resize=350%2C200 1x, https:\/\/i0.wp.com\/www.musique-cordiale.com\/wp-content\/uploads\/2023\/05\/Seillans-orchestral-2018.jpg?fit=1200%2C900&ssl=1&resize=525%2C300 1.5x, https:\/\/i0.wp.com\/www.musique-cordiale.com\/wp-content\/uploads\/2023\/05\/Seillans-orchestral-2018.jpg?fit=1200%2C900&ssl=1&resize=700%2C400 2x, https:\/\/i0.wp.com\/www.musique-cordiale.com\/wp-content\/uploads\/2023\/05\/Seillans-orchestral-2018.jpg?fit=1200%2C900&ssl=1&resize=1050%2C600 3x"},"classes":[]}],"_links":{"self":[{"href":"https:\/\/www.musique-cordiale.com\/fr\/wp-json\/wp\/v2\/product\/39422","targetHints":{"allow":["GET"]}}],"collection":[{"href":"https:\/\/www.musique-cordiale.com\/fr\/wp-json\/wp\/v2\/product"}],"about":[{"href":"https:\/\/www.musique-cordiale.com\/fr\/wp-json\/wp\/v2\/types\/product"}],"wp:featuredmedia":[{"embeddable":true,"href":"https:\/\/www.musique-cordiale.com\/fr\/wp-json\/wp\/v2\/media\/39620"}],"wp:attachment":[{"href":"https:\/\/www.musique-cordiale.com\/fr\/wp-json\/wp\/v2\/media?parent=39422"}],"wp:term":[{"taxonomy":"product_brand","embeddable":true,"href":"https:\/\/www.musique-cordiale.com\/fr\/wp-json\/wp\/v2\/product_brand?post=39422"},{"taxonomy":"product_cat","embeddable":true,"href":"https:\/\/www.musique-cordiale.com\/fr\/wp-json\/wp\/v2\/product_cat?post=39422"},{"taxonomy":"product_tag","embeddable":true,"href":"https:\/\/www.musique-cordiale.com\/fr\/wp-json\/wp\/v2\/product_tag?post=39422"},{"taxonomy":"venue","embeddable":true,"href":"https:\/\/www.musique-cordiale.com\/fr\/wp-json\/wp\/v2\/venue?post=39422"}],"curies":[{"name":"wp","href":"https:\/\/api.w.org\/{rel}","templated":true}]}}

<p><strong>Thursday 10 August 2023</strong><br />
Église Notre-Dame de l&rsquo;Assomption, CALLIAN: 20h (8PM)</p>
<p>FESTIVAL 2023: premiere performance</p>
<h4><span style="color: #800000;"><strong>Mozart &amp; Handel Oratorios, MOZART: MESSE DU COURONNEMENT  (first 2023 Festival performance)</strong></span></h4>
<p><strong>Graham Ross leads the Festival Choir and Orchestra with soloists</strong> in a rendition of Mozart&rsquo;s Coronation Mass as a nod to Britain&rsquo;s recently crowned King Charles III. This final Festival concert also includes Handel&rsquo;s rousing Coronation Hymns and Ode for Queen Anne&rsquo;s Birthday.</p>
<p><span style="color: #0000ff;">G F HANDEL: Hymnes du couronnement</span></p>
<p><span style="color: #0000ff;">G F HANDEL: Ode for the birthday of Queen Anne</span></p>
<p>interval</p>
<p><span style="color: #0000ff;">W MOZART: Coronation Mass</span></p>
<p><strong>Tickets:</strong><br />
€25 standard seats / €35 premium (front rows)<br />
accompanying children free, reduction for people aged 80 and over €15 in standard seats</p>

CONCERT de clôture du festival &#8211; Hymnes de Haendel et messe du couronnement de Mozart &#8211; avec chœur, orchestre et solistes, 20h

Graham ROSS: Fanfare pour Musique-Cordiale | HAYDN: Symphonie n° 6, “Le Matin” | BRITTEN: Sérénade pour ténor, cor et cordes, Aidan Coburn, tenor, Peter Ryan, cor | MOZART: Symphonie n° 29 | Direction: Graham Ross

CONCERT ORCHESTRE « Bonsoir Seillans! » Haydn, Britten &#038; Mozart, vendredi 4 août 2023: 20h
