{"id":39731,"date":"2023-06-02T13:48:42","date_gmt":"2023-06-02T13:49:51","guid":{"rendered":"https:\/\/dev3.musique-cordiale.com\/?post_type=product&#038;p=39731"},"modified":"2023-08-05T09:55:17","modified_gmt":"2023-08-05T09:55:17","slug":"recital-de-chant","status":"publish","type":"product","link":"https:\/\/www.musique-cordiale.com\/fr\/boutique-billetterie\/recital-de-chant\/","title":{"rendered":"Recital: CHANSONS SOMPTUELLES, Mons 12:30 5 ao\u00fbt"},"content":{"rendered":"<p><strong><em>FREE ENTRY &#8211; Entr\u00e9e Gratuite<\/em><\/strong><\/p>\n<p>Nous regrettons que Chlo\u00e9 ne soit pas bien. Mais le concert continue avec un beau programme de chansons d&rsquo;Italie, d&rsquo;Allemagne et d&rsquo;Angleterre<\/p>\n","protected":false},"excerpt":{"rendered":"<p>FREE ENTRY &#8211; Entr\u00e9e Gratuite Nous regrettons que Chlo\u00e9 ne soit pas bien. Mais le concert continue avec un beau programme de chansons d&rsquo;Italie, d&rsquo;Allemagne et d&rsquo;Angleterre<\/p>\n","protected":false},"featured_media":39527,"template":"","meta":{"_acf_changed":false,"_monsterinsights_skip_tracking":false,"_monsterinsights_sitenote_active":false,"_monsterinsights_sitenote_note":"","_monsterinsights_sitenote_category":0,"_uf_show_specific_survey":0,"_uf_disable_surveys":false,"advanced_seo_description":"","jetpack_seo_html_title":"","jetpack_seo_noindex":false},"product_brand":[],"product_cat":[390,258],"product_tag":[],"venue":[398,215],"class_list":{"0":"post-39731","1":"product","2":"type-product","3":"status-publish","4":"has-post-thumbnail","6":"product_cat-festival-2023-fr","7":"product_cat-no-tickets","8":"venue-eglise-notre-dame-de-lassomption-mons","9":"venue-mons","11":"first","12":"instock","13":"shipping-taxable","14":"purchasable","15":"product-type-simple"},"acf":[],"jetpack_sharing_enabled":true,"jetpack-related-posts":[{"id":45161,"url":"https:\/\/www.musique-cordiale.com\/fr\/boutique-billetterie\/7-aout-2024-7pm-une-soiree-de-jazz-et-chansons-francaises-eau-de-chansons\/","url_meta":{"origin":39731,"position":0},"title":"7 ao\u00fbt 2024, 7PM &#8211; CONCERT GRATUIT: une soir\u00e9e de chansons fran\u00e7aises, de jazz et de la musique populaire &#8211; 1: \u00ab\u00a0EAU DE CHANSONS\u00a0\u00bb, Callian (St-Donat)","author":"Jonathan Barker","date":"19\/04\/2024","format":false,"excerpt":"CONCERT GRATUIT! | FREE CONCERT | WIEBKE ET LES GAR\u00c7ONS: chansons comme Brel, Michel le Grand, Edith Piaf, Charles Aznavour, Serge Gainsbourg et de Fran\u00e7oise Hardy et Jacques Dutronc | Wiebke Bonnet, voix | Jean Louis van Dam, piano | Marcel Booji, contrabasse | Frank auf dem Brinke, batterie |FREE\u2026","rel":"","context":"Article similaire","block_context":{"text":"Article similaire","link":""},"img":{"alt_text":"","src":"https:\/\/i0.wp.com\/www.musique-cordiale.com\/wp-content\/uploads\/2024\/04\/Wiebke-et-les-Garcons-2.jpg?fit=957%2C1068&ssl=1&resize=350%2C200","width":350,"height":200,"srcset":"https:\/\/i0.wp.com\/www.musique-cordiale.com\/wp-content\/uploads\/2024\/04\/Wiebke-et-les-Garcons-2.jpg?fit=957%2C1068&ssl=1&resize=350%2C200 1x, https:\/\/i0.wp.com\/www.musique-cordiale.com\/wp-content\/uploads\/2024\/04\/Wiebke-et-les-Garcons-2.jpg?fit=957%2C1068&ssl=1&resize=525%2C300 1.5x, https:\/\/i0.wp.com\/www.musique-cordiale.com\/wp-content\/uploads\/2024\/04\/Wiebke-et-les-Garcons-2.jpg?fit=957%2C1068&ssl=1&resize=700%2C400 2x"},"classes":[]},{"id":45172,"url":"https:\/\/www.musique-cordiale.com\/fr\/boutique-billetterie\/7-aout-2024-7pm-une-soiree-de-jazz-et-chansons-francaises-eau-de-chansons-callian-st-donat-copy\/","url_meta":{"origin":39731,"position":1},"title":"8 ao\u00fbt 2024, 21h: une soir\u00e9e de chansons fran\u00e7aises, de jazz et de la musique populaire: \u00ab\u00a0EAU DE CHANSONS 2\u00a0\u00bb, Seillans (nouvelle scene de l&rsquo;ancienne gare)","author":"Jonathan Barker","date":"19\/04\/2024","format":false,"excerpt":"WIEBKE ET LES GAR\u00c7ONS: | chansons comme Brel, Michel le Grand, Edith Piaf, Charles Aznavour, Serge Gainsbourg et de Fran\u00e7oise Hardy et Jacques Dutronc | |Venez chanter avec ces fabuleux interpr\u00e8tes franco-n\u00e9erlandais | Wiebke Bonnet, voix | Jean Louis van Dam, piano | Marcel Booji, contrabasse | Frank auf dem\u2026","rel":"","context":"Article similaire","block_context":{"text":"Article similaire","link":""},"img":{"alt_text":"","src":"https:\/\/i0.wp.com\/www.musique-cordiale.com\/wp-content\/uploads\/2024\/04\/Wiebke-et-les-Garcons2.png?fit=1200%2C597&ssl=1&resize=350%2C200","width":350,"height":200,"srcset":"https:\/\/i0.wp.com\/www.musique-cordiale.com\/wp-content\/uploads\/2024\/04\/Wiebke-et-les-Garcons2.png?fit=1200%2C597&ssl=1&resize=350%2C200 1x, https:\/\/i0.wp.com\/www.musique-cordiale.com\/wp-content\/uploads\/2024\/04\/Wiebke-et-les-Garcons2.png?fit=1200%2C597&ssl=1&resize=525%2C300 1.5x, https:\/\/i0.wp.com\/www.musique-cordiale.com\/wp-content\/uploads\/2024\/04\/Wiebke-et-les-Garcons2.png?fit=1200%2C597&ssl=1&resize=700%2C400 2x, https:\/\/i0.wp.com\/www.musique-cordiale.com\/wp-content\/uploads\/2024\/04\/Wiebke-et-les-Garcons2.png?fit=1200%2C597&ssl=1&resize=1050%2C600 3x"},"classes":[]},{"id":45157,"url":"https:\/\/www.musique-cordiale.com\/programme-tickets\/7-august-2024-7pm-une-soiree-de-jazz-et-chansons-francaises-eau-de-chansons\/","url_meta":{"origin":39731,"position":2},"title":"7 August 2024, 7PM &#8211;  FREE CONCERT: an evening of French Songs, jazz &#038; popular music &#8211; 1: \u00ab\u00a0EAU DE CHANSONS\u00a0\u00bb, Callian (St-Donat)","author":"Jonathan Barker","date":"19\/04\/2024","format":false,"excerpt":"WIEBKE ET LES GAR\u00c7ONS:| FREE CONCERT! songs like Brel, Michel le Grand, Edith Piaf, Charles Aznavour, Serge Gainsbourg and Fran\u00e7oise Hardy and Jacques Dutronc | Wiebke Bonnet, vocals |Jean Louis van Dam, piano |Marcel Booji, double bass |Frank auf dem Brinke, drums | in the deconsecrated & restored chapel at\u2026","rel":"","context":"Article similaire","block_context":{"text":"Article similaire","link":""},"img":{"alt_text":"","src":"https:\/\/i0.wp.com\/www.musique-cordiale.com\/wp-content\/uploads\/2024\/04\/Wiebke-et-les-Garcons-2.jpg?fit=957%2C1068&ssl=1&resize=350%2C200","width":350,"height":200,"srcset":"https:\/\/i0.wp.com\/www.musique-cordiale.com\/wp-content\/uploads\/2024\/04\/Wiebke-et-les-Garcons-2.jpg?fit=957%2C1068&ssl=1&resize=350%2C200 1x, https:\/\/i0.wp.com\/www.musique-cordiale.com\/wp-content\/uploads\/2024\/04\/Wiebke-et-les-Garcons-2.jpg?fit=957%2C1068&ssl=1&resize=525%2C300 1.5x, https:\/\/i0.wp.com\/www.musique-cordiale.com\/wp-content\/uploads\/2024\/04\/Wiebke-et-les-Garcons-2.jpg?fit=957%2C1068&ssl=1&resize=700%2C400 2x"},"classes":[]},{"id":45168,"url":"https:\/\/www.musique-cordiale.com\/programme-tickets\/8-august-2024-9pm-une-soiree-de-jazz-et-chansons-francaises-eau-de-chansons-seillans\/","url_meta":{"origin":39731,"position":3},"title":"8 August 2024, 9PM: an open-air evening of French songs, jazz &#038; popular music : \u00ab\u00a0EAU DE CHANSONS\u00a0\u00bb 2, Seillans (nouvelle sc\u00e8ne de l&rsquo;ancienne gare)","author":"Jonathan Barker","date":"19\/04\/2024","format":false,"excerpt":"WIEBKE ET LES GAR\u00c7ONS: | SONGS\u00a0 like Brel, Michel le Grand, Edith Piaf, Charles Aznavour, Serge Gainsbourg and Fran\u00e7oise Hardy and Jacques Dutronc |Wiebke Bonnet, vocals |Jean Louis van Dam, piano |Marcel Booji, double bass |Frank auf dem Brinke, drums | La nouvelle sc\u00e8ne de l'ancienne Gare, the new setting\u2026","rel":"","context":"Article similaire","block_context":{"text":"Article similaire","link":""},"img":{"alt_text":"","src":"https:\/\/i0.wp.com\/www.musique-cordiale.com\/wp-content\/uploads\/2024\/04\/Wiebke-et-les-Garcons2.png?fit=1200%2C597&ssl=1&resize=350%2C200","width":350,"height":200,"srcset":"https:\/\/i0.wp.com\/www.musique-cordiale.com\/wp-content\/uploads\/2024\/04\/Wiebke-et-les-Garcons2.png?fit=1200%2C597&ssl=1&resize=350%2C200 1x, https:\/\/i0.wp.com\/www.musique-cordiale.com\/wp-content\/uploads\/2024\/04\/Wiebke-et-les-Garcons2.png?fit=1200%2C597&ssl=1&resize=525%2C300 1.5x, https:\/\/i0.wp.com\/www.musique-cordiale.com\/wp-content\/uploads\/2024\/04\/Wiebke-et-les-Garcons2.png?fit=1200%2C597&ssl=1&resize=700%2C400 2x, https:\/\/i0.wp.com\/www.musique-cordiale.com\/wp-content\/uploads\/2024\/04\/Wiebke-et-les-Garcons2.png?fit=1200%2C597&ssl=1&resize=1050%2C600 3x"},"classes":[]},{"id":45120,"url":"https:\/\/www.musique-cordiale.com\/fr\/boutique-billetterie\/5-aout-2024-19h-la-belle-musique-baroque-st-paul-en-foret\/","url_meta":{"origin":39731,"position":4},"title":"5 ao\u00fbt 2024, 19h: La Belle Musique Baroque, \u00c9glise de St Paul-en-For\u00eat","author":"Jonathan Barker","date":"19\/04\/2024","format":false,"excerpt":"Spectaculaire baroque | Vivaldi : Concerto pour 4 violons | Pachelbel : Canon et Gigue | Chanson baroque, dont Rameau \u00ab Les Amants Trahis \u00bb pour soprane, baryton et basse continuo | Jacquet de la Guerre \u00ab Le Deugel \u00bb pour soprane, baryton et basse continu0| | Purcell chansons pour\u2026","rel":"","context":"Article similaire","block_context":{"text":"Article similaire","link":""},"img":{"alt_text":"","src":"https:\/\/i0.wp.com\/www.musique-cordiale.com\/wp-content\/uploads\/2024\/04\/shutterstock_710034355.jpg?fit=1000%2C679&ssl=1&resize=350%2C200","width":350,"height":200,"srcset":"https:\/\/i0.wp.com\/www.musique-cordiale.com\/wp-content\/uploads\/2024\/04\/shutterstock_710034355.jpg?fit=1000%2C679&ssl=1&resize=350%2C200 1x, https:\/\/i0.wp.com\/www.musique-cordiale.com\/wp-content\/uploads\/2024\/04\/shutterstock_710034355.jpg?fit=1000%2C679&ssl=1&resize=525%2C300 1.5x, https:\/\/i0.wp.com\/www.musique-cordiale.com\/wp-content\/uploads\/2024\/04\/shutterstock_710034355.jpg?fit=1000%2C679&ssl=1&resize=700%2C400 2x"},"classes":[]},{"id":39659,"url":"https:\/\/www.musique-cordiale.com\/fr\/boutique-billetterie\/chansons-et-airs\/","url_meta":{"origin":39731,"position":5},"title":"Concert de midi, Chapelle ND de l&rsquo;Ormeau, SEILLANS &#8211; Copeland, Mozart &#038; Ibert","author":"Lyndsey","date":"02\/06\/2023","format":false,"excerpt":"Copeland - Quiet City Schubert - Trio\u00a0 a cordes Mozart Flute Quartette Ibert - Cinq pieces en trio pour hautbois, Clarinette & Basson","rel":"","context":"Article similaire","block_context":{"text":"Article similaire","link":""},"img":{"alt_text":"","src":"https:\/\/i0.wp.com\/www.musique-cordiale.com\/wp-content\/uploads\/2023\/06\/Ormeau-Seillans-2019-1.jpg?fit=583%2C1200&ssl=1&resize=350%2C200","width":350,"height":200,"srcset":"https:\/\/i0.wp.com\/www.musique-cordiale.com\/wp-content\/uploads\/2023\/06\/Ormeau-Seillans-2019-1.jpg?fit=583%2C1200&ssl=1&resize=350%2C200 1x, https:\/\/i0.wp.com\/www.musique-cordiale.com\/wp-content\/uploads\/2023\/06\/Ormeau-Seillans-2019-1.jpg?fit=583%2C1200&ssl=1&resize=525%2C300 1.5x"},"classes":[]}],"_links":{"self":[{"href":"https:\/\/www.musique-cordiale.com\/fr\/wp-json\/wp\/v2\/product\/39731","targetHints":{"allow":["GET"]}}],"collection":[{"href":"https:\/\/www.musique-cordiale.com\/fr\/wp-json\/wp\/v2\/product"}],"about":[{"href":"https:\/\/www.musique-cordiale.com\/fr\/wp-json\/wp\/v2\/types\/product"}],"wp:featuredmedia":[{"embeddable":true,"href":"https:\/\/www.musique-cordiale.com\/fr\/wp-json\/wp\/v2\/media\/39527"}],"wp:attachment":[{"href":"https:\/\/www.musique-cordiale.com\/fr\/wp-json\/wp\/v2\/media?parent=39731"}],"wp:term":[{"taxonomy":"product_brand","embeddable":true,"href":"https:\/\/www.musique-cordiale.com\/fr\/wp-json\/wp\/v2\/product_brand?post=39731"},{"taxonomy":"product_cat","embeddable":true,"href":"https:\/\/www.musique-cordiale.com\/fr\/wp-json\/wp\/v2\/product_cat?post=39731"},{"taxonomy":"product_tag","embeddable":true,"href":"https:\/\/www.musique-cordiale.com\/fr\/wp-json\/wp\/v2\/product_tag?post=39731"},{"taxonomy":"venue","embeddable":true,"href":"https:\/\/www.musique-cordiale.com\/fr\/wp-json\/wp\/v2\/venue?post=39731"}],"curies":[{"name":"wp","href":"https:\/\/api.w.org\/{rel}","templated":true}]}}

Recital: CHANSONS SOMPTUELLES, Mons 12:30 5 août

<p><strong><em>FREE ENTRY &#8211; Entrée Gratuite</em></strong></p>
<p>Nous regrettons que Chloé ne soit pas bien. Mais le concert continue avec un beau programme de chansons d&rsquo;Italie, d&rsquo;Allemagne et d&rsquo;Angleterre</p>

<p>FREE ENTRY &#8211; Entrée Gratuite Nous regrettons que Chloé ne soit pas bien. Mais le concert continue avec un beau programme de chansons d&rsquo;Italie, d&rsquo;Allemagne et d&rsquo;Angleterre</p>

7 août 2024, 7PM &#8211; CONCERT GRATUIT: une soirée de chansons françaises, de jazz et de la musique populaire &#8211; 1: « EAU DE CHANSONS », Callian (St-Donat)

CONCERT GRATUIT! | FREE CONCERT | WIEBKE ET LES GARÇONS: chansons comme Brel, Michel le Grand, Edith Piaf, Charles Aznavour, Serge Gainsbourg et de Françoise Hardy et Jacques Dutronc | Wiebke Bonnet, voix | Jean Louis van Dam, piano | Marcel Booji, contrabasse | Frank auf dem Brinke, batterie |FREE…

8 août 2024, 21h: une soirée de chansons françaises, de jazz et de la musique populaire: « EAU DE CHANSONS 2 », Seillans (nouvelle scene de l&rsquo;ancienne gare)

WIEBKE ET LES GARÇONS: | chansons comme Brel, Michel le Grand, Edith Piaf, Charles Aznavour, Serge Gainsbourg et de Françoise Hardy et Jacques Dutronc | |Venez chanter avec ces fabuleux interprètes franco-néerlandais | Wiebke Bonnet, voix | Jean Louis van Dam, piano | Marcel Booji, contrabasse | Frank auf dem…

WIEBKE ET LES GARÇONS:| FREE CONCERT! songs like Brel, Michel le Grand, Edith Piaf, Charles Aznavour, Serge Gainsbourg and Françoise Hardy and Jacques Dutronc | Wiebke Bonnet, vocals |Jean Louis van Dam, piano |Marcel Booji, double bass |Frank auf dem Brinke, drums | in the deconsecrated & restored chapel at…

8 August 2024, 9PM: an open-air evening of French songs, jazz &#038; popular music : « EAU DE CHANSONS » 2, Seillans (nouvelle scène de l&rsquo;ancienne gare)

WIEBKE ET LES GARÇONS: | SONGS  like Brel, Michel le Grand, Edith Piaf, Charles Aznavour, Serge Gainsbourg and Françoise Hardy and Jacques Dutronc |Wiebke Bonnet, vocals |Jean Louis van Dam, piano |Marcel Booji, double bass |Frank auf dem Brinke, drums | La nouvelle scène de l'ancienne Gare, the new setting…

5 août 2024, 19h: La Belle Musique Baroque, Église de St Paul-en-Forêt
