{"id":45219,"date":"2024-04-20T10:39:19","date_gmt":"2024-04-20T10:42:38","guid":{"rendered":"https:\/\/www.musique-cordiale.com\/?post_type=product&#038;p=45219"},"modified":"2024-08-10T05:46:49","modified_gmt":"2024-08-10T05:46:49","slug":"10-aout-19h-concert-de-cloture-du-festival-requiem-de-verdi-choeur-et-orchestre-musique-cordiale-seillans","status":"publish","type":"product","link":"https:\/\/www.musique-cordiale.com\/fr\/boutique-billetterie\/10-aout-19h-concert-de-cloture-du-festival-requiem-de-verdi-choeur-et-orchestre-musique-cordiale-seillans\/","title":{"rendered":"10 ao\u00fbt 19h- Concert de Cl\u00f4ture du festival: REQUIEM de VERDI, Choeur et orchestre Musique-Cordiale, \u00c9glise de Seillans"},"content":{"rendered":"\r\n<h2 class=\"wp-block-heading has-text-align-center has-vivid-red-color has-text-color has-link-color wp-elements-0c985865d4dfc403ed298aa323506081\" style=\"text-align: center;\">Guiseppe Verdi: <em><strong>Messa da Requiem<\/strong><\/em><\/h2>\r\n \r\n<h4 class=\"wp-block-heading has-text-align-center has-vivid-red-color has-text-color has-link-color wp-elements-2ed1216206efc26ab7ec39ab6c79be89\" style=\"text-align: center;\">Rebecca Hardwick, soprano\r\nCharlotte King, alto\r\nAidan Coburn, tenor\r\nPeter Lidbetter, bass<\/h4>\r\nChoeur et l&rsquo;orchestre du Festival Musique Cordiale\r\ndirection Graham Ross, director of Music, Clare College, Cambridge\r\n<p style=\"text-align: center;\"><\/p>","protected":false},"excerpt":{"rendered":"<p style=\"text-align: center;\"><strong>Guiseppe Verdi: Messa da Requiem<\/strong><br \/>\n|<br \/>\nRebecca Hardwick, soprano<br \/>\n|<br \/>\nCharlotte King, alto<br \/>\n|<br \/>\nAidan Coburn, tenor<br \/>\n|<br \/>\nPeter Lidbetter, bass<\/p>\n<p>|<\/p>\n<p style=\"text-align: center;\">Choeur et l&rsquo;orchestre du Festival Musique Cordiale<br \/>\n|<br \/>\ndirection Graham Ross, director of Music, Clare College, Cambridge<\/p>\n","protected":false},"featured_media":43063,"template":"","meta":{"_acf_changed":false,"_monsterinsights_skip_tracking":false,"_monsterinsights_sitenote_active":false,"_monsterinsights_sitenote_note":"","_monsterinsights_sitenote_category":0,"_uf_show_specific_survey":0,"_uf_disable_surveys":false,"advanced_seo_description":"","jetpack_seo_html_title":"","jetpack_seo_noindex":false},"product_brand":[],"product_cat":[447],"product_tag":[469,470,395,471],"venue":[145,222],"class_list":{"0":"post-45219","1":"product","2":"type-product","3":"status-publish","4":"has-post-thumbnail","6":"product_cat-festival-2024-fr","7":"product_tag-choeur-fr-2","8":"product_tag-choral-fr","9":"product_tag-concert-fr","10":"product_tag-orchestre","11":"venue-eglise-saint-leger","12":"venue-seillans","14":"first","15":"instock","16":"shipping-taxable","17":"product-type-variable"},"acf":[],"jetpack_sharing_enabled":true,"jetpack-related-posts":[{"id":45214,"url":"https:\/\/www.musique-cordiale.com\/programme-tickets\/10-august-6pm-concert-de-cloture-du-festival-verdi-requiem-musique-cordiale-choir-orchestra-seillans\/","url_meta":{"origin":45219,"position":0},"title":"10 August, 7PM- Concert de Cl\u00f4ture du festival: VERDI REQUIEM, Musique-Cordiale choir &#038; Orchestra, SEILLANS Church","author":"Jonathan Barker","date":"20\/04\/2024","format":false,"excerpt":"Guiseppe Verdi: Messa da Requiem | Rebecca Hardwick, soprano | Charlotte King, alto | Aidan Coburn, tenor | Peter Lidbetter, bass | | Choeur et l'orchestre du Festival Musique Cordiale | direction Graham Ross, director of Music, Clare College, Cambridge |","rel":"","context":"Article similaire","block_context":{"text":"Article similaire","link":""},"img":{"alt_text":"","src":"https:\/\/i0.wp.com\/www.musique-cordiale.com\/wp-content\/uploads\/2023\/08\/Musique-Cordiale-Seillans-120823-39-scaled.jpg?fit=1200%2C570&ssl=1&resize=350%2C200","width":350,"height":200,"srcset":"https:\/\/i0.wp.com\/www.musique-cordiale.com\/wp-content\/uploads\/2023\/08\/Musique-Cordiale-Seillans-120823-39-scaled.jpg?fit=1200%2C570&ssl=1&resize=350%2C200 1x, https:\/\/i0.wp.com\/www.musique-cordiale.com\/wp-content\/uploads\/2023\/08\/Musique-Cordiale-Seillans-120823-39-scaled.jpg?fit=1200%2C570&ssl=1&resize=525%2C300 1.5x, https:\/\/i0.wp.com\/www.musique-cordiale.com\/wp-content\/uploads\/2023\/08\/Musique-Cordiale-Seillans-120823-39-scaled.jpg?fit=1200%2C570&ssl=1&resize=700%2C400 2x, https:\/\/i0.wp.com\/www.musique-cordiale.com\/wp-content\/uploads\/2023\/08\/Musique-Cordiale-Seillans-120823-39-scaled.jpg?fit=1200%2C570&ssl=1&resize=1050%2C600 3x"},"classes":[]},{"id":45185,"url":"https:\/\/www.musique-cordiale.com\/programme-tickets\/8-august-6pm-non-festival-extra-concert-by-musique-cordiale-choir-orchestra-in-menton-verdi-requiem\/","url_meta":{"origin":45219,"position":1},"title":"8 August 2024, 6PM &#8211; (\u00ab\u00a0Festival OFF\u00a0\u00bb) extra concert by Musique-Cordiale choir &#038; Orchestra in MENTON: Verdi Requiem","author":"Jonathan Barker","date":"19\/04\/2024","format":false,"excerpt":"Guiseppe Verdi: Messa da Requiem Rebecca Hardwick, soprano | Charlotte King, alto |Aidan Coburn, tenor |Peter Lidbetter, bass |Choeur et l'orchestre du Festival Musique Cordiale |direction Graham Ross, director of Music, Clare College, Cambridge | Anglican Church of St John, MENTON, Alpes-Maritime","rel":"","context":"Article similaire","block_context":{"text":"Article similaire","link":""},"img":{"alt_text":"","src":"https:\/\/i0.wp.com\/www.musique-cordiale.com\/wp-content\/uploads\/2024\/04\/MC2024_Poster_Menton-2024.png?fit=861%2C1200&ssl=1&resize=350%2C200","width":350,"height":200,"srcset":"https:\/\/i0.wp.com\/www.musique-cordiale.com\/wp-content\/uploads\/2024\/04\/MC2024_Poster_Menton-2024.png?fit=861%2C1200&ssl=1&resize=350%2C200 1x, https:\/\/i0.wp.com\/www.musique-cordiale.com\/wp-content\/uploads\/2024\/04\/MC2024_Poster_Menton-2024.png?fit=861%2C1200&ssl=1&resize=525%2C300 1.5x, https:\/\/i0.wp.com\/www.musique-cordiale.com\/wp-content\/uploads\/2024\/04\/MC2024_Poster_Menton-2024.png?fit=861%2C1200&ssl=1&resize=700%2C400 2x"},"classes":[]},{"id":45211,"url":"https:\/\/www.musique-cordiale.com\/programme-tickets\/8-august-2024-6pm-festival-off-extra-concert-by-musique-cordiale-choir-orchestra-in-menton-verdi-requiem\/","url_meta":{"origin":45219,"position":2},"title":"8 August 2024, 6PM &#8211; (\u00ab\u00a0Festival OFF\u00a0\u00bb) extra concert by Musique-Cordiale choir &#038; Orchestra in MENTON: Verdi Requiem","author":"Jonathan Barker","date":"20\/04\/2024","format":false,"excerpt":"Guiseppe Verdi: Messa da Requiem Rebecca Hardwick, soprano Charlotte KIng, alto Aidan Coburn, tenor Peter Lidbetter, bass Choeur et l'orchestre du Festival Musique Cordiale direction Graham Ross, director of Music, Clare College, Cambridge Anglican Church of St John, MENTON, Alpes-Maritime","rel":"","context":"Article similaire","block_context":{"text":"Article similaire","link":""},"img":{"alt_text":"","src":"","width":0,"height":0},"classes":[]},{"id":45187,"url":"https:\/\/www.musique-cordiale.com\/fr\/boutique-billetterie\/8-aout-18h-non-festival-extra-concert-by-musique-cordiale-choir-orchestra-menton-verdi-requiem\/","url_meta":{"origin":45219,"position":3},"title":"8 ao\u00fbt 2024, 18h &#8211; (\u00ab\u00a0Festival OFF\u00a0\u00bb) extra concert par le Choeur et l&rsquo;Orchestre Musique-Cordiale, MENTON: Requiem de Verdi","author":"Jonathan Barker","date":"19\/04\/2024","format":false,"excerpt":"(Il s'agit d'un \u00c9V\u00c9NEMENT \"FESTIVAL OFF\" : le ch\u0153ur et l'orchestre se produisent ce soir dans les Alpes-Maritime. Le m\u00eame concert qui aura lieu \u00e0 Seillans le samedi 10 ao\u00fbt (en guise de concert de cl\u00f4ture du Festival). Pendant ce temps, le 8 ao\u00fbt, nous organisons un concert de Jazz\u2026","rel":"","context":"Article similaire","block_context":{"text":"Article similaire","link":""},"img":{"alt_text":"","src":"https:\/\/i0.wp.com\/www.musique-cordiale.com\/wp-content\/uploads\/2024\/04\/MC2024_Poster_Menton-2024.png?fit=861%2C1200&ssl=1&resize=350%2C200","width":350,"height":200,"srcset":"https:\/\/i0.wp.com\/www.musique-cordiale.com\/wp-content\/uploads\/2024\/04\/MC2024_Poster_Menton-2024.png?fit=861%2C1200&ssl=1&resize=350%2C200 1x, https:\/\/i0.wp.com\/www.musique-cordiale.com\/wp-content\/uploads\/2024\/04\/MC2024_Poster_Menton-2024.png?fit=861%2C1200&ssl=1&resize=525%2C300 1.5x, https:\/\/i0.wp.com\/www.musique-cordiale.com\/wp-content\/uploads\/2024\/04\/MC2024_Poster_Menton-2024.png?fit=861%2C1200&ssl=1&resize=700%2C400 2x"},"classes":[]},{"id":48310,"url":"https:\/\/www.musique-cordiale.com\/fr\/boutique-billetterie\/haydn-la-creation-avec-choeur-orchestre-et-solistes-eglise-saint-leger-seillans-10-aout-2025-19-h\/","url_meta":{"origin":45219,"position":4},"title":"Haydn \u00ab \u00ab\u00a0LA CR\u00c9ATION\u00a0\u00bb \u00bb avec ch\u0153ur, orchestre et notre incroyable programmation de solistes vocaux\u00a0: Concert de cl\u00f4ture du Festival, \u00c9glise Saint-L\u00e9ger, SEILLANS, 9 ao\u00fbt 2025, 19 h","author":"Jonathan Barker","date":"09\/04\/2025","format":false,"excerpt":"Haydn \"The Creation\" with choir, orchestra & soloists: Church of St Leger, SEILLANS, 9 August 2025, 7PM Interpr\u00e8tes\u00a0: Maestro \u2013 Graham Ross Soprano \u2013 Rebecca Hardwick Mezzo-soprano \u2013 Hannah Dienes-Williams T\u00e9nor \u2013 Aidan Coburn Baryton \u2013 Patrick Alexander Keefe Avec le Ch\u0153ur et l'Orchestre du Festival Musique-Cordiale L'oratorio retentissant de\u2026","rel":"","context":"Article similaire","block_context":{"text":"Article similaire","link":""},"img":{"alt_text":"","src":"https:\/\/i0.wp.com\/www.musique-cordiale.com\/wp-content\/uploads\/2025\/04\/from-the-little-book-of-Paddy-Lovely.jpg?fit=1200%2C866&ssl=1&resize=350%2C200","width":350,"height":200,"srcset":"https:\/\/i0.wp.com\/www.musique-cordiale.com\/wp-content\/uploads\/2025\/04\/from-the-little-book-of-Paddy-Lovely.jpg?fit=1200%2C866&ssl=1&resize=350%2C200 1x, https:\/\/i0.wp.com\/www.musique-cordiale.com\/wp-content\/uploads\/2025\/04\/from-the-little-book-of-Paddy-Lovely.jpg?fit=1200%2C866&ssl=1&resize=525%2C300 1.5x, https:\/\/i0.wp.com\/www.musique-cordiale.com\/wp-content\/uploads\/2025\/04\/from-the-little-book-of-Paddy-Lovely.jpg?fit=1200%2C866&ssl=1&resize=700%2C400 2x, https:\/\/i0.wp.com\/www.musique-cordiale.com\/wp-content\/uploads\/2025\/04\/from-the-little-book-of-Paddy-Lovely.jpg?fit=1200%2C866&ssl=1&resize=1050%2C600 3x"},"classes":[]},{"id":19777,"url":"https:\/\/www.musique-cordiale.com\/fr\/boutique-billetterie\/oratorio-a-bargemon-les-saisons-de-haydn-en-allemand-jeudi-9-aout-2018\/","url_meta":{"origin":45219,"position":5},"title":"Oratorio \u00e0 Bargemon: &lsquo;DIE JAHRESZEITEN&rsquo; &#8211; Les Saisons de Haydn (en allemand)","author":"Jonathan Barker","date":"17\/02\/2017","format":false,"excerpt":"avec choeur, orchestre & solists Graham Ross, direction Dima Bawab, soprano Julian Gregory, tenor Tristan Hambleton, basse Le Choeur & l'Orchestre du Festival Musique Cordiale","rel":"","context":"Article similaire","block_context":{"text":"Article similaire","link":""},"img":{"alt_text":"","src":"https:\/\/i0.wp.com\/www.musique-cordiale.com\/wp-content\/uploads\/2017\/03\/choir-and-orchestra-with-Graham-Ross.jpg?fit=1200%2C600&ssl=1&resize=350%2C200","width":350,"height":200,"srcset":"https:\/\/i0.wp.com\/www.musique-cordiale.com\/wp-content\/uploads\/2017\/03\/choir-and-orchestra-with-Graham-Ross.jpg?fit=1200%2C600&ssl=1&resize=350%2C200 1x, https:\/\/i0.wp.com\/www.musique-cordiale.com\/wp-content\/uploads\/2017\/03\/choir-and-orchestra-with-Graham-Ross.jpg?fit=1200%2C600&ssl=1&resize=525%2C300 1.5x, https:\/\/i0.wp.com\/www.musique-cordiale.com\/wp-content\/uploads\/2017\/03\/choir-and-orchestra-with-Graham-Ross.jpg?fit=1200%2C600&ssl=1&resize=700%2C400 2x, https:\/\/i0.wp.com\/www.musique-cordiale.com\/wp-content\/uploads\/2017\/03\/choir-and-orchestra-with-Graham-Ross.jpg?fit=1200%2C600&ssl=1&resize=1050%2C600 3x"},"classes":[]}],"_links":{"self":[{"href":"https:\/\/www.musique-cordiale.com\/fr\/wp-json\/wp\/v2\/product\/45219","targetHints":{"allow":["GET"]}}],"collection":[{"href":"https:\/\/www.musique-cordiale.com\/fr\/wp-json\/wp\/v2\/product"}],"about":[{"href":"https:\/\/www.musique-cordiale.com\/fr\/wp-json\/wp\/v2\/types\/product"}],"wp:featuredmedia":[{"embeddable":true,"href":"https:\/\/www.musique-cordiale.com\/fr\/wp-json\/wp\/v2\/media\/43063"}],"wp:attachment":[{"href":"https:\/\/www.musique-cordiale.com\/fr\/wp-json\/wp\/v2\/media?parent=45219"}],"wp:term":[{"taxonomy":"product_brand","embeddable":true,"href":"https:\/\/www.musique-cordiale.com\/fr\/wp-json\/wp\/v2\/product_brand?post=45219"},{"taxonomy":"product_cat","embeddable":true,"href":"https:\/\/www.musique-cordiale.com\/fr\/wp-json\/wp\/v2\/product_cat?post=45219"},{"taxonomy":"product_tag","embeddable":true,"href":"https:\/\/www.musique-cordiale.com\/fr\/wp-json\/wp\/v2\/product_tag?post=45219"},{"taxonomy":"venue","embeddable":true,"href":"https:\/\/www.musique-cordiale.com\/fr\/wp-json\/wp\/v2\/venue?post=45219"}],"curies":[{"name":"wp","href":"https:\/\/api.w.org\/{rel}","templated":true}]}}

10 août 19h- Concert de Clôture du festival: REQUIEM de VERDI, Choeur et orchestre Musique-Cordiale, Église de Seillans

10 August, 7PM- Concert de Clôture du festival: VERDI REQUIEM, Musique-Cordiale choir &#038; Orchestra, SEILLANS Church

8 août 2024, 18h &#8211; (« Festival OFF ») extra concert par le Choeur et l&rsquo;Orchestre Musique-Cordiale, MENTON: Requiem de Verdi

(Il s'agit d'un ÉVÉNEMENT "FESTIVAL OFF" : le chœur et l'orchestre se produisent ce soir dans les Alpes-Maritime. Le même concert qui aura lieu à Seillans le samedi 10 août (en guise de concert de clôture du Festival). Pendant ce temps, le 8 août, nous organisons un concert de Jazz…

Haydn « « LA CRÉATION » » avec chœur, orchestre et notre incroyable programmation de solistes vocaux : Concert de clôture du Festival, Église Saint-Léger, SEILLANS, 9 août 2025, 19 h

Haydn "The Creation" with choir, orchestra & soloists: Church of St Leger, SEILLANS, 9 August 2025, 7PM Interprètes : Maestro – Graham Ross Soprano – Rebecca Hardwick Mezzo-soprano – Hannah Dienes-Williams Ténor – Aidan Coburn Baryton – Patrick Alexander Keefe Avec le Chœur et l'Orchestre du Festival Musique-Cordiale L'oratorio retentissant de…

Oratorio à Bargemon: &lsquo;DIE JAHRESZEITEN&rsquo; &#8211; Les Saisons de Haydn (en allemand)
