{"id":45605,"date":"2024-04-20T10:02:46","date_gmt":"2024-04-20T10:02:46","guid":{"rendered":"https:\/\/www.musique-cordiale.com\/programme-tickets\/9-aout-2024-19h-vivaldi-4-saisons-haydn-mendelsson-poulenc-bagnols-en-foret\/"},"modified":"2024-07-02T21:46:14","modified_gmt":"2024-07-02T21:46:14","slug":"9-aout-2024-19h-vivaldi-4-saisons-haydn-mendelsson-poulenc-bagnols-en-foret","status":"publish","type":"product","link":"https:\/\/www.musique-cordiale.com\/fr\/boutique-billetterie\/9-aout-2024-19h-vivaldi-4-saisons-haydn-mendelsson-poulenc-bagnols-en-foret\/","title":{"rendered":"9 ao\u00fbt 2024, 19h: Vivaldi 4 Saisons, Haydn, Mendelsson &#038; Poulenc, Bagnols-en-For\u00eat"},"content":{"rendered":"<p><strong>Haydn <em>Concerto en r\u00e9 majeur pour cor et cordes<\/em><\/strong><\/p>\n<p>Peter Ryan, <em>cor<\/em><\/p>\n<p><strong>Mendelssohn <em>Quintette \u00e0 cordes n\u00b01 en la majeur<\/em><\/strong><\/p>\n<p><strong>Poulenc <em>Trio for hautbois, Basson et Piano<\/em><\/strong><\/p>\n<p>Alex Franklin, hautbois<\/p>\n<p>Jamie King, basson<\/p>\n<p>Rebecca Taylor, piano<\/p>\n<p><em>\u00a0-o-<\/em><\/p>\n<p><strong>Vivaldi <em>Les Quatre Saisons<\/em><\/strong><\/p>\n<p>Oliver Cave, violon solo<\/p>\n","protected":false},"excerpt":{"rendered":"<p><strong>Haydn <em>Concerto en r\u00e9 majeur pour cor et amp; cordes<\/em><\/strong><em>, <\/em>Peter Ryan, cor |<em><br \/>\n<\/em><\/p>\n<p><strong>Mendelssohn <em>Quintette \u00e0 cordes n\u00b0 1 en la majeur |<br \/>\n<\/em><\/strong><\/p>\n<p><strong>Poulenc <em>Trio pour hautbois, basson et piano<\/em><\/strong><em>,<\/em><\/p>\n<p>Alex Franklin, hautbois |<\/p>\n<p>Jamie King, basson|<\/p>\n<p>Rebecca Taylor, piano|<\/p>\n<p><em>\u00a0-o-<\/em><\/p>\n<p><strong>Vivaldi <em>Les Quatre Saisons<br \/>\n<\/em><\/strong><\/p>\n<p>Oliver Cave, violon |<\/p>\n","protected":false},"featured_media":39628,"template":"","meta":{"_acf_changed":false,"_monsterinsights_skip_tracking":false,"_monsterinsights_sitenote_active":false,"_monsterinsights_sitenote_note":"","_monsterinsights_sitenote_category":0,"_uf_show_specific_survey":0,"_uf_disable_surveys":false,"advanced_seo_description":"","jetpack_seo_html_title":"","jetpack_seo_noindex":false},"product_brand":[],"product_cat":[447],"product_tag":[466,219,395,281],"venue":[208,210],"class_list":{"0":"post-45605","1":"product","2":"type-product","3":"status-publish","4":"has-post-thumbnail","6":"product_cat-festival-2024-fr","7":"product_tag-baroque-fr","8":"product_tag-billet-fr","9":"product_tag-concert-fr","10":"product_tag-ticket-fr","11":"venue-bagnols-en-foret","12":"venue-eglise-st-antonin","14":"first","15":"instock","16":"shipping-taxable","17":"product-type-variable"},"acf":[],"jetpack_sharing_enabled":true,"jetpack-related-posts":[{"id":45069,"url":"https:\/\/www.musique-cordiale.com\/fr\/boutique-billetterie\/2-aout-2024-19h-concert-ensemble-musique-cordiale-montauroux\/","url_meta":{"origin":45605,"position":0},"title":"2 ao\u00fbt 2024, 19h &#8211; LE CONCERTO: BACH et VIVALDI, Montauroux","author":"Jonathan Barker","date":"18\/04\/2024","format":false,"excerpt":"Le Concerto : Bach et Vivaldi | J.S. Bach: Concerto pour hautbois en r\u00e9 mineur | Alex Franklin, hautbois | C.P.E. Bach: Concerto pour violoncelle en la majeur | Will Harris, violoncelle | Vivaldi: Concerto pour Basson en sol mineur | Jamie King, Basson | Ensemble Musique-Cordiale |","rel":"","context":"Article similaire","block_context":{"text":"Article similaire","link":""},"img":{"alt_text":"","src":"https:\/\/i0.wp.com\/www.musique-cordiale.com\/wp-content\/uploads\/2024\/04\/shutterstock_1648637152.jpg?fit=1000%2C667&ssl=1&resize=350%2C200","width":350,"height":200,"srcset":"https:\/\/i0.wp.com\/www.musique-cordiale.com\/wp-content\/uploads\/2024\/04\/shutterstock_1648637152.jpg?fit=1000%2C667&ssl=1&resize=350%2C200 1x, https:\/\/i0.wp.com\/www.musique-cordiale.com\/wp-content\/uploads\/2024\/04\/shutterstock_1648637152.jpg?fit=1000%2C667&ssl=1&resize=525%2C300 1.5x, https:\/\/i0.wp.com\/www.musique-cordiale.com\/wp-content\/uploads\/2024\/04\/shutterstock_1648637152.jpg?fit=1000%2C667&ssl=1&resize=700%2C400 2x"},"classes":[]},{"id":45198,"url":"https:\/\/www.musique-cordiale.com\/programme-tickets\/9-august-2024-7pm-ensemble-musique-cordiale-bagnols-en-foret\/","url_meta":{"origin":45605,"position":1},"title":"9 August 2024, 7PM:  Vivaldi 4 Seasons, Haydn, Mendelsson &#038; Poulenc, Bagnols-en-For\u00eat","author":"Jonathan Barker","date":"20\/04\/2024","format":false,"excerpt":"Haydn Concerto In D Major for horn & strings | Peter Ryan, horn | Mendelssohn String Quintet No 1 in A major | Poulenc Trio for Oboe, Bassoon and Piano| Alex Franklin, oboe | Jamie King, bassoon| Rebecca Taylor, piano| \u00a0-o- Vivaldi The Four Seasons | Oliver Cave, violin |","rel":"","context":"Article similaire","block_context":{"text":"Article similaire","link":""},"img":{"alt_text":"","src":"https:\/\/i0.wp.com\/www.musique-cordiale.com\/wp-content\/uploads\/2023\/05\/Concert_in_Bagnols-en-Foret_France-scaled.jpg?fit=1200%2C800&ssl=1&resize=350%2C200","width":350,"height":200,"srcset":"https:\/\/i0.wp.com\/www.musique-cordiale.com\/wp-content\/uploads\/2023\/05\/Concert_in_Bagnols-en-Foret_France-scaled.jpg?fit=1200%2C800&ssl=1&resize=350%2C200 1x, https:\/\/i0.wp.com\/www.musique-cordiale.com\/wp-content\/uploads\/2023\/05\/Concert_in_Bagnols-en-Foret_France-scaled.jpg?fit=1200%2C800&ssl=1&resize=525%2C300 1.5x, https:\/\/i0.wp.com\/www.musique-cordiale.com\/wp-content\/uploads\/2023\/05\/Concert_in_Bagnols-en-Foret_France-scaled.jpg?fit=1200%2C800&ssl=1&resize=700%2C400 2x, https:\/\/i0.wp.com\/www.musique-cordiale.com\/wp-content\/uploads\/2023\/05\/Concert_in_Bagnols-en-Foret_France-scaled.jpg?fit=1200%2C800&ssl=1&resize=1050%2C600 3x"},"classes":[]},{"id":39659,"url":"https:\/\/www.musique-cordiale.com\/fr\/boutique-billetterie\/chansons-et-airs\/","url_meta":{"origin":45605,"position":2},"title":"Concert de midi, Chapelle ND de l&rsquo;Ormeau, SEILLANS &#8211; Copeland, Mozart &#038; Ibert","author":"Lyndsey","date":"02\/06\/2023","format":false,"excerpt":"Copeland - Quiet City Schubert - Trio\u00a0 a cordes Mozart Flute Quartette Ibert - Cinq pieces en trio pour hautbois, Clarinette & Basson","rel":"","context":"Article similaire","block_context":{"text":"Article similaire","link":""},"img":{"alt_text":"","src":"https:\/\/i0.wp.com\/www.musique-cordiale.com\/wp-content\/uploads\/2023\/06\/Ormeau-Seillans-2019-1.jpg?fit=583%2C1200&ssl=1&resize=350%2C200","width":350,"height":200,"srcset":"https:\/\/i0.wp.com\/www.musique-cordiale.com\/wp-content\/uploads\/2023\/06\/Ormeau-Seillans-2019-1.jpg?fit=583%2C1200&ssl=1&resize=350%2C200 1x, https:\/\/i0.wp.com\/www.musique-cordiale.com\/wp-content\/uploads\/2023\/06\/Ormeau-Seillans-2019-1.jpg?fit=583%2C1200&ssl=1&resize=525%2C300 1.5x"},"classes":[]},{"id":39398,"url":"https:\/\/www.musique-cordiale.com\/fr\/boutique-billetterie\/8-august-2023-vivaldi-piazzolla-quatre-saisons-une-soiree-de-contrastes-au-coucher-du-soleil\/","url_meta":{"origin":45605,"position":3},"title":"VIVALDI &#038; PIAZZOLLA &#8211; QUATRE SAISONS, une soir\u00e9e de contrastes au coucher du soleil sur l&rsquo;amphith\u00e9\u00e2tre et les collines voisines, 2023","author":"Jonathan Barker","date":"25\/05\/2023","format":false,"excerpt":"Les c\u00e9l\u00e8bres Quatre Saisons de d'Antonio Vivaldi, interpr\u00e9t\u00e9es par Oliver Cave\u2026. Et la remarquable version alternative de d'Astor Piazzola, le roi argentin du tango, interpr\u00e9t\u00e9e par Emma Purslow. une soir\u00e9e de musique virtuose pour cordes explorant le printemps, l'\u00e9t\u00e9, l'automne et l'hiver \u00e0 travers les perspectives contrast\u00e9es Vivaldi et Piazzolla.\u2026","rel":"","context":"Article similaire","block_context":{"text":"Article similaire","link":""},"img":{"alt_text":"","src":"https:\/\/i0.wp.com\/www.musique-cordiale.com\/wp-content\/uploads\/2023\/01\/49516009783_28e26a00da_o-1.jpg?fit=1200%2C900&ssl=1&resize=350%2C200","width":350,"height":200,"srcset":"https:\/\/i0.wp.com\/www.musique-cordiale.com\/wp-content\/uploads\/2023\/01\/49516009783_28e26a00da_o-1.jpg?fit=1200%2C900&ssl=1&resize=350%2C200 1x, https:\/\/i0.wp.com\/www.musique-cordiale.com\/wp-content\/uploads\/2023\/01\/49516009783_28e26a00da_o-1.jpg?fit=1200%2C900&ssl=1&resize=525%2C300 1.5x, https:\/\/i0.wp.com\/www.musique-cordiale.com\/wp-content\/uploads\/2023\/01\/49516009783_28e26a00da_o-1.jpg?fit=1200%2C900&ssl=1&resize=700%2C400 2x, https:\/\/i0.wp.com\/www.musique-cordiale.com\/wp-content\/uploads\/2023\/01\/49516009783_28e26a00da_o-1.jpg?fit=1200%2C900&ssl=1&resize=1050%2C600 3x"},"classes":[]},{"id":39216,"url":"https:\/\/www.musique-cordiale.com\/programme-tickets\/8-august-2023-vivaldi-piazzolla-quatre-saisons-une-soiree-de-contrastes-au-coucher-du-soleil\/","url_meta":{"origin":45605,"position":4},"title":"Concert in the amphitheatre &#8211; VIVALDI &#038; PIAZZOLLA &#8211; FOUR SEASONS, an evening of contrasts as the sun sets over the nearby hills, 21h","author":"Jonathan Barker","date":"25\/05\/2023","format":false,"excerpt":"Les c\u00e9l\u00e8bres Quatre Saisons de d'Antonio Vivaldi, interpr\u00e9t\u00e9es par Oliver Cave\u2026. Et la remarquable version alternative de d'Astor Piazzola, le roi argentin du tango, interpr\u00e9t\u00e9e par Emma Purslow. une soir\u00e9e de musique virtuose pour cordes explorant le printemps, l'\u00e9t\u00e9, l'automne et l'hiver \u00e0 travers les perspectives contrast\u00e9es Vivaldi et Piazzolla.\u2026","rel":"","context":"Article similaire","block_context":{"text":"Article similaire","link":""},"img":{"alt_text":"","src":"https:\/\/i0.wp.com\/www.musique-cordiale.com\/wp-content\/uploads\/2023\/01\/49516009783_28e26a00da_o-1-scaled.jpg?fit=1200%2C900&ssl=1&resize=350%2C200","width":350,"height":200,"srcset":"https:\/\/i0.wp.com\/www.musique-cordiale.com\/wp-content\/uploads\/2023\/01\/49516009783_28e26a00da_o-1-scaled.jpg?fit=1200%2C900&ssl=1&resize=350%2C200 1x, https:\/\/i0.wp.com\/www.musique-cordiale.com\/wp-content\/uploads\/2023\/01\/49516009783_28e26a00da_o-1-scaled.jpg?fit=1200%2C900&ssl=1&resize=525%2C300 1.5x, https:\/\/i0.wp.com\/www.musique-cordiale.com\/wp-content\/uploads\/2023\/01\/49516009783_28e26a00da_o-1-scaled.jpg?fit=1200%2C900&ssl=1&resize=700%2C400 2x, https:\/\/i0.wp.com\/www.musique-cordiale.com\/wp-content\/uploads\/2023\/01\/49516009783_28e26a00da_o-1-scaled.jpg?fit=1200%2C900&ssl=1&resize=1050%2C600 3x"},"classes":[]},{"id":39229,"url":"https:\/\/www.musique-cordiale.com\/programme-tickets\/ticket-saturday-5-august-2023-eglise-saint-antonin-bagnols-en-foret-9pm-musique-de-chambre-pour-les-vents-et-les-cordes\/","url_meta":{"origin":45605,"position":5},"title":"TICKET &#8211; Saturday 5 August 2023: E\u0301glise Saint-Antonin, BAGNOLS-en-FOR\u00caT: 9PM  MUSIQUE DE CHAMBRE POUR LES VENTS ET LES CORDES","author":"Jonathan Barker","date":"25\/05\/2023","format":false,"excerpt":"samedi 5 aou\u0302t E\u0301glise Saint-Antonin, BAGNOLS-en-FOR\u00caT: 21h MUSIQUE DE CHAMBRE POUR LES VENTS ET LES CORDES HOFFMAN\u00a0\u00a0\u00a0 \u00a0\u00a0\u00a0\u00a0\u00a0\u00a0\u00a0Se\u0301re\u0301nade pour flu\u0302te et cordes POULENC\u00a0\u00a0\u00a0\u00a0\u00a0 \u00a0\u00a0\u00a0\u00a0\u00a0\u00a0\u00a0\u00a0\u00a0\u00a0\u00a0\u00a0\u00a0Sonate pour flu\u0302te et piano Ruth Harrison, fl\u00fbte \u00a0\u00a0\u00a0\u00a0\u00a0\u00a0\u00a0\u00a0\u00a0\u00a0\u00a0\u00a0\u00a0\u00a0\u00a0\u00a0\u00a0\u00a0\u00a0\u00a0\u00a0\u00a0\u00a0\u00a0\u00a0\u00a0\u00a0\u00a0\u00a0\u00a0\u00a0\u00a0\u00a0\u00a0\u00a0\u00a0\u00a0\u00a0\u00a0\u00a0\u00a0\u00a0\u00a0 Rebecca Taylor, piano BEETHOVEN\u00a0\u00a0 \u00a0\u00a0\u00a0\u00a0\u00a0\u00a0Septuor pour vents et cordes \u20ac20","rel":"","context":"Article similaire","block_context":{"text":"Article similaire","link":""},"img":{"alt_text":"","src":"","width":0,"height":0},"classes":[]}],"_links":{"self":[{"href":"https:\/\/www.musique-cordiale.com\/fr\/wp-json\/wp\/v2\/product\/45605","targetHints":{"allow":["GET"]}}],"collection":[{"href":"https:\/\/www.musique-cordiale.com\/fr\/wp-json\/wp\/v2\/product"}],"about":[{"href":"https:\/\/www.musique-cordiale.com\/fr\/wp-json\/wp\/v2\/types\/product"}],"wp:featuredmedia":[{"embeddable":true,"href":"https:\/\/www.musique-cordiale.com\/fr\/wp-json\/wp\/v2\/media\/39628"}],"wp:attachment":[{"href":"https:\/\/www.musique-cordiale.com\/fr\/wp-json\/wp\/v2\/media?parent=45605"}],"wp:term":[{"taxonomy":"product_brand","embeddable":true,"href":"https:\/\/www.musique-cordiale.com\/fr\/wp-json\/wp\/v2\/product_brand?post=45605"},{"taxonomy":"product_cat","embeddable":true,"href":"https:\/\/www.musique-cordiale.com\/fr\/wp-json\/wp\/v2\/product_cat?post=45605"},{"taxonomy":"product_tag","embeddable":true,"href":"https:\/\/www.musique-cordiale.com\/fr\/wp-json\/wp\/v2\/product_tag?post=45605"},{"taxonomy":"venue","embeddable":true,"href":"https:\/\/www.musique-cordiale.com\/fr\/wp-json\/wp\/v2\/venue?post=45605"}],"curies":[{"name":"wp","href":"https:\/\/api.w.org\/{rel}","templated":true}]}}

9 août 2024, 19h: Vivaldi 4 Saisons, Haydn, Mendelsson &#038; Poulenc, Bagnols-en-Forêt

<p><strong>Haydn <em>Concerto en ré majeur pour cor et cordes</em></strong></p>
<p>Peter Ryan, <em>cor</em></p>
<p><strong>Mendelssohn <em>Quintette à cordes n°1 en la majeur</em></strong></p>
<p><strong>Poulenc <em>Trio for hautbois, Basson et Piano</em></strong></p>
<p>Alex Franklin, hautbois</p>
<p>Jamie King, basson</p>
<p>Rebecca Taylor, piano</p>
<p><em> -o-</em></p>
<p><strong>Vivaldi <em>Les Quatre Saisons</em></strong></p>
<p>Oliver Cave, violon solo</p>

<p><strong>Haydn <em>Concerto en ré majeur pour cor et amp; cordes</em></strong><em>, </em>Peter Ryan, cor |<em><br />
</em></p>
<p><strong>Mendelssohn <em>Quintette à cordes n° 1 en la majeur |<br />
</em></strong></p>
<p><strong>Poulenc <em>Trio pour hautbois, basson et piano</em></strong><em>,</em></p>
<p>Alex Franklin, hautbois |</p>
<p>Jamie King, basson|</p>
<p>Rebecca Taylor, piano|</p>
<p><em> -o-</em></p>
<p><strong>Vivaldi <em>Les Quatre Saisons<br />
</em></strong></p>
<p>Oliver Cave, violon |</p>

2 août 2024, 19h &#8211; LE CONCERTO: BACH et VIVALDI, Montauroux

Le Concerto : Bach et Vivaldi | J.S. Bach: Concerto pour hautbois en ré mineur | Alex Franklin, hautbois | C.P.E. Bach: Concerto pour violoncelle en la majeur | Will Harris, violoncelle | Vivaldi: Concerto pour Basson en sol mineur | Jamie King, Basson | Ensemble Musique-Cordiale |

9 August 2024, 7PM:  Vivaldi 4 Seasons, Haydn, Mendelsson &#038; Poulenc, Bagnols-en-Forêt

VIVALDI &#038; PIAZZOLLA &#8211; QUATRE SAISONS, une soirée de contrastes au coucher du soleil sur l&rsquo;amphithéâtre et les collines voisines, 2023

Les célèbres Quatre Saisons de d'Antonio Vivaldi, interprétées par Oliver Cave…. Et la remarquable version alternative de d'Astor Piazzola, le roi argentin du tango, interprétée par Emma Purslow. une soirée de musique virtuose pour cordes explorant le printemps, l'été, l'automne et l'hiver à travers les perspectives contrastées Vivaldi et Piazzolla.…

TICKET &#8211; Saturday 5 August 2023: Église Saint-Antonin, BAGNOLS-en-FORÊT: 9PM  MUSIQUE DE CHAMBRE POUR LES VENTS ET LES CORDES

samedi 5 août Église Saint-Antonin, BAGNOLS-en-FORÊT: 21h MUSIQUE DE CHAMBRE POUR LES VENTS ET LES CORDES HOFFMAN           Sérénade pour flûte et cordes POULENC                   Sonate pour flûte et piano Ruth Harrison, flûte                                             Rebecca Taylor, piano BEETHOVEN         Septuor pour vents et cordes €20
