{"id":49253,"date":"2025-05-21T13:09:16","date_gmt":"2025-05-21T13:09:16","guid":{"rendered":"https:\/\/www.musique-cordiale.com\/programme-tickets\/vernissage-exhibition-de-lart-de-paddy-lovely-salle-de-couvent-seillans-18h\/"},"modified":"2025-05-21T13:32:16","modified_gmt":"2025-05-21T13:32:16","slug":"vernissage-exhibition-de-lart-de-paddy-lovely-salle-de-couvent-seillans-18h","status":"publish","type":"product","link":"https:\/\/www.musique-cordiale.com\/fr\/boutique-billetterie\/vernissage-exhibition-de-lart-de-paddy-lovely-salle-de-couvent-seillans-18h\/","title":{"rendered":"Vernissage\u00a0: Exhibition de L\u2019art de Paddy Lovely, Salle de Couvent, SEILLANS, 18h"},"content":{"rendered":"<p><strong>GRATUIT: invitation \u00e0 un \u00e9v\u00e9nement pour pr\u00e9senter une exposition des \u0153uvres du c\u00e9l\u00e8bre artiste local<\/strong> qui a v\u00e9cu \u00e0 Seillans et qui est d\u00e9c\u00e9d\u00e9 l\u2019ann\u00e9e derni\u00e8re<br \/>\nAUCUN BILLET REQUIS<\/p>\n","protected":false},"excerpt":{"rendered":"<p>Vernissage\u00a0: Exposition de L\u2019art de Paddy Lovely, Salle de Couvent, SEILLANS, 18h<br \/>\nAUCUN BILLET REQUIS<\/p>\n","protected":false},"featured_media":49241,"template":"","meta":{"_acf_changed":false,"_monsterinsights_skip_tracking":false,"_monsterinsights_sitenote_active":false,"_monsterinsights_sitenote_note":"","_monsterinsights_sitenote_category":0,"_uf_show_specific_survey":0,"_uf_disable_surveys":false,"advanced_seo_description":"","jetpack_seo_html_title":"","jetpack_seo_noindex":false},"product_brand":[],"product_cat":[495,475],"product_tag":[],"venue":[585,222],"class_list":{"0":"post-49253","1":"product","2":"type-product","3":"status-publish","4":"has-post-thumbnail","6":"product_cat-festival-2025-fr","7":"product_cat-other-events","8":"venue-salle-de-couvent","9":"venue-seillans","11":"first","12":"instock","13":"shipping-taxable","14":"purchasable","15":"product-type-simple"},"acf":[],"jetpack_sharing_enabled":true,"jetpack-related-posts":[{"id":49238,"url":"https:\/\/www.musique-cordiale.com\/programme-tickets\/exhibition-opening-the-art-of-paddy-lovely-salle-de-couvent-seillans-6pm\/","url_meta":{"origin":49253,"position":0},"title":"Exhibition opening : The Art of Paddy Lovely, Salle de Couvent, SEILLANS, 6PM","author":"Jonathan Barker","date":"21\/05\/2025","format":false,"excerpt":"Exhibition opening : The Art of Paddy Lovely, Salle de Couvent, SEILLANS, 6PM NO TICKET REQUIRED","rel":"","context":"Article similaire","block_context":{"text":"Article similaire","link":""},"img":{"alt_text":"","src":"https:\/\/i0.wp.com\/www.musique-cordiale.com\/wp-content\/uploads\/2025\/05\/Paddy-Lovely-Bar-Charlot-SEILLANS.jpg?fit=1200%2C860&ssl=1&resize=350%2C200","width":350,"height":200,"srcset":"https:\/\/i0.wp.com\/www.musique-cordiale.com\/wp-content\/uploads\/2025\/05\/Paddy-Lovely-Bar-Charlot-SEILLANS.jpg?fit=1200%2C860&ssl=1&resize=350%2C200 1x, https:\/\/i0.wp.com\/www.musique-cordiale.com\/wp-content\/uploads\/2025\/05\/Paddy-Lovely-Bar-Charlot-SEILLANS.jpg?fit=1200%2C860&ssl=1&resize=525%2C300 1.5x, https:\/\/i0.wp.com\/www.musique-cordiale.com\/wp-content\/uploads\/2025\/05\/Paddy-Lovely-Bar-Charlot-SEILLANS.jpg?fit=1200%2C860&ssl=1&resize=700%2C400 2x, https:\/\/i0.wp.com\/www.musique-cordiale.com\/wp-content\/uploads\/2025\/05\/Paddy-Lovely-Bar-Charlot-SEILLANS.jpg?fit=1200%2C860&ssl=1&resize=1050%2C600 3x"},"classes":[]},{"id":23290,"url":"https:\/\/www.musique-cordiale.com\/fr\/boutique-billetterie\/ticket-soiree-musique-au-vignoble-12-august-2019-domaine-val-diris-seillans\/","url_meta":{"origin":49253,"position":1},"title":"BILLET: Soir\u00e9e Musique au Vignoble, (de 18h pour 19h), 12 ao\u00fbt 2019, Domaine Val d&rsquo;Iris, Seillans","author":"Jonathan Barker","date":"26\/03\/2019","format":false,"excerpt":"Lundi 12 a\u00f4ut 18.00 (pour 19h) Seillans\u00a0 Domaine Val d\u2019Iris\u00a0 \u00a0 \u00a0 \u00a0 \u00a0\u00a0 (y compris ap\u00e9ritifs et petit buffet l\u00e9ger) Soir\u00e9e Musique au Vignoble Toby Hession \u2013 piano, Isabel Pfefferkorn \u2013 voix 30\u20ac(Amis)\u00a0\/ 25\u20ac (choeur suelement)\u00a0 50\u20ac (standard)\u00a0(prix special jusqu'a 30 juillet: 40\u20ac) Des rafra\u00eechissements seront servis dans l'intervalle;\u2026","rel":"","context":"Article similaire","block_context":{"text":"Article similaire","link":""},"img":{"alt_text":"","src":"https:\/\/i0.wp.com\/www.musique-cordiale.com\/wp-content\/uploads\/2019\/03\/Van-dIris-concert-20140804_195100-scaled.jpg?fit=1200%2C675&ssl=1&resize=350%2C200","width":350,"height":200,"srcset":"https:\/\/i0.wp.com\/www.musique-cordiale.com\/wp-content\/uploads\/2019\/03\/Van-dIris-concert-20140804_195100-scaled.jpg?fit=1200%2C675&ssl=1&resize=350%2C200 1x, https:\/\/i0.wp.com\/www.musique-cordiale.com\/wp-content\/uploads\/2019\/03\/Van-dIris-concert-20140804_195100-scaled.jpg?fit=1200%2C675&ssl=1&resize=525%2C300 1.5x, https:\/\/i0.wp.com\/www.musique-cordiale.com\/wp-content\/uploads\/2019\/03\/Van-dIris-concert-20140804_195100-scaled.jpg?fit=1200%2C675&ssl=1&resize=700%2C400 2x, https:\/\/i0.wp.com\/www.musique-cordiale.com\/wp-content\/uploads\/2019\/03\/Van-dIris-concert-20140804_195100-scaled.jpg?fit=1200%2C675&ssl=1&resize=1050%2C600 3x"},"classes":[]},{"id":23286,"url":"https:\/\/www.musique-cordiale.com\/programme-tickets\/ticket-soiree-musique-au-vignoble-12-august-2019-domaine-val-diris-seillans\/","url_meta":{"origin":49253,"position":2},"title":"TICKET: Soir\u00e9e Musique au Vignoble, (de 18h pour 19h),12 August 2019, Domaine Val d&rsquo;Iris, Seillans","author":"Jonathan Barker","date":"26\/03\/2019","format":false,"excerpt":"Lundi 12 a\u00f4ut 18.00 (pour 19h) Seillans\u00a0 Domaine Val d\u2019Iris\u00a0 \u00a0 \u00a0 \u00a0 \u00a0\u00a0 (y compris ap\u00e9ritifs et petit buffet l\u00e9ger) Soir\u00e9e Musique au Vignoble Toby Hession \u2013 piano, Isabel Pfefferkorn \u2013 voix 30\u20ac(Amis)\u00a0\/ 25\u20ac (choir only)\u00a0 50\u20ac (standard)\u00a0 special price of 40\u20ac ends 30 July\u00a0\u2013 uniquement sur reservation\u00a0R\u00e9servez t\u00f4t:\u2026","rel":"","context":"Article similaire","block_context":{"text":"Article similaire","link":""},"img":{"alt_text":"","src":"https:\/\/i0.wp.com\/www.musique-cordiale.com\/wp-content\/uploads\/2019\/03\/Van-dIris-concert-20140804_195100-scaled.jpg?fit=1200%2C675&ssl=1&resize=350%2C200","width":350,"height":200,"srcset":"https:\/\/i0.wp.com\/www.musique-cordiale.com\/wp-content\/uploads\/2019\/03\/Van-dIris-concert-20140804_195100-scaled.jpg?fit=1200%2C675&ssl=1&resize=350%2C200 1x, https:\/\/i0.wp.com\/www.musique-cordiale.com\/wp-content\/uploads\/2019\/03\/Van-dIris-concert-20140804_195100-scaled.jpg?fit=1200%2C675&ssl=1&resize=525%2C300 1.5x, https:\/\/i0.wp.com\/www.musique-cordiale.com\/wp-content\/uploads\/2019\/03\/Van-dIris-concert-20140804_195100-scaled.jpg?fit=1200%2C675&ssl=1&resize=700%2C400 2x, https:\/\/i0.wp.com\/www.musique-cordiale.com\/wp-content\/uploads\/2019\/03\/Van-dIris-concert-20140804_195100-scaled.jpg?fit=1200%2C675&ssl=1&resize=1050%2C600 3x"},"classes":[]},{"id":20563,"url":"https:\/\/www.musique-cordiale.com\/fr\/boutique-billetterie\/billet-diner-individuel-veuillez-vous-inscrire-comme-membre-en-premier\/","url_meta":{"origin":49253,"position":3},"title":"BILLET D\u00eener individuel 1 ao\u00fbt 2018 (veuillez vous inscrire comme membre en premier)","author":"Jonathan Barker","date":"28\/04\/2018","format":false,"excerpt":"Des d\u00eeners sont pr\u00e9vus pour les chanteurs et les joueurs de la chorale ou de l'orchestre du Festival et pour leurs invit\u00e9s, pour les membres de l'\u00e9quipe de b\u00e9n\u00e9voles qui g\u00e8rent le festival et pour les membres du public qui souhaitent les rejoindre pour le d\u00eener. Ces repas du soir\u2026","rel":"","context":"Article similaire","block_context":{"text":"Article similaire","link":""},"img":{"alt_text":"","src":"","width":0,"height":0},"classes":[]},{"id":20589,"url":"https:\/\/www.musique-cordiale.com\/fr\/boutique-billetterie\/billet-diner-individuel-1-aout-2018-veuillez-vous-inscrire-comme-membre-en-premier-copy-copy\/","url_meta":{"origin":49253,"position":4},"title":"BILLET D\u00eener individuel 3 ao\u00fbt 2018 (veuillez vous inscrire comme membre en premier)","author":"Jonathan Barker","date":"28\/04\/2018","format":false,"excerpt":"Des d\u00eeners sont pr\u00e9vus pour les chanteurs et les joueurs de la chorale ou de l'orchestre du Festival et pour leurs invit\u00e9s, pour les membres de l'\u00e9quipe de b\u00e9n\u00e9voles qui g\u00e8rent le festival et pour les membres du public qui souhaitent les rejoindre pour le d\u00eener. Ces repas du soir\u2026","rel":"","context":"Article similaire","block_context":{"text":"Article similaire","link":""},"img":{"alt_text":"","src":"","width":0,"height":0},"classes":[]},{"id":20593,"url":"https:\/\/www.musique-cordiale.com\/fr\/boutique-billetterie\/billet-diner-individuel-1-aout-2018-veuillez-vous-inscrire-comme-membre-en-premier-copy-copy-copy-copy\/","url_meta":{"origin":49253,"position":5},"title":"BILLET D\u00eener individuel 10 ao\u00fbt 2018 (veuillez vous inscrire comme membre en premier)","author":"Jonathan Barker","date":"28\/04\/2018","format":false,"excerpt":"Des d\u00eeners sont pr\u00e9vus pour les chanteurs et les joueurs de la chorale ou de l'orchestre du Festival et pour leurs invit\u00e9s, pour les membres de l'\u00e9quipe de b\u00e9n\u00e9voles qui g\u00e8rent le festival et pour les membres du public qui souhaitent les rejoindre pour le d\u00eener. Ces repas du soir\u2026","rel":"","context":"Article similaire","block_context":{"text":"Article similaire","link":""},"img":{"alt_text":"","src":"","width":0,"height":0},"classes":[]}],"_links":{"self":[{"href":"https:\/\/www.musique-cordiale.com\/fr\/wp-json\/wp\/v2\/product\/49253","targetHints":{"allow":["GET"]}}],"collection":[{"href":"https:\/\/www.musique-cordiale.com\/fr\/wp-json\/wp\/v2\/product"}],"about":[{"href":"https:\/\/www.musique-cordiale.com\/fr\/wp-json\/wp\/v2\/types\/product"}],"wp:featuredmedia":[{"embeddable":true,"href":"https:\/\/www.musique-cordiale.com\/fr\/wp-json\/wp\/v2\/media\/49241"}],"wp:attachment":[{"href":"https:\/\/www.musique-cordiale.com\/fr\/wp-json\/wp\/v2\/media?parent=49253"}],"wp:term":[{"taxonomy":"product_brand","embeddable":true,"href":"https:\/\/www.musique-cordiale.com\/fr\/wp-json\/wp\/v2\/product_brand?post=49253"},{"taxonomy":"product_cat","embeddable":true,"href":"https:\/\/www.musique-cordiale.com\/fr\/wp-json\/wp\/v2\/product_cat?post=49253"},{"taxonomy":"product_tag","embeddable":true,"href":"https:\/\/www.musique-cordiale.com\/fr\/wp-json\/wp\/v2\/product_tag?post=49253"},{"taxonomy":"venue","embeddable":true,"href":"https:\/\/www.musique-cordiale.com\/fr\/wp-json\/wp\/v2\/venue?post=49253"}],"curies":[{"name":"wp","href":"https:\/\/api.w.org\/{rel}","templated":true}]}}

<p><strong>GRATUIT: invitation à un événement pour présenter une exposition des œuvres du célèbre artiste local</strong> qui a vécu à Seillans et qui est décédé l’année dernière<br />
AUCUN BILLET REQUIS</p>

BILLET: Soirée Musique au Vignoble, (de 18h pour 19h), 12 août 2019, Domaine Val d&rsquo;Iris, Seillans

Lundi 12 aôut 18.00 (pour 19h) Seillans  Domaine Val d’Iris           (y compris apéritifs et petit buffet léger) Soirée Musique au Vignoble Toby Hession – piano, Isabel Pfefferkorn – voix 30€(Amis) / 25€ (choeur suelement)  50€ (standard) (prix special jusqu'a 30 juillet: 40€) Des rafraîchissements seront servis dans l'intervalle;…

TICKET: Soirée Musique au Vignoble, (de 18h pour 19h),12 August 2019, Domaine Val d&rsquo;Iris, Seillans

Lundi 12 aôut 18.00 (pour 19h) Seillans  Domaine Val d’Iris           (y compris apéritifs et petit buffet léger) Soirée Musique au Vignoble Toby Hession – piano, Isabel Pfefferkorn – voix 30€(Amis) / 25€ (choir only)  50€ (standard)  special price of 40€ ends 30 July – uniquement sur reservation Réservez tôt:…

BILLET Dîner individuel 1 août 2018 (veuillez vous inscrire comme membre en premier)

Des dîners sont prévus pour les chanteurs et les joueurs de la chorale ou de l'orchestre du Festival et pour leurs invités, pour les membres de l'équipe de bénévoles qui gèrent le festival et pour les membres du public qui souhaitent les rejoindre pour le dîner. Ces repas du soir…

BILLET Dîner individuel 3 août 2018 (veuillez vous inscrire comme membre en premier)

BILLET Dîner individuel 10 août 2018 (veuillez vous inscrire comme membre en premier)
